I/ServiceManager(  281): Waiting for service AtCmdFwd...

D/Ulp_jni (  741): Location CB invoked

I/ServiceManager(  281): Waiting for service AtCmdFwd...

I/QCNEJ   ( 3012): |CORE:COM:RCVR| CNE creating socket

W/Atfwd_Sendcmd(  281): AtCmdFwd service not published, waiting... retryCnt : 2

E/CABL    ( 4267): Failed to connect to daemon socket

W/System.err( 4267): java.io.IOException: No such file or directory

W/System.err( 4267): 	at android.net.LocalSocketImpl.connectLocal(Native Method)

W/System.err( 4267): 	at android.net.LocalSocketImpl.connect(LocalSocketImpl.java:293)

W/System.err( 4267): 	at android.net.LocalSocket.connect(LocalSocket.java:130)

W/System.err( 4267): 	at com.qualcomm.cabl.CABLDaemonConnector.listenToSocket(CABLDaemonConnector.java:58)

W/System.err( 4267): 	at com.qualcomm.cabl.CABLDaemonConnector.run(CABLDaemonConnector.java:42)

W/System.err( 4267): 	at java.lang.Thread.run(Thread.java:818)

E/CABL    ( 4267): Closing the socket!

D/PPDaemon( 5293): CABL version 2.0.20140905

D/PPDaemon( 5293): isHDMIPrimary: HDMI is not primary display

E/PPDaemon( 5293): Unable to open fb type file  err:  No such file or directory

E/PPDaemon( 5293): Unable to open fb type file  err:  No such file or directory

E/PPDaemon( 5293): void openPrimaryFrameBuffer(DaemonContext&): Cannot locate the primary framebuffer

E/libplasma( 3148): OEM send socket:46, buffer length:11


E/libplasma( 3148): 


E/libplasma( 3148): RECVED:11


W/linker  ( 5294): libmmcamera_imglib.so: unused DT entry: type 0x6ffffffe arg 0x21d8

W/linker  ( 5294): libmmcamera_imglib.so: unused DT entry: type 0x6fffffff arg 0x1

I/QCNEJ   ( 3012): |CORE:COM:RCVR| CNE creating socket

E/libplasma( 3148): UDP send buffer length:23


E/CABL    ( 4267): Failed to connect to daemon socket

W/System.err( 4267): java.io.IOException: No such file or directory

W/System.err( 4267): 	at android.net.LocalSocketImpl.connectLocal(Native Method)

W/System.err( 4267): 	at android.net.LocalSocketImpl.connect(LocalSocketImpl.java:293)

W/System.err( 4267): 	at android.net.LocalSocket.connect(LocalSocket.java:130)

W/System.err( 4267): 	at com.qualcomm.cabl.CABLDaemonConnector.listenToSocket(CABLDaemonConnector.java:58)

W/System.err( 4267): 	at com.qualcomm.cabl.CABLDaemonConnector.run(CABLDaemonConnector.java:42)

W/System.err( 4267): 	at java.lang.Thread.run(Thread.java:818)

E/CABL    ( 4267): Closing the socket!

D/PPDaemon( 5300): CABL version 2.0.20140905

D/PPDaemon( 5300): isHDMIPrimary: HDMI is not primary display

E/PPDaemon( 5300): Unable to open fb type file  err:  No such file or directory

E/PPDaemon( 5300): Unable to open fb type file  err:  No such file or directory

E/PPDaemon( 5300): void openPrimaryFrameBuffer(DaemonContext&): Cannot locate the primary framebuffer

W/linker  ( 5301): libmmcamera_imglib.so: unused DT entry: type 0x6ffffffe arg 0x21d8

W/linker  ( 5301): libmmcamera_imglib.so: unused DT entry: type 0x6fffffff arg 0x1

I/QCNEJ   ( 3012): |CORE:COM:RCVR| CNE creating socket

D/Ulp_jni (  741): Location CB invoked

I/ServiceManager(  281): Waiting for service AtCmdFwd...

E/CABL    ( 4267): Failed to connect to daemon socket

W/System.err( 4267): java.io.IOException: No such file or directory

W/System.err( 4267): 	at android.net.LocalSocketImpl.connectLocal(Native Method)

W/System.err( 4267): 	at android.net.LocalSocketImpl.connect(LocalSocketImpl.java:293)

W/System.err( 4267): 	at android.net.LocalSocket.connect(LocalSocket.java:130)

W/System.err( 4267): 	at com.qualcomm.cabl.CABLDaemonConnector.listenToSocket(CABLDaemonConnector.java:58)

W/System.err( 4267): 	at com.qualcomm.cabl.CABLDaemonConnector.run(CABLDaemonConnector.java:42)

W/System.err( 4267): 	at java.lang.Thread.run(Thread.java:818)

E/CABL    ( 4267): Closing the socket!

D/PPDaemon( 5302): CABL version 2.0.20140905

D/PPDaemon( 5302): isHDMIPrimary: HDMI is not primary display

E/PPDaemon( 5302): Unable to open fb type file  err:  No such file or directory

E/PPDaemon( 5302): Unable to open fb type file  err:  No such file or directory

E/PPDaemon( 5302): void openPrimaryFrameBuffer(DaemonContext&): Cannot locate the primary framebuffer

I/ServiceManager(  281): Waiting for service AtCmdFwd...

I/QCNEJ   ( 3012): |CORE:COM:RCVR| CNE creating socket

I/ServiceManager(  281): Waiting for service AtCmdFwd...

W/linker  ( 5303): libmmcamera_imglib.so: unused DT entry: type 0x6ffffffe arg 0x21d8

W/linker  ( 5303): libmmcamera_imglib.so: unused DT entry: type 0x6fffffff arg 0x1

I/ServiceManager(  281): Waiting for service AtCmdFwd...

D/VM_BMS  (  426): wake_lock acquired

D/VM_BMS  (  426): New BMS data - Size=56

D/VM_BMS  (  426): Start process_bms_data

D/VM_BMS  (  426): For batt_temp=90 fcc_mah=2033

D/VM_BMS  (  426): For ocv=4037593 batt_temp=90 soc=88

D/VM_BMS  (  426): fifo_count=5 acc_count=0

D/VM_BMS  (  426): INIT: ocv=4037593 last_ocv=4037593 batt_temp=90 soc=88

D/VM_BMS  (  426): For soc=88 batt_temp=90 slope=10400

D/VM_BMS  (  426): For soc=88 batt_temp=90 rbatt_sf=210

D/VM_BMS  (  426): rbatt_mohm_default=138, rbatt_mohm=289, sf=210 batt_temp=90

D/VM_BMS  (  426): For ocv=4037433 batt_temp=90 soc=88

D/VM_BMS  (  426): FIFO=0 fifo_avg=4.001275 rbatt=0.289000 slope=1.040000 ibatt=0.125391 ocv=4.037433 soc=88 fcc_ah=2.033000 sample_count=128 sample_interval=70 seq_num=2

D/VM_BMS  (  426): For soc=88 batt_temp=90 slope=10400

D/VM_BMS  (  426): For soc=88 batt_temp=90 rbatt_sf=210

D/VM_BMS  (  426): rbatt_mohm_default=138, rbatt_mohm=289, sf=210 batt_temp=90

D/VM_BMS  (  426): For ocv=4037240 batt_temp=90 soc=88

D/VM_BMS  (  426): FIFO=1 fifo_avg=3.993602 rbatt=0.289000 slope=1.040000 ibatt=0.151331 ocv=4.037241 soc=88 fcc_ah=2.033000 sample_count=128 sample_interval=70 seq_num=2

D/VM_BMS  (  426): For soc=88 batt_temp=90 slope=10400

D/VM_BMS  (  426): For soc=88 batt_temp=90 rbatt_sf=210

D/VM_BMS  (  426): rbatt_mohm_default=138, rbatt_mohm=289, sf=210 batt_temp=90

D/VM_BMS  (  426): For ocv=4037089 batt_temp=90 soc=88

D/VM_BMS  (  426): FIFO=2 fifo_avg=4.003049 rbatt=0.289000 slope=1.040000 ibatt=0.118048 ocv=4.037090 soc=88 fcc_ah=2.033000 sample_count=128 sample_interval=70 seq_num=2

D/VM_BMS  (  426): For soc=88 batt_temp=90 slope=10400

D/VM_BMS  (  426): For soc=88 batt_temp=90 rbatt_sf=210

D/VM_BMS  (  426): rbatt_mohm_default=138, rbatt_mohm=289, sf=210 batt_temp=90

D/VM_BMS  (  426): For ocv=4036890 batt_temp=90 soc=88

D/VM_BMS  (  426): FIFO=3 fifo_avg=3.991831 rbatt=0.289000 slope=1.040000 ibatt=0.156257 ocv=4.036890 soc=88 fcc_ah=2.033000 sample_count=128 sample_interval=70 seq_num=2

D/VM_BMS  (  426): For soc=88 batt_temp=90 slope=10400

D/VM_BMS  (  426): For soc=88 batt_temp=90 rbatt_sf=210

D/VM_BMS  (  426): rbatt_mohm_default=138, rbatt_mohm=289, sf=210 batt_temp=90

D/VM_BMS  (  426): For ocv=4036727 batt_temp=90 soc=88

D/VM_BMS  (  426): FIFO=4 fifo_avg=3.999799 rbatt=0.289000 slope=1.040000 ibatt=0.128061 ocv=4.036727 soc=88 fcc_ah=2.033000 sample_count=128 sample_interval=70 seq_num=2

I/VM_BMS  (  426): power_supply_update: ocv_uv=4036727 ibatt=128060 soc=88 seq_num=2

D/VM_BMS  (  426): End process_bms_data

D/VM_BMS  (  426): wake_lock released

I/ServiceManager(  281): Waiting for service AtCmdFwd...

E/libplasma( 3148): UDP send buffer length:23


W/Atfwd_Sendcmd(  281): AtCmdFwd service not published, waiting... retryCnt : 3

E/CABL    ( 4267): Failed to connect to daemon socket

W/System.err( 4267): java.io.IOException: No such file or directory

W/System.err( 4267): 	at android.net.LocalSocketImpl.connectLocal(Native Method)

W/System.err( 4267): 	at android.net.LocalSocketImpl.connect(LocalSocketImpl.java:293)

W/System.err( 4267): 	at android.net.LocalSocket.connect(LocalSocket.java:130)

W/System.err( 4267): 	at com.qualcomm.cabl.CABLDaemonConnector.listenToSocket(CABLDaemonConnector.java:58)

W/System.err( 4267): 	at com.qualcomm.cabl.CABLDaemonConnector.run(CABLDaemonConnector.java:42)

W/System.err( 4267): 	at java.lang.Thread.run(Thread.java:818)

E/CABL    ( 4267): Closing the socket!

D/PPDaemon( 5309): CABL version 2.0.20140905

D/PPDaemon( 5309): isHDMIPrimary: HDMI is not primary display

E/PPDaemon( 5309): Unable to open fb type file  err:  No such file or directory

E/PPDaemon( 5309): Unable to open fb type file  err:  No such file or directory

E/PPDaemon( 5309): void openPrimaryFrameBuffer(DaemonContext&): Cannot locate the primary framebuffer

I/QCNEJ   ( 3012): |CORE:COM:RCVR| CNE creating socket

W/linker  ( 5310): libmmcamera_imglib.so: unused DT entry: type 0x6ffffffe arg 0x21d8

W/linker  ( 5310): libmmcamera_imglib.so: unused DT entry: type 0x6fffffff arg 0x1

D/Ulp_jni (  741): Location CB invoked

I/QCNEJ   ( 3012): |CORE:COM:RCVR| CNE creating socket

E/CABL    ( 4267): Failed to connect to daemon socket

W/System.err( 4267): java.io.IOException: No such file or directory

W/System.err( 4267): 	at android.net.LocalSocketImpl.connectLocal(Native Method)

W/System.err( 4267): 	at android.net.LocalSocketImpl.connect(LocalSocketImpl.java:293)

W/System.err( 4267): 	at android.net.LocalSocket.connect(LocalSocket.java:130)

W/System.err( 4267): 	at com.qualcomm.cabl.CABLDaemonConnector.listenToSocket(CABLDaemonConnector.java:58)

W/System.err( 4267): 	at com.qualcomm.cabl.CABLDaemonConnector.run(CABLDaemonConnector.java:42)

W/System.err( 4267): 	at java.lang.Thread.run(Thread.java:818)

E/CABL    ( 4267): Closing the socket!

D/PPDaemon( 5311): CABL version 2.0.20140905

D/PPDaemon( 5311): isHDMIPrimary: HDMI is not primary display

E/PPDaemon( 5311): Unable to open fb type file  err:  No such file or directory

E/PPDaemon( 5311): Unable to open fb type file  err:  No such file or directory

E/PPDaemon( 5311): void openPrimaryFrameBuffer(DaemonContext&): Cannot locate the primary framebuffer

E/libplasma( 3148): OEM send socket:46, buffer length:11


E/libplasma( 3148): 


E/libplasma( 3148): RECVED:11


W/linker  ( 5312): libmmcamera_imglib.so: unused DT entry: type 0x6ffffffe arg 0x21d8

W/linker  ( 5312): libmmcamera_imglib.so: unused DT entry: type 0x6fffffff arg 0x1

I/QCNEJ   ( 3012): |CORE:COM:RCVR| CNE creating socket

E/libplasma( 3148): UDP send buffer length:23


E/CABL    ( 4267): Failed to connect to daemon socket

W/System.err( 4267): java.io.IOException: No such file or directory

W/System.err( 4267): 	at android.net.LocalSocketImpl.connectLocal(Native Method)

W/System.err( 4267): 	at android.net.LocalSocketImpl.connect(LocalSocketImpl.java:293)

W/System.err( 4267): 	at android.net.LocalSocket.connect(LocalSocket.java:130)

W/System.err( 4267): 	at com.qualcomm.cabl.CABLDaemonConnector.listenToSocket(CABLDaemonConnector.java:58)

W/System.err( 4267): 	at com.qualcomm.cabl.CABLDaemonConnector.run(CABLDaemonConnector.java:42)

W/System.err( 4267): 	at java.lang.Thread.run(Thread.java:818)

E/CABL    ( 4267): Closing the socket!

D/PPDaemon( 5318): CABL version 2.0.20140905

D/PPDaemon( 5318): isHDMIPrimary: HDMI is not primary display

E/PPDaemon( 5318): Unable to open fb type file  err:  No such file or directory

E/PPDaemon( 5318): Unable to open fb type file  err:  No such file or directory

E/PPDaemon( 5318): void openPrimaryFrameBuffer(DaemonContext&): Cannot locate the primary framebuffer

W/linker  ( 5319): libmmcamera_imglib.so: unused DT entry: type 0x6ffffffe arg 0x21d8

W/linker  ( 5319): libmmcamera_imglib.so: unused DT entry: type 0x6fffffff arg 0x1

I/QCNEJ   ( 3012): |CORE:COM:RCVR| CNE creating socket

D/Ulp_jni (  741): Location CB invoked

I/ServiceManager(  281): Waiting for service AtCmdFwd...

E/CABL    ( 4267): Failed to connect to daemon socket

W/System.err( 4267): java.io.IOException: No such file or directory

W/System.err( 4267): 	at android.net.LocalSocketImpl.connectLocal(Native Method)

W/System.err( 4267): 	at android.net.LocalSocketImpl.connect(LocalSocketImpl.java:293)

W/System.err( 4267): 	at android.net.LocalSocket.connect(LocalSocket.java:130)

W/System.err( 4267): 	at com.qualcomm.cabl.CABLDaemonConnector.listenToSocket(CABLDaemonConnector.java:58)

W/System.err( 4267): 	at com.qualcomm.cabl.CABLDaemonConnector.run(CABLDaemonConnector.java:42)

W/System.err( 4267): 	at java.lang.Thread.run(Thread.java:818)

E/CABL    ( 4267): Closing the socket!

D/PPDaemon( 5320): CABL version 2.0.20140905

D/PPDaemon( 5320): isHDMIPrimary: HDMI is not primary display

E/PPDaemon( 5320): Unable to open fb type file  err:  No such file or directory

E/PPDaemon( 5320): Unable to open fb type file  err:  No such file or directory

E/PPDaemon( 5320): void openPrimaryFrameBuffer(DaemonContext&): Cannot locate the primary framebuffer

I/ServiceManager(  281): Waiting for service AtCmdFwd...

I/QCNEJ   ( 3012): |CORE:COM:RCVR| CNE creating socket

I/ServiceManager(  281): Waiting for service AtCmdFwd...

W/linker  ( 5321): libmmcamera_imglib.so: unused DT entry: type 0x6ffffffe arg 0x21d8

W/linker  ( 5321): libmmcamera_imglib.so: unused DT entry: type 0x6fffffff arg 0x1

I/ServiceManager(  281): Waiting for service AtCmdFwd...

I/ServiceManager(  281): Waiting for service AtCmdFwd...

E/libplasma( 3148): UDP send buffer length:23


W/Atfwd_Sendcmd(  281): AtCmdFwd service not published, waiting... retryCnt : 4

E/CABL    ( 4267): Failed to connect to daemon socket

W/System.err( 4267): java.io.IOException: No such file or directory

W/System.err( 4267): 	at android.net.LocalSocketImpl.connectLocal(Native Method)

W/System.err( 4267): 	at android.net.LocalSocketImpl.connect(LocalSocketImpl.java:293)

W/System.err( 4267): 	at android.net.LocalSocket.connect(LocalSocket.java:130)

W/System.err( 4267): 	at com.qualcomm.cabl.CABLDaemonConnector.listenToSocket(CABLDaemonConnector.java:58)

W/System.err( 4267): 	at com.qualcomm.cabl.CABLDaemonConnector.run(CABLDaemonConnector.java:42)

W/System.err( 4267): 	at java.lang.Thread.run(Thread.java:818)

E/CABL    ( 4267): Closing the socket!

I/QCNEJ   ( 3012): |CORE:COM:RCVR| CNE creating socket

D/PPDaemon( 5327): CABL version 2.0.20140905

D/PPDaemon( 5327): isHDMIPrimary: HDMI is not primary display

E/PPDaemon( 5327): Unable to open fb type file  err:  No such file or directory

E/PPDaemon( 5327): Unable to open fb type file  err:  No such file or directory

E/PPDaemon( 5327): void openPrimaryFrameBuffer(DaemonContext&): Cannot locate the primary framebuffer

W/linker  ( 5328): libmmcamera_imglib.so: unused DT entry: type 0x6ffffffe arg 0x21d8

W/linker  ( 5328): libmmcamera_imglib.so: unused DT entry: type 0x6fffffff arg 0x1

D/Ulp_jni (  741): Location CB invoked

I/QCNEJ   ( 3012): |CORE:COM:RCVR| CNE creating socket

E/CABL    ( 4267): Failed to connect to daemon socket

W/System.err( 4267): java.io.IOException: No such file or directory

W/System.err( 4267): 	at android.net.LocalSocketImpl.connectLocal(Native Method)

W/System.err( 4267): 	at android.net.LocalSocketImpl.connect(LocalSocketImpl.java:293)

W/System.err( 4267): 	at android.net.LocalSocket.connect(LocalSocket.java:130)

W/System.err( 4267): 	at com.qualcomm.cabl.CABLDaemonConnector.listenToSocket(CABLDaemonConnector.java:58)

W/System.err( 4267): 	at com.qualcomm.cabl.CABLDaemonConnector.run(CABLDaemonConnector.java:42)

W/System.err( 4267): 	at java.lang.Thread.run(Thread.java:818)

E/CABL    ( 4267): Closing the socket!

D/PPDaemon( 5329): CABL version 2.0.20140905

D/PPDaemon( 5329): isHDMIPrimary: HDMI is not primary display

E/PPDaemon( 5329): Unable to open fb type file  err:  No such file or directory

E/PPDaemon( 5329): Unable to open fb type file  err:  No such file or directory

E/PPDaemon( 5329): void openPrimaryFrameBuffer(DaemonContext&): Cannot locate the primary framebuffer

E/libplasma( 3148): OEM send socket:46, buffer length:11


E/libplasma( 3148): 


E/libplasma( 3148): RECVED:11


W/linker  ( 5330): libmmcamera_imglib.so: unused DT entry: type 0x6ffffffe arg 0x21d8

W/linker  ( 5330): libmmcamera_imglib.so: unused DT entry: type 0x6fffffff arg 0x1

I/QCNEJ   ( 3012): |CORE:COM:RCVR| CNE creating socket

E/libplasma( 3148): UDP send buffer length:23


E/CABL    ( 4267): Failed to connect to daemon socket

W/System.err( 4267): java.io.IOException: No such file or directory

W/System.err( 4267): 	at android.net.LocalSocketImpl.connectLocal(Native Method)

W/System.err( 4267): 	at android.net.LocalSocketImpl.connect(LocalSocketImpl.java:293)

W/System.err( 4267): 	at android.net.LocalSocket.connect(LocalSocket.java:130)

W/System.err( 4267): 	at com.qualcomm.cabl.CABLDaemonConnector.listenToSocket(CABLDaemonConnector.java:58)

W/System.err( 4267): 	at com.qualcomm.cabl.CABLDaemonConnector.run(CABLDaemonConnector.java:42)

W/System.err( 4267): 	at java.lang.Thread.run(Thread.java:818)

E/CABL    ( 4267): Closing the socket!

D/PPDaemon( 5336): CABL version 2.0.20140905

D/PPDaemon( 5336): isHDMIPrimary: HDMI is not primary display

E/PPDaemon( 5336): Unable to open fb type file  err:  No such file or directory

E/PPDaemon( 5336): Unable to open fb type file  err:  No such file or directory

E/PPDaemon( 5336): void openPrimaryFrameBuffer(DaemonContext&): Cannot locate the primary framebuffer

I/QCNEJ   ( 3012): |CORE:COM:RCVR| CNE creating socket

W/linker  ( 5337): libmmcamera_imglib.so: unused DT entry: type 0x6ffffffe arg 0x21d8

W/linker  ( 5337): libmmcamera_imglib.so: unused DT entry: type 0x6fffffff arg 0x1

D/Ulp_jni (  741): Location CB invoked

D/PPDaemon( 5338): CABL version 2.0.20140905

D/PPDaemon( 5338): isHDMIPrimary: HDMI is not primary display

E/PPDaemon( 5338): Unable to open fb type file  err:  No such file or directory

E/PPDaemon( 5338): Unable to open fb type file  err:  No such file or directory

E/PPDaemon( 5338): void openPrimaryFrameBuffer(DaemonContext&): Cannot locate the primary framebuffer

E/CABL    ( 4267): Failed to connect to daemon socket

W/System.err( 4267): java.io.IOException: No such file or directory

W/System.err( 4267): 	at android.net.LocalSocketImpl.connectLocal(Native Method)

W/System.err( 4267): 	at android.net.LocalSocketImpl.connect(LocalSocketImpl.java:293)

W/System.err( 4267): 	at android.net.LocalSocket.connect(LocalSocket.java:130)

W/System.err( 4267): 	at com.qualcomm.cabl.CABLDaemonConnector.listenToSocket(CABLDaemonConnector.java:58)

W/System.err( 4267): 	at com.qualcomm.cabl.CABLDaemonConnector.run(CABLDaemonConnector.java:42)

W/System.err( 4267): 	at java.lang.Thread.run(Thread.java:818)

E/CABL    ( 4267): Closing the socket!

I/QCNEJ   ( 3012): |CORE:COM:RCVR| CNE creating socket

W/linker  ( 5339): libmmcamera_imglib.so: unused DT entry: type 0x6ffffffe arg 0x21d8

W/linker  ( 5339): libmmcamera_imglib.so: unused DT entry: type 0x6fffffff arg 0x1

D/PPDaemon( 5340): CABL version 2.0.20140905

D/PPDaemon( 5340): isHDMIPrimary: HDMI is not primary display

E/PPDaemon( 5340): Unable to open fb type file  err:  No such file or directory

E/PPDaemon( 5340): Unable to open fb type file  err:  No such file or directory

E/PPDaemon( 5340): void openPrimaryFrameBuffer(DaemonContext&): Cannot locate the primary framebuffer

I/ServiceManager(  281): Waiting for service AtCmdFwd...

E/libplasma( 3148): UDP send buffer length:23


E/CABL    ( 4267): Failed to connect to daemon socket

W/System.err( 4267): java.io.IOException: No such file or directory

W/System.err( 4267): 	at android.net.LocalSocketImpl.connectLocal(Native Method)

W/System.err( 4267): 	at android.net.LocalSocketImpl.connect(LocalSocketImpl.java:293)

W/System.err( 4267): 	at android.net.LocalSocket.connect(LocalSocket.java:130)

W/System.err( 4267): 	at com.qualcomm.cabl.CABLDaemonConnector.listenToSocket(CABLDaemonConnector.java:58)

W/System.err( 4267): 	at com.qualcomm.cabl.CABLDaemonConnector.run(CABLDaemonConnector.java:42)

W/System.err( 4267): 	at java.lang.Thread.run(Thread.java:818)

E/CABL    ( 4267): Closing the socket!

I/QCNEJ   ( 3012): |CORE:COM:RCVR| CNE creating socket

I/ServiceManager(  281): Waiting for service AtCmdFwd...

W/linker  ( 5349): libmmcamera_imglib.so: unused DT entry: type 0x6ffffffe arg 0x21d8

W/linker  ( 5349): libmmcamera_imglib.so: unused DT entry: type 0x6fffffff arg 0x1

I/ServiceManager(  281): Waiting for service AtCmdFwd...

I/ServiceManager(  281): Waiting for service AtCmdFwd...

D/Ulp_jni (  741): Location CB invoked

I/ServiceManager(  281): Waiting for service AtCmdFwd...

I/QCNEJ   ( 3012): |CORE:COM:RCVR| CNE creating socket

D/PPDaemon( 5350): CABL version 2.0.20140905

D/PPDaemon( 5350): isHDMIPrimary: HDMI is not primary display

E/PPDaemon( 5350): Unable to open fb type file  err:  No such file or directory

E/PPDaemon( 5350): Unable to open fb type file  err:  No such file or directory

E/PPDaemon( 5350): void openPrimaryFrameBuffer(DaemonContext&): Cannot locate the primary framebuffer

W/Atfwd_Sendcmd(  281): AtCmdFwd service not published, waiting... retryCnt : 5

E/CABL    ( 4267): Failed to connect to daemon socket

W/System.err( 4267): java.io.IOException: No such file or directory

W/System.err( 4267): 	at android.net.LocalSocketImpl.connectLocal(Native Method)

W/System.err( 4267): 	at android.net.LocalSocketImpl.connect(LocalSocketImpl.java:293)

W/System.err( 4267): 	at android.net.LocalSocket.connect(LocalSocket.java:130)

W/System.err( 4267): 	at com.qualcomm.cabl.CABLDaemonConnector.listenToSocket(CABLDaemonConnector.java:58)

W/System.err( 4267): 	at com.qualcomm.cabl.CABLDaemonConnector.run(CABLDaemonConnector.java:42)

W/System.err( 4267): 	at java.lang.Thread.run(Thread.java:818)

E/CABL    ( 4267): Closing the socket!

D/VM_BMS  (  426): wake_lock acquired

D/VM_BMS  (  426): New BMS data - Size=56

D/VM_BMS  (  426): Start process_bms_data

D/VM_BMS  (  426): For batt_temp=90 fcc_mah=2033

D/VM_BMS  (  426): For ocv=4036727 batt_temp=90 soc=88

D/VM_BMS  (  426): fifo_count=5 acc_count=0

D/VM_BMS  (  426): INIT: ocv=4036727 last_ocv=4036727 batt_temp=90 soc=88

D/VM_BMS  (  426): For soc=88 batt_temp=90 slope=10400

D/VM_BMS  (  426): For soc=88 batt_temp=90 rbatt_sf=210

D/VM_BMS  (  426): rbatt_mohm_default=138, rbatt_mohm=289, sf=210 batt_temp=90

D/VM_BMS  (  426): For ocv=4036540 batt_temp=90 soc=88

D/VM_BMS  (  426): FIFO=0 fifo_avg=3.994232 rbatt=0.289000 slope=1.040000 ibatt=0.146718 ocv=4.036540 soc=88 fcc_ah=2.033000 sample_count=128 sample_interval=70 seq_num=3

D/VM_BMS  (  426): For soc=88 batt_temp=90 slope=10400

D/VM_BMS  (  426): For soc=88 batt_temp=90 rbatt_sf=210

D/VM_BMS  (  426): rbatt_mohm_default=138, rbatt_mohm=289, sf=210 batt_temp=90

D/VM_BMS  (  426): For ocv=4036385 batt_temp=90 soc=88

D/VM_BMS  (  426): FIFO=1 fifo_avg=4.001314 rbatt=0.289000 slope=1.040000 ibatt=0.121621 ocv=4.036385 soc=88 fcc_ah=2.033000 sample_count=128 sample_interval=70 seq_num=3

D/VM_BMS  (  426): For soc=88 batt_temp=90 slope=10400

D/VM_BMS  (  426): For soc=88 batt_temp=90 rbatt_sf=210

D/VM_BMS  (  426): rbatt_mohm_default=138, rbatt_mohm=289, sf=210 batt_temp=90

D/VM_BMS  (  426): For ocv=4036213 batt_temp=90 soc=88

D/VM_BMS  (  426): FIFO=2 fifo_avg=3.997476 rbatt=0.289000 slope=1.040000 ibatt=0.134337 ocv=4.036214 soc=88 fcc_ah=2.033000 sample_count=128 sample_interval=70 seq_num=3

D/VM_BMS  (  426): For soc=88 batt_temp=90 slope=10400

D/VM_BMS  (  426): For soc=88 batt_temp=90 rbatt_sf=210

D/VM_BMS  (  426): rbatt_mohm_default=138, rbatt_mohm=289, sf=210 batt_temp=90

D/VM_BMS  (  426): For ocv=4036049 batt_temp=90 soc=88

D/VM_BMS  (  426): FIFO=3 fifo_avg=3.998953 rbatt=0.289000 slope=1.040000 ibatt=0.128643 ocv=4.036049 soc=88 fcc_ah=2.033000 sample_count=128 sample_interval=70 seq_num=3

D/VM_BMS  (  426): For soc=88 batt_temp=90 slope=10400

D/VM_BMS  (  426): For soc=88 batt_temp=90 rbatt_sf=210

D/VM_BMS  (  426): rbatt_mohm_default=138, rbatt_mohm=289, sf=210 batt_temp=90

D/VM_BMS  (  426): For ocv=4035864 batt_temp=90 soc=88

D/VM_BMS  (  426): FIFO=4 fifo_avg=3.993935 rbatt=0.289000 slope=1.040000 ibatt=0.145402 ocv=4.035864 soc=88 fcc_ah=2.033000 sample_count=128 sample_interval=70 seq_num=3

I/VM_BMS  (  426): power_supply_update: ocv_uv=4035864 ibatt=145402 soc=88 seq_num=3

D/VM_BMS  (  426): End process_bms_data

D/VM_BMS  (  426): wake_lock released

E/libplasma( 3148): OEM send socket:46, buffer length:11


E/libplasma( 3148): 


E/libplasma( 3148): RECVED:11


W/linker  ( 5351): libmmcamera_imglib.so: unused DT entry: type 0x6ffffffe arg 0x21d8

W/linker  ( 5351): libmmcamera_imglib.so: unused DT entry: type 0x6fffffff arg 0x1

I/QCNEJ   ( 3012): |CORE:COM:RCVR| CNE creating socket

D/PPDaemon( 5357): CABL version 2.0.20140905

D/PPDaemon( 5357): isHDMIPrimary: HDMI is not primary display

E/PPDaemon( 5357): Unable to open fb type file  err:  No such file or directory

E/PPDaemon( 5357): Unable to open fb type file  err:  No such file or directory

E/PPDaemon( 5357): void openPrimaryFrameBuffer(DaemonContext&): Cannot locate the primary framebuffer

E/CABL    ( 4267): Failed to connect to daemon socket

W/System.err( 4267): java.io.IOException: No such file or directory

W/System.err( 4267): 	at android.net.LocalSocketImpl.connectLocal(Native Method)

W/System.err( 4267): 	at android.net.LocalSocketImpl.connect(LocalSocketImpl.java:293)

W/System.err( 4267): 	at android.net.LocalSocket.connect(LocalSocket.java:130)

W/System.err( 4267): 	at com.qualcomm.cabl.CABLDaemonConnector.listenToSocket(CABLDaemonConnector.java:58)

W/System.err( 4267): 	at com.qualcomm.cabl.CABLDaemonConnector.run(CABLDaemonConnector.java:42)

W/System.err( 4267): 	at java.lang.Thread.run(Thread.java:818)

E/CABL    ( 4267): Closing the socket!

E/libplasma( 3148): UDP send buffer length:23


W/linker  ( 5358): libmmcamera_imglib.so: unused DT entry: type 0x6ffffffe arg 0x21d8

W/linker  ( 5358): libmmcamera_imglib.so: unused DT entry: type 0x6fffffff arg 0x1

I/QCNEJ   ( 3012): |CORE:COM:RCVR| CNE creating socket

D/Ulp_jni (  741): Location CB invoked

D/PPDaemon( 5359): CABL version 2.0.20140905

D/PPDaemon( 5359): isHDMIPrimary: HDMI is not primary display

E/PPDaemon( 5359): Unable to open fb type file  err:  No such file or directory

E/PPDaemon( 5359): Unable to open fb type file  err:  No such file or directory

E/PPDaemon( 5359): void openPrimaryFrameBuffer(DaemonContext&): Cannot locate the primary framebuffer

E/CABL    ( 4267): Failed to connect to daemon socket

W/System.err( 4267): java.io.IOException: No such file or directory

W/System.err( 4267): 	at android.net.LocalSocketImpl.connectLocal(Native Method)

W/System.err( 4267): 	at android.net.LocalSocketImpl.connect(LocalSocketImpl.java:293)

W/System.err( 4267): 	at android.net.LocalSocket.connect(LocalSocket.java:130)

W/System.err( 4267): 	at com.qualcomm.cabl.CABLDaemonConnector.listenToSocket(CABLDaemonConnector.java:58)

W/System.err( 4267): 	at com.qualcomm.cabl.CABLDaemonConnector.run(CABLDaemonConnector.java:42)

W/System.err( 4267): 	at java.lang.Thread.run(Thread.java:818)

E/CABL    ( 4267): Closing the socket!

I/QCNEJ   ( 3012): |CORE:COM:RCVR| CNE creating socket

W/linker  ( 5360): libmmcamera_imglib.so: unused DT entry: type 0x6ffffffe arg 0x21d8

W/linker  ( 5360): libmmcamera_imglib.so: unused DT entry: type 0x6fffffff arg 0x1

D/PPDaemon( 5366): CABL version 2.0.20140905

D/PPDaemon( 5366): isHDMIPrimary: HDMI is not primary display

E/PPDaemon( 5366): Unable to open fb type file  err:  No such file or directory

E/PPDaemon( 5366): Unable to open fb type file  err:  No such file or directory

E/PPDaemon( 5366): void openPrimaryFrameBuffer(DaemonContext&): Cannot locate the primary framebuffer

E/CABL    ( 4267): Failed to connect to daemon socket

W/System.err( 4267): java.io.IOException: No such file or directory

W/System.err( 4267): 	at android.net.LocalSocketImpl.connectLocal(Native Method)

W/System.err( 4267): 	at android.net.LocalSocketImpl.connect(LocalSocketImpl.java:293)

W/System.err( 4267): 	at android.net.LocalSocket.connect(LocalSocket.java:130)

W/System.err( 4267): 	at com.qualcomm.cabl.CABLDaemonConnector.listenToSocket(CABLDaemonConnector.java:58)

W/System.err( 4267): 	at com.qualcomm.cabl.CABLDaemonConnector.run(CABLDaemonConnector.java:42)

W/System.err( 4267): 	at java.lang.Thread.run(Thread.java:818)

E/CABL    ( 4267): Closing the socket!

I/QCNEJ   ( 3012): |CORE:COM:RCVR| CNE creating socket

E/libplasma( 3148): UDP send buffer length:23


W/linker  ( 5367): libmmcamera_imglib.so: unused DT entry: type 0x6ffffffe arg 0x21d8

W/linker  ( 5367): libmmcamera_imglib.so: unused DT entry: type 0x6fffffff arg 0x1

D/Ulp_jni (  741): Location CB invoked

I/QCNEJ   ( 3012): |CORE:COM:RCVR| CNE creating socket

D/PPDaemon( 5368): CABL version 2.0.20140905

D/PPDaemon( 5368): isHDMIPrimary: HDMI is not primary display

E/PPDaemon( 5368): Unable to open fb type file  err:  No such file or directory

E/PPDaemon( 5368): Unable to open fb type file  err:  No such file or directory

E/PPDaemon( 5368): void openPrimaryFrameBuffer(DaemonContext&): Cannot locate the primary framebuffer

E/CABL    ( 4267): Failed to connect to daemon socket

W/System.err( 4267): java.io.IOException: No such file or directory

W/System.err( 4267): 	at android.net.LocalSocketImpl.connectLocal(Native Method)

W/System.err( 4267): 	at android.net.LocalSocketImpl.connect(LocalSocketImpl.java:293)

W/System.err( 4267): 	at android.net.LocalSocket.connect(LocalSocket.java:130)

W/System.err( 4267): 	at com.qualcomm.cabl.CABLDaemonConnector.listenToSocket(CABLDaemonConnector.java:58)

W/System.err( 4267): 	at com.qualcomm.cabl.CABLDaemonConnector.run(CABLDaemonConnector.java:42)

W/System.err( 4267): 	at java.lang.Thread.run(Thread.java:818)

E/CABL    ( 4267): Closing the socket!

E/libplasma( 3148): OEM send socket:46, buffer length:11


E/libplasma( 3148): 


E/libplasma( 3148): RECVED:11


W/linker  ( 5369): libmmcamera_imglib.so: unused DT entry: type 0x6ffffffe arg 0x21d8

W/linker  ( 5369): libmmcamera_imglib.so: unused DT entry: type 0x6fffffff arg 0x1

I/QCNEJ   ( 3012): |CORE:COM:RCVR| CNE creating socket

I/Atfwd_Sendcmd(  281): AtCmdFwd service not ready - Exhausted retry attempts - :6

I/Atfwd_Daemon(  281): result : -1 	 ,Init step :2 	 ,qmiErrorCode: 0

D/PPDaemon( 5375): CABL version 2.0.20140905

D/PPDaemon( 5375): isHDMIPrimary: HDMI is not primary display

E/PPDaemon( 5375): Unable to open fb type file  err:  No such file or directory

E/PPDaemon( 5375): Unable to open fb type file  err:  No such file or directory

E/PPDaemon( 5375): void openPrimaryFrameBuffer(DaemonContext&): Cannot locate the primary framebuffer

E/CABL    ( 4267): Failed to connect to daemon socket

W/System.err( 4267): java.io.IOException: No such file or directory

W/System.err( 4267): 	at android.net.LocalSocketImpl.connectLocal(Native Method)

W/System.err( 4267): 	at android.net.LocalSocketImpl.connect(LocalSocketImpl.java:293)

W/System.err( 4267): 	at android.net.LocalSocket.connect(LocalSocket.java:130)

W/System.err( 4267): 	at com.qualcomm.cabl.CABLDaemonConnector.listenToSocket(CABLDaemonConnector.java:58)

W/System.err( 4267): 	at com.qualcomm.cabl.CABLDaemonConnector.run(CABLDaemonConnector.java:42)

W/System.err( 4267): 	at java.lang.Thread.run(Thread.java:818)

E/CABL    ( 4267): Closing the socket!

E/libplasma( 3148): UDP send buffer length:23


W/linker  ( 5376): libmmcamera_imglib.so: unused DT entry: type 0x6ffffffe arg 0x21d8

W/linker  ( 5376): libmmcamera_imglib.so: unused DT entry: type 0x6fffffff arg 0x1

I/QCNEJ   ( 3012): |CORE:COM:RCVR| CNE creating socket

D/Ulp_jni (  741): Location CB invoked

E/CABL    ( 4267): Failed to connect to daemon socket

W/System.err( 4267): java.io.IOException: No such file or directory

W/System.err( 4267): 	at android.net.LocalSocketImpl.connectLocal(Native Method)

W/System.err( 4267): 	at android.net.LocalSocketImpl.connect(LocalSocketImpl.java:293)

W/System.err( 4267): 	at android.net.LocalSocket.connect(LocalSocket.java:130)

W/System.err( 4267): 	at com.qualcomm.cabl.CABLDaemonConnector.listenToSocket(CABLDaemonConnector.java:58)

W/System.err( 4267): 	at com.qualcomm.cabl.CABLDaemonConnector.run(CABLDaemonConnector.java:42)

W/System.err( 4267): 	at java.lang.Thread.run(Thread.java:818)

E/CABL    ( 4267): Closing the socket!

D/PPDaemon( 5377): CABL version 2.0.20140905

D/PPDaemon( 5377): isHDMIPrimary: HDMI is not primary display

E/PPDaemon( 5377): Unable to open fb type file  err:  No such file or directory

E/PPDaemon( 5377): Unable to open fb type file  err:  No such file or directory

E/PPDaemon( 5377): void openPrimaryFrameBuffer(DaemonContext&): Cannot locate the primary framebuffer

I/QCNEJ   ( 3012): |CORE:COM:RCVR| CNE creating socket

W/linker  ( 5378): libmmcamera_imglib.so: unused DT entry: type 0x6ffffffe arg 0x21d8

W/linker  ( 5378): libmmcamera_imglib.so: unused DT entry: type 0x6fffffff arg 0x1

I/ServiceManager(  281): Waiting for service AtCmdFwd...

E/CABL    ( 4267): Failed to connect to daemon socket

W/System.err( 4267): java.io.IOException: No such file or directory

W/System.err( 4267): 	at android.net.LocalSocketImpl.connectLocal(Native Method)

W/System.err( 4267): 	at android.net.LocalSocketImpl.connect(LocalSocketImpl.java:293)

W/System.err( 4267): 	at android.net.LocalSocket.connect(LocalSocket.java:130)

W/System.err( 4267): 	at com.qualcomm.cabl.CABLDaemonConnector.listenToSocket(CABLDaemonConnector.java:58)

W/System.err( 4267): 	at com.qualcomm.cabl.CABLDaemonConnector.run(CABLDaemonConnector.java:42)

W/System.err( 4267): 	at java.lang.Thread.run(Thread.java:818)

E/CABL    ( 4267): Closing the socket!

D/PPDaemon( 5384): CABL version 2.0.20140905

D/PPDaemon( 5384): isHDMIPrimary: HDMI is not primary display

E/PPDaemon( 5384): Unable to open fb type file  err:  No such file or directory

E/PPDaemon( 5384): Unable to open fb type file  err:  No such file or directory

E/PPDaemon( 5384): void openPrimaryFrameBuffer(DaemonContext&): Cannot locate the primary framebuffer

I/QCNEJ   ( 3012): |CORE:COM:RCVR| CNE creating socket

E/libplasma( 3148): UDP send buffer length:23


I/ServiceManager(  281): Waiting for service AtCmdFwd...

I/ServiceManager(  281): Waiting for service AtCmdFwd...

W/linker  ( 5385): libmmcamera_imglib.so: unused DT entry: type 0x6ffffffe arg 0x21d8

W/linker  ( 5385): libmmcamera_imglib.so: unused DT entry: type 0x6fffffff arg 0x1

I/ServiceManager(  281): Waiting for service AtCmdFwd...

D/Ulp_jni (  741): Location CB invoked

I/ServiceManager(  281): Waiting for service AtCmdFwd...

I/QCNEJ   ( 3012): |CORE:COM:RCVR| CNE creating socket

W/Atfwd_Sendcmd(  281): AtCmdFwd service not published, waiting... retryCnt : 1

E/CABL    ( 4267): Failed to connect to daemon socket

W/System.err( 4267): java.io.IOException: No such file or directory

W/System.err( 4267): 	at android.net.LocalSocketImpl.connectLocal(Native Method)

W/System.err( 4267): 	at android.net.LocalSocketImpl.connect(LocalSocketImpl.java:293)

W/System.err( 4267): 	at android.net.LocalSocket.connect(LocalSocket.java:130)

W/System.err( 4267): 	at com.qualcomm.cabl.CABLDaemonConnector.listenToSocket(CABLDaemonConnector.java:58)

W/System.err( 4267): 	at com.qualcomm.cabl.CABLDaemonConnector.run(CABLDaemonConnector.java:42)

W/System.err( 4267): 	at java.lang.Thread.run(Thread.java:818)

E/CABL    ( 4267): Closing the socket!

D/PPDaemon( 5386): CABL version 2.0.20140905

D/PPDaemon( 5386): isHDMIPrimary: HDMI is not primary display

E/PPDaemon( 5386): Unable to open fb type file  err:  No such file or directory

E/PPDaemon( 5386): Unable to open fb type file  err:  No such file or directory

E/PPDaemon( 5386): void openPrimaryFrameBuffer(DaemonContext&): Cannot locate the primary framebuffer

E/libplasma( 3148): OEM send socket:46, buffer length:11


E/libplasma( 3148): 


E/libplasma( 3148): RECVED:11


W/linker  ( 5387): libmmcamera_imglib.so: unused DT entry: type 0x6ffffffe arg 0x21d8

W/linker  ( 5387): libmmcamera_imglib.so: unused DT entry: type 0x6fffffff arg 0x1

