E/QC-QMI  (  425): qmi_ctl_handle_request: qmi_ctl_tx_msg call failed

E/QC-QMI  (  425): qmi_qmux_open_connection: connection is disabled for conn_id=29

E/QC-QMI  (  425): qmi_qmux_tx_msg: failed to open inactive connd_id=29

E/QC-QMI  (  425): qmi_qmux: TX failed, connection inactive or in reset, conn_id=29, status_flags=4

E/QC-QMI  (  425): qmi_ctl_tx_msg: qmi_qmux_tx_msg failed

E/QC-QMI  (  425): qmi_ctl_handle_request: qmi_ctl_tx_msg call failed

E/QC-QMI  (  425): qmi_qmux_open_connection: connection is disabled for conn_id=29

E/QC-QMI  (  425): qmi_qmux_tx_msg: failed to open inactive connd_id=29

E/QC-QMI  (  425): qmi_qmux: TX failed, connection inactive or in reset, conn_id=29, status_flags=4

E/QC-QMI  (  425): qmi_ctl_tx_msg: qmi_qmux_tx_msg failed

E/QC-QMI  (  425): qmi_ctl_handle_request: qmi_ctl_tx_msg call failed

E/QC-QMI  (  425): qmi_qmux_open_connection: connection is disabled for conn_id=48

E/QC-QMI  (  425): qmi_qmux_tx_msg: failed to open inactive connd_id=48

E/QC-QMI  (  425): qmi_qmux: TX failed, connection inactive or in reset, conn_id=48, status_flags=4

E/QC-QMI  (  425): qmi_ctl_tx_msg: qmi_qmux_tx_msg failed

E/QC-QMI  (  425): qmi_ctl_handle_request: qmi_ctl_tx_msg call failed

E/QC-QMI  (  425): qmi_qmux_open_connection: connection is disabled for conn_id=48

E/QC-QMI  (  425): qmi_qmux_tx_msg: failed to open inactive connd_id=48

E/QC-QMI  (  425): qmi_qmux: TX failed, connection inactive or in reset, conn_id=48, status_flags=4

E/QC-QMI  (  425): qmi_ctl_tx_msg: qmi_qmux_tx_msg failed

E/QC-QMI  (  425): qmi_ctl_handle_request: qmi_ctl_tx_msg call failed

E/QC-QMI  (  425): qmi_qmux_open_connection: connection is disabled for conn_id=57

E/QC-QMI  (  425): qmi_qmux_tx_msg: failed to open inactive connd_id=57

E/QC-QMI  (  425): qmi_qmux: TX failed, connection inactive or in reset, conn_id=57, status_flags=4

E/QC-QMI  (  425): qmi_ctl_tx_msg: qmi_qmux_tx_msg failed

E/QC-QMI  (  425): qmi_ctl_handle_request: qmi_ctl_tx_msg call failed

E/QC-QMI  (  425): qmi_qmux_open_connection: connection is disabled for conn_id=57

E/QC-QMI  (  425): qmi_qmux_tx_msg: failed to open inactive connd_id=57

E/QC-QMI  (  425): qmi_qmux: TX failed, connection inactive or in reset, conn_id=57, status_flags=4

E/QC-QMI  (  425): qmi_ctl_tx_msg: qmi_qmux_tx_msg failed

E/QC-QMI  (  425): qmi_ctl_handle_request: qmi_ctl_tx_msg call failed

E/QC-QMI  (  425): qmi_qmux_open_connection: connection is disabled for conn_id=29

E/QC-QMI  (  425): qmi_qmux_tx_msg: failed to open inactive connd_id=29

E/QC-QMI  (  425): qmi_qmux: TX failed, connection inactive or in reset, conn_id=29, status_flags=4

E/QC-QMI  (  425): qmi_ctl_tx_msg: qmi_qmux_tx_msg failed

E/QC-QMI  (  425): qmi_ctl_handle_request: qmi_ctl_tx_msg call failed

E/QC-QMI  (  425): qmi_qmux_open_connection: connection is disabled for conn_id=29

E/QC-QMI  (  425): qmi_qmux_tx_msg: failed to open inactive connd_id=29

E/QC-QMI  (  425): qmi_qmux: TX failed, connection inactive or in reset, conn_id=29, status_flags=4

E/QC-QMI  (  425): qmi_ctl_tx_msg: qmi_qmux_tx_msg failed

E/QC-QMI  (  425): qmi_ctl_handle_request: qmi_ctl_tx_msg call failed

E/QC-QMI  (  425): qmi_qmux_open_connection: connection is disabled for conn_id=48

E/QC-QMI  (  425): qmi_qmux_tx_msg: failed to open inactive connd_id=48

E/QC-QMI  (  425): qmi_qmux: TX failed, connection inactive or in reset, conn_id=48, status_flags=4

E/QC-QMI  (  425): qmi_ctl_tx_msg: qmi_qmux_tx_msg failed

E/QC-QMI  (  425): qmi_ctl_handle_request: qmi_ctl_tx_msg call failed

E/QC-QMI  (  425): qmi_qmux_open_connection: connection is disabled for conn_id=48

E/QC-QMI  (  425): qmi_qmux_tx_msg: failed to open inactive connd_id=48

E/QC-QMI  (  425): qmi_qmux: TX failed, connection inactive or in reset, conn_id=48, status_flags=4

E/QC-QMI  (  425): qmi_ctl_tx_msg: qmi_qmux_tx_msg failed

E/QC-QMI  (  425): qmi_ctl_handle_request: qmi_ctl_tx_msg call failed

E/QC-QMI  (  425): qmi_qmux_open_connection: connection is disabled for conn_id=57

E/QC-QMI  (  425): qmi_qmux_tx_msg: failed to open inactive connd_id=57

E/QC-QMI  (  425): qmi_qmux: TX failed, connection inactive or in reset, conn_id=57, status_flags=4

E/QC-QMI  (  425): qmi_ctl_tx_msg: qmi_qmux_tx_msg failed

E/QC-QMI  (  425): qmi_ctl_handle_request: qmi_ctl_tx_msg call failed

E/QC-QMI  (  425): qmi_qmux_open_connection: connection is disabled for conn_id=57

E/QC-QMI  (  425): qmi_qmux_tx_msg: failed to open inactive connd_id=57

E/QC-QMI  (  425): qmi_qmux: TX failed, connection inactive or in reset, conn_id=57, status_flags=4

E/QC-QMI  (  425): qmi_ctl_tx_msg: qmi_qmux_tx_msg failed

E/QC-QMI  (  425): qmi_ctl_handle_request: qmi_ctl_tx_msg call failed

E/USB_UICC(  261): Timeout! No signal received. Retry num = 24

I/SurfaceFlinger(  228): FPS: 21

E/libplasma( 3148): Connect to server!!!!


E/libplasma( 3148): fd:46, try to connect 116.196.113.8:2074


W/linker  ( 4501): libmmcamera_imglib.so: unused DT entry: type 0x6ffffffe arg 0x21d8

W/linker  ( 4501): libmmcamera_imglib.so: unused DT entry: type 0x6fffffff arg 0x1

E/QC-QMI  (  425): qmi_qmux_open_connection: connection is disabled for conn_id=29

E/QC-QMI  (  425): qmi_qmux_tx_msg: failed to open inactive connd_id=29

E/QC-QMI  (  425): qmi_qmux: TX failed, connection inactive or in reset, conn_id=29, status_flags=4

E/QC-QMI  (  425): qmi_ctl_tx_msg: qmi_qmux_tx_msg failed

E/QC-QMI  (  425): qmi_ctl_handle_request: qmi_ctl_tx_msg call failed

E/QC-QMI  (  425): qmi_qmux_open_connection: connection is disabled for conn_id=29

E/QC-QMI  (  425): qmi_qmux_tx_msg: failed to open inactive connd_id=29

E/QC-QMI  (  425): qmi_qmux: TX failed, connection inactive or in reset, conn_id=29, status_flags=4

E/QC-QMI  (  425): qmi_ctl_tx_msg: qmi_qmux_tx_msg failed

E/QC-QMI  (  425): qmi_ctl_handle_request: qmi_ctl_tx_msg call failed

E/QC-QMI  (  425): qmi_qmux_open_connection: connection is disabled for conn_id=48

E/QC-QMI  (  425): qmi_qmux_tx_msg: failed to open inactive connd_id=48

E/QC-QMI  (  425): qmi_qmux: TX failed, connection inactive or in reset, conn_id=48, status_flags=4

E/QC-QMI  (  425): qmi_ctl_tx_msg: qmi_qmux_tx_msg failed

E/QC-QMI  (  425): qmi_ctl_handle_request: qmi_ctl_tx_msg call failed

E/QC-QMI  (  425): qmi_qmux_open_connection: connection is disabled for conn_id=48

E/QC-QMI  (  425): qmi_qmux_tx_msg: failed to open inactive connd_id=48

E/QC-QMI  (  425): qmi_qmux: TX failed, connection inactive or in reset, conn_id=48, status_flags=4

E/QC-QMI  (  425): qmi_ctl_tx_msg: qmi_qmux_tx_msg failed

E/QC-QMI  (  425): qmi_ctl_handle_request: qmi_ctl_tx_msg call failed

E/QC-QMI  (  425): qmi_qmux_open_connection: connection is disabled for conn_id=57

E/QC-QMI  (  425): qmi_qmux_tx_msg: failed to open inactive connd_id=57

E/QC-QMI  (  425): qmi_qmux: TX failed, connection inactive or in reset, conn_id=57, status_flags=4

E/QC-QMI  (  425): qmi_ctl_tx_msg: qmi_qmux_tx_msg failed

E/QC-QMI  (  425): qmi_ctl_handle_request: qmi_ctl_tx_msg call failed

E/QC-QMI  (  425): qmi_qmux_open_connection: connection is disabled for conn_id=57

E/QC-QMI  (  425): qmi_qmux_tx_msg: failed to open inactive connd_id=57

E/QC-QMI  (  425): qmi_qmux: TX failed, connection inactive or in reset, conn_id=57, status_flags=4

E/QC-QMI  (  425): qmi_ctl_tx_msg: qmi_qmux_tx_msg failed

E/QC-QMI  (  425): qmi_ctl_handle_request: qmi_ctl_tx_msg call failed

E/QC-QMI  (  425): qmi_qmux_open_connection: connection is disabled for conn_id=29

E/QC-QMI  (  425): qmi_qmux_tx_msg: failed to open inactive connd_id=29

E/QC-QMI  (  425): qmi_qmux: TX failed, connection inactive or in reset, conn_id=29, status_flags=4

E/QC-QMI  (  425): qmi_ctl_tx_msg: qmi_qmux_tx_msg failed

E/QC-QMI  (  425): qmi_ctl_handle_request: qmi_ctl_tx_msg call failed

E/QC-QMI  (  425): qmi_qmux_open_connection: connection is disabled for conn_id=29

E/QC-QMI  (  425): qmi_qmux_tx_msg: failed to open inactive connd_id=29

E/QC-QMI  (  425): qmi_qmux: TX failed, connection inactive or in reset, conn_id=29, status_flags=4

E/QC-QMI  (  425): qmi_ctl_tx_msg: qmi_qmux_tx_msg failed

E/QC-QMI  (  425): qmi_ctl_handle_request: qmi_ctl_tx_msg call failed

E/QC-QMI  (  425): qmi_qmux_open_connection: connection is disabled for conn_id=48

E/QC-QMI  (  425): qmi_qmux_tx_msg: failed to open inactive connd_id=48

E/QC-QMI  (  425): qmi_qmux: TX failed, connection inactive or in reset, conn_id=48, status_flags=4

E/QC-QMI  (  425): qmi_ctl_tx_msg: qmi_qmux_tx_msg failed

E/QC-QMI  (  425): qmi_ctl_handle_request: qmi_ctl_tx_msg call failed

E/QC-QMI  (  425): qmi_qmux_open_connection: connection is disabled for conn_id=48

E/QC-QMI  (  425): qmi_qmux_tx_msg: failed to open inactive connd_id=48

E/QC-QMI  (  425): qmi_qmux: TX failed, connection inactive or in reset, conn_id=48, status_flags=4

E/QC-QMI  (  425): qmi_ctl_tx_msg: qmi_qmux_tx_msg failed

E/QC-QMI  (  425): qmi_ctl_handle_request: qmi_ctl_tx_msg call failed

E/QC-QMI  (  425): qmi_qmux_open_connection: connection is disabled for conn_id=57

E/QC-QMI  (  425): qmi_qmux_tx_msg: failed to open inactive connd_id=57

E/QC-QMI  (  425): qmi_qmux: TX failed, connection inactive or in reset, conn_id=57, status_flags=4

E/QC-QMI  (  425): qmi_ctl_tx_msg: qmi_qmux_tx_msg failed

E/QC-QMI  (  425): qmi_ctl_handle_request: qmi_ctl_tx_msg call failed

E/QC-QMI  (  425): qmi_qmux_open_connection: connection is disabled for conn_id=57

E/QC-QMI  (  425): qmi_qmux_tx_msg: failed to open inactive connd_id=57

E/QC-QMI  (  425): qmi_qmux: TX failed, connection inactive or in reset, conn_id=57, status_flags=4

E/QC-QMI  (  425): qmi_ctl_tx_msg: qmi_qmux_tx_msg failed

E/QC-QMI  (  425): qmi_ctl_handle_request: qmi_ctl_tx_msg call failed

E/QC-QMI  (  425): qmi_qmux_open_connection: connection is disabled for conn_id=29

E/QC-QMI  (  425): qmi_qmux_tx_msg: failed to open inactive connd_id=29

E/QC-QMI  (  425): qmi_qmux: TX failed, connection inactive or in reset, conn_id=29, status_flags=4

E/QC-QMI  (  425): qmi_ctl_tx_msg: qmi_qmux_tx_msg failed

E/QC-QMI  (  425): qmi_ctl_handle_request: qmi_ctl_tx_msg call failed

E/QC-QMI  (  425): qmi_qmux_open_connection: connection is disabled for conn_id=29

E/QC-QMI  (  425): qmi_qmux_tx_msg: failed to open inactive connd_id=29

E/QC-QMI  (  425): qmi_qmux: TX failed, connection inactive or in reset, conn_id=29, status_flags=4

E/QC-QMI  (  425): qmi_ctl_tx_msg: qmi_qmux_tx_msg failed

E/QC-QMI  (  425): qmi_ctl_handle_request: qmi_ctl_tx_msg call failed

E/QC-QMI  (  425): qmi_qmux_open_connection: connection is disabled for conn_id=48

E/QC-QMI  (  425): qmi_qmux_tx_msg: failed to open inactive connd_id=48

E/QC-QMI  (  425): qmi_qmux: TX failed, connection inactive or in reset, conn_id=48, status_flags=4

E/QC-QMI  (  425): qmi_ctl_tx_msg: qmi_qmux_tx_msg failed

E/QC-QMI  (  425): qmi_ctl_handle_request: qmi_ctl_tx_msg call failed

E/QC-QMI  (  425): qmi_qmux_open_connection: connection is disabled for conn_id=48

E/QC-QMI  (  425): qmi_qmux_tx_msg: failed to open inactive connd_id=48

E/QC-QMI  (  425): qmi_qmux: TX failed, connection inactive or in reset, conn_id=48, status_flags=4

E/QC-QMI  (  425): qmi_ctl_tx_msg: qmi_qmux_tx_msg failed

E/QC-QMI  (  425): qmi_ctl_handle_request: qmi_ctl_tx_msg call failed

E/QC-QMI  (  425): qmi_qmux_open_connection: connection is disabled for conn_id=57

E/QC-QMI  (  425): qmi_qmux_tx_msg: failed to open inactive connd_id=57

E/QC-QMI  (  425): qmi_qmux: TX failed, connection inactive or in reset, conn_id=57, status_flags=4

E/QC-QMI  (  425): qmi_ctl_tx_msg: qmi_qmux_tx_msg failed

E/QC-QMI  (  425): qmi_ctl_handle_request: qmi_ctl_tx_msg call failed

E/QC-QMI  (  425): qmi_qmux_open_connection: connection is disabled for conn_id=57

E/QC-QMI  (  425): qmi_qmux_tx_msg: failed to open inactive connd_id=57

E/QC-QMI  (  425): qmi_qmux: TX failed, connection inactive or in reset, conn_id=57, status_flags=4

E/QC-QMI  (  425): qmi_ctl_tx_msg: qmi_qmux_tx_msg failed

E/QC-QMI  (  425): qmi_ctl_handle_request: qmi_ctl_tx_msg call failed

E/USB_UICC(  261): Timeout! No signal received. Retry num = 25

E/libplasma( 3148): Connect Faild Retry again!!!


I/SurfaceFlinger(  228): FPS: 21

E/libplasma( 3148): fd:46, connected to server 116.196.113.8:2074


E/libplasma( 3148): Tcp has been connect!


E/libplasma( 3148): 


E/libplasma( 3148): +POC:820100000000

E/libplasma( 3148): 


E/callback:( 3148): ------------------------------------start--------------------------------------

E/Poc2 AT Callback:( 3148): +POC:820100000000

E/Poc     ( 3148): 82

E/Poc     ( 3148): 1

E/Poc     ( 3148): 0

E/Poc     ( 3148): 0

E/Poc     ( 3148): 0

E/Poc     ( 3148): 0

E/xx      ( 3148): ----------------------checkHex start ---------------------- firstHex 82   ----在这个类-----☞  (pttNative.java:152)

E/all     ( 3148): [82, 1, 0, 0, 0, 0]                                  ----在这个类-----☞  (pttNative.java:153)

E/all     ( 3148): [82, 01, 00, 00, 00, 00]                             ----在这个类-----☞  (pttNative.java:154)

E/pttNative( 3148): ENotifyStatus 1                                      ----在这个类-----☞  (pttNative.java:370)

E/xx      ( 3148): 登录状态码 1  isRun false AppConstants.isRwecord false  AppConstants.isTalkType 0   ----在这个类-----☞  (UserBaseActivity.java:458)

E/pttNative( 3148): ENotifyStatus  登陆状态通知的指令 1                           ----在这个类-----☞  (pttNative.java:418)

E/pttNative( 3148): ENotifyStatus 第一次 登陆状态通知的指令                          ----在这个类-----☞  (pttNative.java:420)

E/xx      ( 3148): ----------------------checkHex end --------------------------   ----在这个类-----☞  (pttNative.java:1014)

E/Callback:( 3148): +POC:820100000000

E/str1    ( 3148): 8210000

E/str2    ( 3148): 820100000000

E/callback:( 3148): ------------------------------------end--------------------------------------

E/libplasma( 3148): OEM send socket:46, buffer length:36


E/libplasma( 3148): Login packet has been send, change to Auther stage!


E/libplasma( 3148): TCP Setup OK, Now, Change to ZPOC_INIT_AUTHER!!!


D/Ulp_jni (  741): Location CB invoked

E/libplasma( 3148): 


E/libplasma( 3148): RECVED:44


E/libplasma( 3148): init_tcp_data_process!


E/libplasma( 3148): Go go go!


E/libplasma( 3148): 


E/libplasma( 3148): +POC:8b0002


E/libplasma( 3148): 


E/callback:( 3148): ------------------------------------start--------------------------------------

E/Poc2 AT Callback:( 3148): +POC:8b0002


E/Poc     ( 3148): 8b

E/Poc     ( 3148): 0

E/Poc     ( 3148): 2

E/Poc     ( 3148): fdaa

E/xx      ( 3148): ----------------------checkHex start ---------------------- firstHex 8b   ----在这个类-----☞  (pttNative.java:152)

E/all     ( 3148): [8b, 0, 2, fdaa]                                     ----在这个类-----☞  (pttNative.java:153)

E/all     ( 3148): [8b, 00, 02, fdaa]                                   ----在这个类-----☞  (pttNative.java:154)

E/pttNative( 3148): ENotifyPlayStatus 通知音频播放的状态2                         ----在这个类-----☞  (pttNative.java:543)

E/pttNative( 3148):    讲话用户  语音   getNowUserName 新版本16                   ----在这个类-----☞  (pttNative.java:546)

E/Callback:( 3148): +POC:8b0002


E/str1    ( 3148): 8b02fdaa

E/str2    ( 3148): 8b0002fdaa

E/callback:( 3148): ------------------------------------end--------------------------------------

E/libplasma( 3148): 


E/libplasma( 3148): +POC:82020000001bb06548722c67310036000000

E/libplasma( 3148): 


E/callback:( 3148): ------------------------------------start--------------------------------------

E/Poc2 AT Callback:( 3148): +POC:82020000001bb06548722c67310036000000

E/Poc     ( 3148): 82

E/Poc     ( 3148): 2

E/Poc     ( 3148): 0

E/Poc     ( 3148): 0

E/Poc     ( 3148): 0

E/Poc     ( 3148): 1b

E/Poc     ( 3148): b0

E/Poc     ( 3148): 65

E/Poc     ( 3148): 48

E/Poc     ( 3148): 72

E/Poc     ( 3148): 2c

E/Poc     ( 3148): 67

E/Poc     ( 3148): 31

E/Poc     ( 3148): 0

E/Poc     ( 3148): 36

E/Poc     ( 3148): 0

E/Poc     ( 3148): 0

E/Poc     ( 3148): 0

E/xx      ( 3148): ----------------------checkHex start ---------------------- firstHex 82   ----在这个类-----☞  (pttNative.java:152)

E/all     ( 3148): [82, 2, 0, 0, 0, 1b, b0, 65, 48, 72, 2c, 67, 31, 0, 36, 0, 0, 0]   ----在这个类-----☞  (pttNative.java:153)

E/all     ( 3148): [82, 02, 00, 00, 00, 1b, b0, 65, 48, 72, 2c, 67, 31, 00, 36, 00, 00, 00]   ----在这个类-----☞  (pttNative.java:154)

E/pttNative( 3148): ENotifyStatus 2                                      ----在这个类-----☞  (pttNative.java:370)

E/xx      ( 3148): 登录状态码 2  isRun false AppConstants.isRwecord false  AppConstants.isTalkType 0   ----在这个类-----☞  (UserBaseActivity.java:458)

E/pttNative( 3148): ENotifyStatus  登陆状态通知的指令 2                           ----在这个类-----☞  (pttNative.java:442)

E/xx      ( 3148): ----------------------checkHex end --------------------------   ----在这个类-----☞  (pttNative.java:1014)

E/Callback:( 3148): +POC:82020000001bb06548722c67310036000000

E/str1    ( 3148): 8220001bb06548722c6731036000

E/str2    ( 3148): 82020000001bb06548722c67310036000000

E/callback:( 3148): ------------------------------------end--------------------------------------

E/USB_UICC(  261): Timeout! No signal received. Retry num = 26

E/QC-QMI  (  425): qmi_qmux_open_connection: connection is disabled for conn_id=29

E/QC-QMI  (  425): qmi_qmux_tx_msg: failed to open inactive connd_id=29

E/QC-QMI  (  425): qmi_qmux: TX failed, connection inactive or in reset, conn_id=29, status_flags=4

E/QC-QMI  (  425): qmi_ctl_tx_msg: qmi_qmux_tx_msg failed

E/QC-QMI  (  425): qmi_ctl_handle_request: qmi_ctl_tx_msg call failed

E/QC-QMI  (  425): qmi_qmux_open_connection: connection is disabled for conn_id=29

E/QC-QMI  (  425): qmi_qmux_tx_msg: failed to open inactive connd_id=29

E/QC-QMI  (  425): qmi_qmux: TX failed, connection inactive or in reset, conn_id=29, status_flags=4

E/QC-QMI  (  425): qmi_ctl_tx_msg: qmi_qmux_tx_msg failed

E/QC-QMI  (  425): qmi_ctl_handle_request: qmi_ctl_tx_msg call failed

E/QC-QMI  (  425): qmi_qmux_open_connection: connection is disabled for conn_id=48

E/QC-QMI  (  425): qmi_qmux_tx_msg: failed to open inactive connd_id=48

E/QC-QMI  (  425): qmi_qmux: TX failed, connection inactive or in reset, conn_id=48, status_flags=4

E/QC-QMI  (  425): qmi_ctl_tx_msg: qmi_qmux_tx_msg failed

E/QC-QMI  (  425): qmi_ctl_handle_request: qmi_ctl_tx_msg call failed

E/QC-QMI  (  425): qmi_qmux_open_connection: connection is disabled for conn_id=48

E/QC-QMI  (  425): qmi_qmux_tx_msg: failed to open inactive connd_id=48

E/QC-QMI  (  425): qmi_qmux: TX failed, connection inactive or in reset, conn_id=48, status_flags=4

E/QC-QMI  (  425): qmi_ctl_tx_msg: qmi_qmux_tx_msg failed

E/QC-QMI  (  425): qmi_ctl_handle_request: qmi_ctl_tx_msg call failed

E/QC-QMI  (  425): qmi_qmux_open_connection: connection is disabled for conn_id=57

E/QC-QMI  (  425): qmi_qmux_tx_msg: failed to open inactive connd_id=57

E/QC-QMI  (  425): qmi_qmux: TX failed, connection inactive or in reset, conn_id=57, status_flags=4

E/QC-QMI  (  425): qmi_ctl_tx_msg: qmi_qmux_tx_msg failed

E/QC-QMI  (  425): qmi_ctl_handle_request: qmi_ctl_tx_msg call failed

E/QC-QMI  (  425): qmi_qmux_open_connection: connection is disabled for conn_id=57

E/QC-QMI  (  425): qmi_qmux_tx_msg: failed to open inactive connd_id=57

E/QC-QMI  (  425): qmi_qmux: TX failed, connection inactive or in reset, conn_id=57, status_flags=4

E/QC-QMI  (  425): qmi_ctl_tx_msg: qmi_qmux_tx_msg failed

E/QC-QMI  (  425): qmi_ctl_handle_request: qmi_ctl_tx_msg call failed

E/QC-QMI  (  425): qmi_qmux_open_connection: connection is disabled for conn_id=29

E/QC-QMI  (  425): qmi_qmux_tx_msg: failed to open inactive connd_id=29

E/QC-QMI  (  425): qmi_qmux: TX failed, connection inactive or in reset, conn_id=29, status_flags=4

E/QC-QMI  (  425): qmi_ctl_tx_msg: qmi_qmux_tx_msg failed

E/QC-QMI  (  425): qmi_ctl_handle_request: qmi_ctl_tx_msg call failed

E/QC-QMI  (  425): qmi_qmux_open_connection: connection is disabled for conn_id=29

E/QC-QMI  (  425): qmi_qmux_tx_msg: failed to open inactive connd_id=29

E/QC-QMI  (  425): qmi_qmux: TX failed, connection inactive or in reset, conn_id=29, status_flags=4

E/QC-QMI  (  425): qmi_ctl_tx_msg: qmi_qmux_tx_msg failed

E/QC-QMI  (  425): qmi_ctl_handle_request: qmi_ctl_tx_msg call failed

E/QC-QMI  (  425): qmi_qmux_open_connection: connection is disabled for conn_id=48

E/QC-QMI  (  425): qmi_qmux_tx_msg: failed to open inactive connd_id=48

E/QC-QMI  (  425): qmi_qmux: TX failed, connection inactive or in reset, conn_id=48, status_flags=4

E/QC-QMI  (  425): qmi_ctl_tx_msg: qmi_qmux_tx_msg failed

E/QC-QMI  (  425): qmi_ctl_handle_request: qmi_ctl_tx_msg call failed

E/QC-QMI  (  425): qmi_qmux_open_connection: connection is disabled for conn_id=48

E/QC-QMI  (  425): qmi_qmux_tx_msg: failed to open inactive connd_id=48

E/QC-QMI  (  425): qmi_qmux: TX failed, connection inactive or in reset, conn_id=48, status_flags=4

E/QC-QMI  (  425): qmi_ctl_tx_msg: qmi_qmux_tx_msg failed

E/QC-QMI  (  425): qmi_ctl_handle_request: qmi_ctl_tx_msg call failed

E/QC-QMI  (  425): qmi_qmux_open_connection: connection is disabled for conn_id=57

E/QC-QMI  (  425): qmi_qmux_tx_msg: failed to open inactive connd_id=57

E/QC-QMI  (  425): qmi_qmux: TX failed, connection inactive or in reset, conn_id=57, status_flags=4

E/QC-QMI  (  425): qmi_ctl_tx_msg: qmi_qmux_tx_msg failed

E/QC-QMI  (  425): qmi_ctl_handle_request: qmi_ctl_tx_msg call failed

E/QC-QMI  (  425): qmi_qmux_open_connection: connection is disabled for conn_id=57

E/QC-QMI  (  425): qmi_qmux_tx_msg: failed to open inactive connd_id=57

E/QC-QMI  (  425): qmi_qmux: TX failed, connection inactive or in reset, conn_id=57, status_flags=4

E/QC-QMI  (  425): qmi_ctl_tx_msg: qmi_qmux_tx_msg failed

E/QC-QMI  (  425): qmi_ctl_handle_request: qmi_ctl_tx_msg call failed

E/QC-QMI  (  425): qmi_qmux_open_connection: connection is disabled for conn_id=29

E/QC-QMI  (  425): qmi_qmux_tx_msg: failed to open inactive connd_id=29

E/QC-QMI  (  425): qmi_qmux: TX failed, connection inactive or in reset, conn_id=29, status_flags=4

E/QC-QMI  (  425): qmi_ctl_tx_msg: qmi_qmux_tx_msg failed

E/QC-QMI  (  425): qmi_ctl_handle_request: qmi_ctl_tx_msg call failed

E/QC-QMI  (  425): qmi_qmux_open_connection: connection is disabled for conn_id=29

E/QC-QMI  (  425): qmi_qmux_tx_msg: failed to open inactive connd_id=29

E/QC-QMI  (  425): qmi_qmux: TX failed, connection inactive or in reset, conn_id=29, status_flags=4

E/QC-QMI  (  425): qmi_ctl_tx_msg: qmi_qmux_tx_msg failed

E/QC-QMI  (  425): qmi_ctl_handle_request: qmi_ctl_tx_msg call failed

E/QC-QMI  (  425): qmi_qmux_open_connection: connection is disabled for conn_id=48

E/QC-QMI  (  425): qmi_qmux_tx_msg: failed to open inactive connd_id=48

E/QC-QMI  (  425): qmi_qmux: TX failed, connection inactive or in reset, conn_id=48, status_flags=4

E/QC-QMI  (  425): qmi_ctl_tx_msg: qmi_qmux_tx_msg failed

E/QC-QMI  (  425): qmi_ctl_handle_request: qmi_ctl_tx_msg call failed

E/QC-QMI  (  425): qmi_qmux_open_connection: connection is disabled for conn_id=48

E/QC-QMI  (  425): qmi_qmux_tx_msg: failed to open inactive connd_id=48

E/QC-QMI  (  425): qmi_qmux: TX failed, connection inactive or in reset, conn_id=48, status_flags=4

E/QC-QMI  (  425): qmi_ctl_tx_msg: qmi_qmux_tx_msg failed

E/QC-QMI  (  425): qmi_ctl_handle_request: qmi_ctl_tx_msg call failed

E/QC-QMI  (  425): qmi_qmux_open_connection: connection is disabled for conn_id=57

E/QC-QMI  (  425): qmi_qmux_tx_msg: failed to open inactive connd_id=57

E/QC-QMI  (  425): qmi_qmux: TX failed, connection inactive or in reset, conn_id=57, status_flags=4

E/QC-QMI  (  425): qmi_ctl_tx_msg: qmi_qmux_tx_msg failed

E/QC-QMI  (  425): qmi_ctl_handle_request: qmi_ctl_tx_msg call failed

E/QC-QMI  (  425): qmi_qmux_open_connection: connection is disabled for conn_id=57

E/QC-QMI  (  425): qmi_qmux_tx_msg: failed to open inactive connd_id=57

E/QC-QMI  (  425): qmi_qmux: TX failed, connection inactive or in reset, conn_id=57, status_flags=4

E/QC-QMI  (  425): qmi_ctl_tx_msg: qmi_qmux_tx_msg failed

E/QC-QMI  (  425): qmi_ctl_handle_request: qmi_ctl_tx_msg call failed

I/SurfaceFlinger(  228): FPS: 21

E/pttNative( 3148): OEM_Play_TTS_cb 

E/pttNative( 3148): data  5df2767b5f5565b07248672c00310036               ----在这个类-----☞  (pttNative.java:1186)

E/pttNative( 3148): tempTxt 已登录新版本16                                     ----在这个类-----☞  (pttNative.java:1239)

E/pttNative( 3148):   语音  已登录新版本16                                       ----在这个类-----☞  (pttNative.java:1240)

E/libplasma( 3148): OEM send socket:46, buffer length:11


I/QCNEJ   ( 3012): |CORE:COM:RCVR| CNE creating socket

E/libplasma( 3148): 


E/libplasma( 3148): RECVED:171


E/libplasma( 3148): init_tcp_data_process!


E/libplasma( 3148): Go go go!


E/libplasma( 3148): 


E/libplasma( 3148): +POC:8000000000010000006d0010b06548722c67c47e37000000

E/libplasma( 3148): 


E/callback:( 3148): ------------------------------------start--------------------------------------

E/Poc2 AT Callback:( 3148): +POC:8000000000010000006d0010b06548722c67c47e37000000

E/Poc     ( 3148): 80

E/Poc     ( 3148): 0

E/Poc     ( 3148): 0

E/Poc     ( 3148): 0

E/Poc     ( 3148): 0

E/Poc     ( 3148): 1

E/Poc     ( 3148): 0

E/Poc     ( 3148): 0

E/Poc     ( 3148): 0

E/Poc     ( 3148): 6d

E/Poc     ( 3148): 0

E/Poc     ( 3148): 10

E/Poc     ( 3148): b0

E/Poc     ( 3148): 65

E/Poc     ( 3148): 48

E/Poc     ( 3148): 72

E/Poc     ( 3148): 2c

E/Poc     ( 3148): 67

E/Poc     ( 3148): c4

E/Poc     ( 3148): 7e

E/Poc     ( 3148): 37

E/Poc     ( 3148): 0

E/Poc     ( 3148): 0

E/Poc     ( 3148): 0

E/xx      ( 3148): ----------------------checkHex start ---------------------- firstHex 80   ----在这个类-----☞  (pttNative.java:152)

E/all     ( 3148): [80, 0, 0, 0, 0, 1, 0, 0, 0, 6d, 0, 10, b0, 65, 48, 72, 2c, 67, c4, 7e, 37, 0, 0, 0]   ----在这个类-----☞  (pttNative.java:153)

E/all     ( 3148): [80, 00, 00, 00, 00, 01, 00, 00, 00, 6d, 00, 10, b0, 65, 48, 72, 2c, 67, c4, 7e, 37, 00, 00, 00]   ----在这个类-----☞  (pttNative.java:154)

E/pttNative( 3148): ENotifyGroupListData 返回群组信息的指令                       ----在这个类-----☞  (pttNative.java:207)

E/isLoginSuccess( 3148): 返回群组信息的指令 isLoginSuccess false                       ----在这个类-----☞  (pttNative.java:216)

E/loadmember( 3148): main 返回群组信息的指令0000006d                               ----在这个类-----☞  (pttNative.java:226)

E/strings ( 3148): strings.get(i) \u65b0                                ----在这个类-----☞  (pttNative.java:254)

E/strings ( 3148): tempTxt 新                                            ----在这个类-----☞  (pttNative.java:256)

E/strings ( 3148): strings.get(i) \u7248                                ----在这个类-----☞  (pttNative.java:254)

E/strings ( 3148): tempTxt 新版                                           ----在这个类-----☞  (pttNative.java:256)

E/strings ( 3148): strings.get(i) \u672c                                ----在这个类-----☞  (pttNative.java:254)

E/strings ( 3148): tempTxt 新版本                                          ----在这个类-----☞  (pttNative.java:256)

E/strings ( 3148): strings.get(i) \u7ec4                                ----在这个类-----☞  (pttNative.java:254)

E/strings ( 3148): tempTxt 新版本组                                         ----在这个类-----☞  (pttNative.java:256)

E/strings ( 3148): strings.get(i) \u0037                                ----在这个类-----☞  (pttNative.java:254)

E/strings ( 3148): tempTxt 新版本组7                                        ----在这个类-----☞  (pttNative.java:256)

E/pttNative( 3148):   组名称  新版本组7                                         ----在这个类-----☞  (pttNative.java:258)

E/xx      ( 3148): ----------------------checkHex end --------------------------   ----在这个类-----☞  (pttNative.java:1014)

E/Callback:( 3148): +POC:8000000000010000006d0010b06548722c67c47e37000000

E/str1    ( 3148): 80000010006d010b06548722c67c47e37000

E/str2    ( 3148): 8000000000010000006d0010b06548722c67c47e37000000

E/callback:( 3148): ------------------------------------end--------------------------------------

E/libplasma( 3148): 


E/libplasma( 3148): +POC:8000000000020000006c0010b06548722c67c47e36000000

E/libplasma( 3148): 


E/callback:( 3148): ------------------------------------start--------------------------------------

E/Poc2 AT Callback:( 3148): +POC:8000000000020000006c0010b06548722c67c47e36000000

E/Poc     ( 3148): 80

E/Poc     ( 3148): 0

E/Poc     ( 3148): 0

E/Poc     ( 3148): 0

E/Poc     ( 3148): 0

E/Poc     ( 3148): 2

E/Poc     ( 3148): 0

E/Poc     ( 3148): 0

E/Poc     ( 3148): 0

E/Poc     ( 3148): 6c

E/Poc     ( 3148): 0

E/Poc     ( 3148): 10

E/Poc     ( 3148): b0

E/Poc     ( 3148): 65

E/Poc     ( 3148): 48

E/Poc     ( 3148): 72

E/Poc     ( 3148): 2c

E/Poc     ( 3148): 67

E/Poc     ( 3148): c4

E/Poc     ( 3148): 7e

E/Poc     ( 3148): 36

E/Poc     ( 3148): 0

E/Poc     ( 3148): 0

E/Poc     ( 3148): 0

E/xx      ( 3148): ----------------------checkHex start ---------------------- firstHex 80   ----在这个类-----☞  (pttNative.java:152)

E/all     ( 3148): [80, 0, 0, 0, 0, 2, 0, 0, 0, 6c, 0, 10, b0, 65, 48, 72, 2c, 67, c4, 7e, 36, 0, 0, 0]   ----在这个类-----☞  (pttNative.java:153)

E/all     ( 3148): [80, 00, 00, 00, 00, 02, 00, 00, 00, 6c, 00, 10, b0, 65, 48, 72, 2c, 67, c4, 7e, 36, 00, 00, 00]   ----在这个类-----☞  (pttNative.java:154)

E/pttNative( 3148): ENotifyGroupListData 返回群组信息的指令                       ----在这个类-----☞  (pttNative.java:207)

E/isLoginSuccess( 3148): 返回群组信息的指令 isLoginSuccess false                       ----在这个类-----☞  (pttNative.java:216)

E/loadmember( 3148): main 返回群组信息的指令0000006c                               ----在这个类-----☞  (pttNative.java:226)

E/strings ( 3148): strings.get(i) \u65b0                                ----在这个类-----☞  (pttNative.java:254)

E/strings ( 3148): tempTxt 新                                            ----在这个类-----☞  (pttNative.java:256)

E/strings ( 3148): strings.get(i) \u7248                                ----在这个类-----☞  (pttNative.java:254)

E/strings ( 3148): tempTxt 新版                                           ----在这个类-----☞  (pttNative.java:256)

E/strings ( 3148): strings.get(i) \u672c                                ----在这个类-----☞  (pttNative.java:254)

E/strings ( 3148): tempTxt 新版本                                          ----在这个类-----☞  (pttNative.java:256)

E/strings ( 3148): strings.get(i) \u7ec4                                ----在这个类-----☞  (pttNative.java:254)

E/strings ( 3148): tempTxt 新版本组                                         ----在这个类-----☞  (pttNative.java:256)

E/strings ( 3148): strings.get(i) \u0036                                ----在这个类-----☞  (pttNative.java:254)

E/strings ( 3148): tempTxt 新版本组6                                        ----在这个类-----☞  (pttNative.java:256)

E/pttNative( 3148):   组名称  新版本组6                                         ----在这个类-----☞  (pttNative.java:258)

E/xx      ( 3148): ----------------------checkHex end --------------------------   ----在这个类-----☞  (pttNative.java:1014)

E/Callback:( 3148): +POC:8000000000020000006c0010b06548722c67c47e36000000

E/str1    ( 3148): 80000020006c010b06548722c67c47e36000

E/str2    ( 3148): 8000000000020000006c0010b06548722c67c47e36000000

E/callback:( 3148): ------------------------------------end--------------------------------------

E/libplasma( 3148): 


E/libplasma( 3148): +POC:8000000000030000006b0010b06548722c67c47e35000000

E/libplasma( 3148): 


E/callback:( 3148): ------------------------------------start--------------------------------------

E/Poc2 AT Callback:( 3148): +POC:8000000000030000006b0010b06548722c67c47e35000000

E/Poc     ( 3148): 80

E/Poc     ( 3148): 0

E/Poc     ( 3148): 0

E/Poc     ( 3148): 0

E/Poc     ( 3148): 0

E/Poc     ( 3148): 3

E/Poc     ( 3148): 0

E/Poc     ( 3148): 0

E/Poc     ( 3148): 0

E/Poc     ( 3148): 6b

E/Poc     ( 3148): 0

E/Poc     ( 3148): 10

E/Poc     ( 3148): b0

E/Poc     ( 3148): 65

E/Poc     ( 3148): 48

E/Poc     ( 3148): 72

E/Poc     ( 3148): 2c

E/Poc     ( 3148): 67

E/Poc     ( 3148): c4

E/Poc     ( 3148): 7e

E/Poc     ( 3148): 35

E/Poc     ( 3148): 0

E/Poc     ( 3148): 0

E/Poc     ( 3148): 0

E/xx      ( 3148): ----------------------checkHex start ---------------------- firstHex 80   ----在这个类-----☞  (pttNative.java:152)

E/all     ( 3148): [80, 0, 0, 0, 0, 3, 0, 0, 0, 6b, 0, 10, b0, 65, 48, 72, 2c, 67, c4, 7e, 35, 0, 0, 0]   ----在这个类-----☞  (pttNative.java:153)

E/all     ( 3148): [80, 00, 00, 00, 00, 03, 00, 00, 00, 6b, 00, 10, b0, 65, 48, 72, 2c, 67, c4, 7e, 35, 00, 00, 00]   ----在这个类-----☞  (pttNative.java:154)

E/pttNative( 3148): ENotifyGroupListData 返回群组信息的指令                       ----在这个类-----☞  (pttNative.java:207)

E/isLoginSuccess( 3148): 返回群组信息的指令 isLoginSuccess false                       ----在这个类-----☞  (pttNative.java:216)

E/loadmember( 3148): main 返回群组信息的指令0000006b                               ----在这个类-----☞  (pttNative.java:226)

E/strings ( 3148): strings.get(i) \u65b0                                ----在这个类-----☞  (pttNative.java:254)

E/strings ( 3148): tempTxt 新                                            ----在这个类-----☞  (pttNative.java:256)

E/strings ( 3148): strings.get(i) \u7248                                ----在这个类-----☞  (pttNative.java:254)

E/strings ( 3148): tempTxt 新版                                           ----在这个类-----☞  (pttNative.java:256)

E/strings ( 3148): strings.get(i) \u672c                                ----在这个类-----☞  (pttNative.java:254)

E/strings ( 3148): tempTxt 新版本                                          ----在这个类-----☞  (pttNative.java:256)

E/strings ( 3148): strings.get(i) \u7ec4                                ----在这个类-----☞  (pttNative.java:254)

E/strings ( 3148): tempTxt 新版本组                                         ----在这个类-----☞  (pttNative.java:256)

E/strings ( 3148): strings.get(i) \u0035                                ----在这个类-----☞  (pttNative.java:254)

E/strings ( 3148): tempTxt 新版本组5                                        ----在这个类-----☞  (pttNative.java:256)

E/pttNative( 3148):   组名称  新版本组5                                         ----在这个类-----☞  (pttNative.java:258)

E/xx      ( 3148): ----------------------checkHex end --------------------------   ----在这个类-----☞  (pttNative.java:1014)

E/Callback:( 3148): +POC:8000000000030000006b0010b06548722c67c47e35000000

E/str1    ( 3148): 80000030006b010b06548722c67c47e35000

E/str2    ( 3148): 8000000000030000006b0010b06548722c67c47e35000000

E/callback:( 3148): ------------------------------------end--------------------------------------

E/libplasma( 3148): 


E/libplasma( 3148): +POC:8000000000040000006a0010b06548722c67c47e34000000

E/libplasma( 3148): 


E/callback:( 3148): ------------------------------------start--------------------------------------

E/Poc2 AT Callback:( 3148): +POC:8000000000040000006a0010b06548722c67c47e34000000

E/Poc     ( 3148): 80

E/Poc     ( 3148): 0

E/Poc     ( 3148): 0

E/Poc     ( 3148): 0

E/Poc     ( 3148): 0

E/Poc     ( 3148): 4

E/Poc     ( 3148): 0

E/Poc     ( 3148): 0

E/Poc     ( 3148): 0

E/Poc     ( 3148): 6a

E/Poc     ( 3148): 0

E/Poc     ( 3148): 10

E/Poc     ( 3148): b0

E/Poc     ( 3148): 65

E/Poc     ( 3148): 48

E/Poc     ( 3148): 72

E/Poc     ( 3148): 2c

E/Poc     ( 3148): 67

E/Poc     ( 3148): c4

E/Poc     ( 3148): 7e

E/Poc     ( 3148): 34

E/Poc     ( 3148): 0

E/Poc     ( 3148): 0

E/Poc     ( 3148): 0

E/xx      ( 3148): ----------------------checkHex start ---------------------- firstHex 80   ----在这个类-----☞  (pttNative.java:152)

E/all     ( 3148): [80, 0, 0, 0, 0, 4, 0, 0, 0, 6a, 0, 10, b0, 65, 48, 72, 2c, 67, c4, 7e, 34, 0, 0, 0]   ----在这个类-----☞  (pttNative.java:153)

E/all     ( 3148): [80, 00, 00, 00, 00, 04, 00, 00, 00, 6a, 00, 10, b0, 65, 48, 72, 2c, 67, c4, 7e, 34, 00, 00, 00]   ----在这个类-----☞  (pttNative.java:154)

E/pttNative( 3148): ENotifyGroupListData 返回群组信息的指令                       ----在这个类-----☞  (pttNative.java:207)

E/isLoginSuccess( 3148): 返回群组信息的指令 isLoginSuccess false                       ----在这个类-----☞  (pttNative.java:216)

E/loadmember( 3148): main 返回群组信息的指令0000006a                               ----在这个类-----☞  (pttNative.java:226)

E/strings ( 3148): strings.get(i) \u65b0                                ----在这个类-----☞  (pttNative.java:254)

E/strings ( 3148): tempTxt 新                                            ----在这个类-----☞  (pttNative.java:256)

E/strings ( 3148): strings.get(i) \u7248                                ----在这个类-----☞  (pttNative.java:254)

E/strings ( 3148): tempTxt 新版                                           ----在这个类-----☞  (pttNative.java:256)

E/strings ( 3148): strings.get(i) \u672c                                ----在这个类-----☞  (pttNative.java:254)

E/strings ( 3148): tempTxt 新版本                                          ----在这个类-----☞  (pttNative.java:256)

E/strings ( 3148): strings.get(i) \u7ec4                                ----在这个类-----☞  (pttNative.java:254)

E/strings ( 3148): tempTxt 新版本组                                         ----在这个类-----☞  (pttNative.java:256)

E/strings ( 3148): strings.get(i) \u0034                                ----在这个类-----☞  (pttNative.java:254)

E/strings ( 3148): tempTxt 新版本组4                                        ----在这个类-----☞  (pttNative.java:256)

E/pttNative( 3148):   组名称  新版本组4                                         ----在这个类-----☞  (pttNative.java:258)

E/xx      ( 3148): ----------------------checkHex end --------------------------   ----在这个类-----☞  (pttNative.java:1014)

E/Callback:( 3148): +POC:8000000000040000006a0010b06548722c67c47e34000000

E/str1    ( 3148): 80000040006a010b06548722c67c47e34000

E/str2    ( 3148): 8000000000040000006a0010b06548722c67c47e34000000

E/callback:( 3148): ------------------------------------end--------------------------------------

E/libplasma( 3148): 


E/libplasma( 3148): +POC:800000000005000000690010b06548722c67c47e33000000

E/libplasma( 3148): 


E/callback:( 3148): ------------------------------------start--------------------------------------

E/Poc2 AT Callback:( 3148): +POC:800000000005000000690010b06548722c67c47e33000000

E/Poc     ( 3148): 80

E/Poc     ( 3148): 0

E/Poc     ( 3148): 0

E/Poc     ( 3148): 0

E/Poc     ( 3148): 0

E/Poc     ( 3148): 5

E/Poc     ( 3148): 0

E/Poc     ( 3148): 0

E/Poc     ( 3148): 0

E/Poc     ( 3148): 69

E/Poc     ( 3148): 0

E/Poc     ( 3148): 10

E/Poc     ( 3148): b0

E/Poc     ( 3148): 65

E/Poc     ( 3148): 48

E/Poc     ( 3148): 72

E/Poc     ( 3148): 2c

E/Poc     ( 3148): 67

E/Poc     ( 3148): c4

E/Poc     ( 3148): 7e

E/Poc     ( 3148): 33

E/Poc     ( 3148): 0

E/Poc     ( 3148): 0

E/Poc     ( 3148): 0

E/xx      ( 3148): ----------------------checkHex start ---------------------- firstHex 80   ----在这个类-----☞  (pttNative.java:152)

E/all     ( 3148): [80, 0, 0, 0, 0, 5, 0, 0, 0, 69, 0, 10, b0, 65, 48, 72, 2c, 67, c4, 7e, 33, 0, 0, 0]   ----在这个类-----☞  (pttNative.java:153)

E/all     ( 3148): [80, 00, 00, 00, 00, 05, 00, 00, 00, 69, 00, 10, b0, 65, 48, 72, 2c, 67, c4, 7e, 33, 00, 00, 00]   ----在这个类-----☞  (pttNative.java:154)

E/pttNative( 3148): ENotifyGroupListData 返回群组信息的指令                       ----在这个类-----☞  (pttNative.java:207)

E/isLoginSuccess( 3148): 返回群组信息的指令 isLoginSuccess false                       ----在这个类-----☞  (pttNative.java:216)

E/loadmember( 3148): main 返回群组信息的指令00000069                               ----在这个类-----☞  (pttNative.java:226)

E/strings ( 3148): strings.get(i) \u65b0                                ----在这个类-----☞  (pttNative.java:254)

E/strings ( 3148): tempTxt 新                                            ----在这个类-----☞  (pttNative.java:256)

E/strings ( 3148): strings.get(i) \u7248                                ----在这个类-----☞  (pttNative.java:254)

E/strings ( 3148): tempTxt 新版                                           ----在这个类-----☞  (pttNative.java:256)

E/strings ( 3148): strings.get(i) \u672c                                ----在这个类-----☞  (pttNative.java:254)

E/strings ( 3148): tempTxt 新版本                                          ----在这个类-----☞  (pttNative.java:256)

E/strings ( 3148): strings.get(i) \u7ec4                                ----在这个类-----☞  (pttNative.java:254)

E/strings ( 3148): tempTxt 新版本组                                         ----在这个类-----☞  (pttNative.java:256)

E/strings ( 3148): strings.get(i) \u0033                                ----在这个类-----☞  (pttNative.java:254)

E/strings ( 3148): tempTxt 新版本组3                                        ----在这个类-----☞  (pttNative.java:256)

E/pttNative( 3148):   组名称  新版本组3                                         ----在这个类-----☞  (pttNative.java:258)

E/xx      ( 3148): ----------------------checkHex end --------------------------   ----在这个类-----☞  (pttNative.java:1014)

E/Callback:( 3148): +POC:800000000005000000690010b06548722c67c47e33000000

E/str1    ( 3148): 800000500069010b06548722c67c47e33000

E/str2    ( 3148): 800000000005000000690010b06548722c67c47e33000000

E/callback:( 3148): ------------------------------------end--------------------------------------

E/libplasma( 3148): 


E/libplasma( 3148): +POC:800000000006000000680010b06548722c67c47e32000000

E/libplasma( 3148): 


E/callback:( 3148): ------------------------------------start--------------------------------------

E/Poc2 AT Callback:( 3148): +POC:800000000006000000680010b06548722c67c47e32000000

E/Poc     ( 3148): 80

E/Poc     ( 3148): 0

E/Poc     ( 3148): 0

E/Poc     ( 3148): 0

E/Poc     ( 3148): 0

E/Poc     ( 3148): 6

E/Poc     ( 3148): 0

E/Poc     ( 3148): 0

E/Poc     ( 3148): 0

E/Poc     ( 3148): 68

E/Poc     ( 3148): 0

E/Poc     ( 3148): 10

E/Poc     ( 3148): b0

E/Poc     ( 3148): 65

E/Poc     ( 3148): 48

E/Poc     ( 3148): 72

E/Poc     ( 3148): 2c

E/Poc     ( 3148): 67

E/Poc     ( 3148): c4

E/Poc     ( 3148): 7e

E/Poc     ( 3148): 32

E/Poc     ( 3148): 0

E/Poc     ( 3148): 0

E/Poc     ( 3148): 0

E/xx      ( 3148): ----------------------checkHex start ---------------------- firstHex 80   ----在这个类-----☞  (pttNative.java:152)

E/all     ( 3148): [80, 0, 0, 0, 0, 6, 0, 0, 0, 68, 0, 10, b0, 65, 48, 72, 2c, 67, c4, 7e, 32, 0, 0, 0]   ----在这个类-----☞  (pttNative.java:153)

E/all     ( 3148): [80, 00, 00, 00, 00, 06, 00, 00, 00, 68, 00, 10, b0, 65, 48, 72, 2c, 67, c4, 7e, 32, 00, 00, 00]   ----在这个类-----☞  (pttNative.java:154)

E/pttNative( 3148): ENotifyGroupListData 返回群组信息的指令                       ----在这个类-----☞  (pttNative.java:207)

E/isLoginSuccess( 3148): 返回群组信息的指令 isLoginSuccess false                       ----在这个类-----☞  (pttNative.java:216)

E/loadmember( 3148): main 返回群组信息的指令00000068                               ----在这个类-----☞  (pttNative.java:226)

E/strings ( 3148): strings.get(i) \u65b0                                ----在这个类-----☞  (pttNative.java:254)

E/strings ( 3148): tempTxt 新                                            ----在这个类-----☞  (pttNative.java:256)

E/strings ( 3148): strings.get(i) \u7248                                ----在这个类-----☞  (pttNative.java:254)

E/strings ( 3148): tempTxt 新版                                           ----在这个类-----☞  (pttNative.java:256)

E/strings ( 3148): strings.get(i) \u672c                                ----在这个类-----☞  (pttNative.java:254)

E/strings ( 3148): tempTxt 新版本                                          ----在这个类-----☞  (pttNative.java:256)

E/strings ( 3148): strings.get(i) \u7ec4                                ----在这个类-----☞  (pttNative.java:254)

E/strings ( 3148): tempTxt 新版本组                                         ----在这个类-----☞  (pttNative.java:256)

E/strings ( 3148): strings.get(i) \u0032                                ----在这个类-----☞  (pttNative.java:254)

E/strings ( 3148): tempTxt 新版本组2                                        ----在这个类-----☞  (pttNative.java:256)

E/pttNative( 3148):   组名称  新版本组2                                         ----在这个类-----☞  (pttNative.java:258)

E/xx      ( 3148): ----------------------checkHex end --------------------------   ----在这个类-----☞  (pttNative.java:1014)

E/Callback:( 3148): +POC:800000000006000000680010b06548722c67c47e32000000

E/str1    ( 3148): 800000600068010b06548722c67c47e32000

E/str2    ( 3148): 800000000006000000680010b06548722c67c47e32000000

E/callback:( 3148): ------------------------------------end--------------------------------------

E/libplasma( 3148): 


E/libplasma( 3148): +POC:800000000007000000670010b06548722c67c47e0000

E/libplasma( 3148): 


E/callback:( 3148): ------------------------------------start--------------------------------------

E/Poc2 AT Callback:( 3148): +POC:800000000007000000670010b06548722c67c47e0000

E/Poc     ( 3148): 80

E/Poc     ( 3148): 0

E/Poc     ( 3148): 0

E/Poc     ( 3148): 0

E/Poc     ( 3148): 0

E/Poc     ( 3148): 7

E/Poc     ( 3148): 0

E/Poc     ( 3148): 0

E/Poc     ( 3148): 0

E/Poc     ( 3148): 67

E/Poc     ( 3148): 0

E/Poc     ( 3148): 10

E/Poc     ( 3148): b0

E/Poc     ( 3148): 65

E/Poc     ( 3148): 48

E/Poc     ( 3148): 72

E/Poc     ( 3148): 2c

E/Poc     ( 3148): 67

E/Poc     ( 3148): c4

E/Poc     ( 3148): 7e

E/Poc     ( 3148): 0

E/Poc     ( 3148): 0

E/xx      ( 3148): ----------------------checkHex start ---------------------- firstHex 80   ----在这个类-----☞  (pttNative.java:152)

E/all     ( 3148): [80, 0, 0, 0, 0, 7, 0, 0, 0, 67, 0, 10, b0, 65, 48, 72, 2c, 67, c4, 7e, 0, 0]   ----在这个类-----☞  (pttNative.java:153)

E/all     ( 3148): [80, 00, 00, 00, 00, 07, 00, 00, 00, 67, 00, 10, b0, 65, 48, 72, 2c, 67, c4, 7e, 00, 00]   ----在这个类-----☞  (pttNative.java:154)

E/pttNative( 3148): ENotifyGroupListData 返回群组信息的指令                       ----在这个类-----☞  (pttNative.java:207)

E/isLoginSuccess( 3148): 返回群组信息的指令 isLoginSuccess false                       ----在这个类-----☞  (pttNative.java:216)

E/loadmember( 3148): main 返回群组信息的指令00000067                               ----在这个类-----☞  (pttNative.java:226)

E/strings ( 3148): strings.get(i) \u65b0                                ----在这个类-----☞  (pttNative.java:254)

E/strings ( 3148): tempTxt 新                                            ----在这个类-----☞  (pttNative.java:256)

E/strings ( 3148): strings.get(i) \u7248                                ----在这个类-----☞  (pttNative.java:254)

E/strings ( 3148): tempTxt 新版                                           ----在这个类-----☞  (pttNative.java:256)

E/strings ( 3148): strings.get(i) \u672c                                ----在这个类-----☞  (pttNative.java:254)

E/strings ( 3148): tempTxt 新版本                                          ----在这个类-----☞  (pttNative.java:256)

E/strings ( 3148): strings.get(i) \u7ec4                                ----在这个类-----☞  (pttNative.java:254)

E/strings ( 3148): tempTxt 新版本组                                         ----在这个类-----☞  (pttNative.java:256)

E/pttNative( 3148):   组名称  新版本组                                          ----在这个类-----☞  (pttNative.java:258)

E/xx      ( 3148): ----------------------checkHex end --------------------------   ----在这个类-----☞  (pttNative.java:1014)

E/Callback:( 3148): +POC:800000000007000000670010b06548722c67c47e0000

E/str1    ( 3148): 800000700067010b06548722c67c47e00

E/str2    ( 3148): 800000000007000000670010b06548722c67c47e0000

E/callback:( 3148): ------------------------------------end--------------------------------------

E/libplasma( 3148): 


E/libplasma( 3148): +POC:0d0000000007

E/libplasma( 3148): 


E/callback:( 3148): ------------------------------------start--------------------------------------

E/Poc2 AT Callback:( 3148): +POC:0d0000000007

E/Poc     ( 3148): d

E/Poc     ( 3148): 0

E/Poc     ( 3148): 0

E/Poc     ( 3148): 0

E/Poc     ( 3148): 0

E/Poc     ( 3148): 7

E/xx      ( 3148): ----------------------checkHex start ---------------------- firstHex d   ----在这个类-----☞  (pttNative.java:152)

E/all     ( 3148): [d, 0, 0, 0, 0, 7]                                   ----在这个类-----☞  (pttNative.java:153)

E/all     ( 3148): [0d, 00, 00, 00, 00, 07]                             ----在这个类-----☞  (pttNative.java:154)

E/xx      ( 3148): ----------------------checkHex end --------------------------   ----在这个类-----☞  (pttNative.java:1014)

E/Callback:( 3148): +POC:0d0000000007

E/str1    ( 3148): d00007

E/str2    ( 3148): 0d0000000007

E/callback:( 3148): ------------------------------------end--------------------------------------

E/libplasma( 3148): OEM send socket:46, buffer length:11


E/libplasma( 3148): 


E/libplasma( 3148): RECVED:13


E/libplasma( 3148): init_tcp_data_process!


E/libplasma( 3148): Go go go!


E/USB_UICC(  261): Timeout! No signal received. Retry num = 27

E/CABL    ( 4267): Failed to connect to daemon socket

W/System.err( 4267): java.io.IOException: No such file or directory

W/System.err( 4267): 	at android.net.LocalSocketImpl.connectLocal(Native Method)

W/System.err( 4267): 	at android.net.LocalSocketImpl.connect(LocalSocketImpl.java:293)

W/System.err( 4267): 	at android.net.LocalSocket.connect(LocalSocket.java:130)

W/System.err( 4267): 	at com.qualcomm.cabl.CABLDaemonConnector.listenToSocket(CABLDaemonConnector.java:58)

W/System.err( 4267): 	at com.qualcomm.cabl.CABLDaemonConnector.run(CABLDaemonConnector.java:42)

W/System.err( 4267): 	at java.lang.Thread.run(Thread.java:818)

E/CABL    ( 4267): Closing the socket!

I/SurfaceFlinger(  228): FPS: 21

E/QC-QMI  (  425): qmi_qmux_open_connection: connection is disabled for conn_id=29

E/QC-QMI  (  425): qmi_qmux_tx_msg: failed to open inactive connd_id=29

E/QC-QMI  (  425): qmi_qmux: TX failed, connection inactive or in reset, conn_id=29, status_flags=4

E/QC-QMI  (  425): qmi_ctl_tx_msg: qmi_qmux_tx_msg failed

E/QC-QMI  (  425): qmi_ctl_handle_request: qmi_ctl_tx_msg call failed

E/QC-QMI  (  425): qmi_qmux_open_connection: connection is disabled for conn_id=29

E/QC-QMI  (  425): qmi_qmux_tx_msg: failed to open inactive connd_id=29

E/QC-QMI  (  425): qmi_qmux: TX failed, connection inactive or in reset, conn_id=29, status_flags=4

E/QC-QMI  (  425): qmi_ctl_tx_msg: qmi_qmux_tx_msg failed
