D/PhoneApp( 3083): - reason: dataAttached

D/PhoneApp( 3083): mReceiver: ACTION_ANY_DATA_CONNECTION_STATE_CHANGED

D/PhoneApp( 3083): - state: DISCONNECTED

D/PhoneApp( 3083): - reason: dataAttached

D/PhoneApp( 3083): mReceiver: ACTION_ANY_DATA_CONNECTION_STATE_CHANGED

D/PhoneApp( 3083): - state: DISCONNECTED

D/PhoneApp( 3083): - reason: dataAttached

D/PhoneApp( 3083): mReceiver: ACTION_ANY_DATA_CONNECTION_STATE_CHANGED

D/PhoneApp( 3083): - state: DISCONNECTED

D/PhoneApp( 3083): - reason: dataAttached

D/PhoneApp( 3083): mReceiver: ACTION_ANY_DATA_CONNECTION_STATE_CHANGED

D/PhoneApp( 3083): - state: DISCONNECTED

D/PhoneApp( 3083): - reason: dataAttached

D/PhoneApp( 3083): mReceiver: ACTION_ANY_DATA_CONNECTION_STATE_CHANGED

D/PhoneApp( 3083): - state: DISCONNECTED

D/PhoneApp( 3083): - reason: dataAttached

D/PhoneApp( 3083): mReceiver: ACTION_ANY_DATA_CONNECTION_STATE_CHANGED

D/PhoneApp( 3083): - state: DISCONNECTED

D/PhoneApp( 3083): - reason: dataAttached

D/Telephony( 3083): PstnPhoneCapabilitiesNotifier: handleVideoCapabilitesChanged. Video capability - false

D/TVRecyclerView( 3148): setAdapter:cn.qssmart.gchat.adapter.SmallMainGroupRVAdapter@1cc11cec

E/QC-QMI  (  249): qmi_wds_start_nw_if: unknown response TLV type = 1

E/loadmember( 3148): main                                                 ----在这个类-----☞  (SmallPttActivity.java:167)

E/xx      ( 3148): 要注册广播吗 false                                         ----在这个类-----☞  (SmallPttActivity.java:192)

E/USB_UICC(  261): Timeout! No signal received. Retry num = 21

D/MyApp   ( 3148): onActivityStarted                                    ----在这个类-----☞  (MyApp.java:106)

D/MyApp   ( 3148): onActivityResumed                                    ----在这个类-----☞  (MyApp.java:112)

I/main    ( 3148): 屏幕 宽： 176 高： 220 density: 0.88125 densityDPI: 141.0   ----在这个类-----☞  (UserBaseActivity.java:1483)

E/isVVk   ( 3148): Build.BOARD msm8909                                  ----在这个类-----☞  (BaseActivity.java:172)

D/CallNotifier( 3083): onMwiChanged(): false phoneId = 0

D/CallNotifier( 3083): onCfiChanged(): false

E/UserBaseActivity( 3148): 进入操作界面     true                                      ----在这个类-----☞  (UserBaseActivity.java:923)

D/CallNotifier( 3083): onMwiChanged(): false phoneId = 0

D/CallNotifier( 3083): onCfiChanged(): false

D/PhoneApp( 3083): mReceiver: ACTION_ANY_DATA_CONNECTION_STATE_CHANGED

D/PhoneApp( 3083): - state: DISCONNECTED

D/PhoneApp( 3083): - reason: simLoaded

D/PhoneApp( 3083): mReceiver: ACTION_ANY_DATA_CONNECTION_STATE_CHANGED

D/PhoneApp( 3083): - state: DISCONNECTED

D/PhoneApp( 3083): - reason: simLoaded

D/PhoneApp( 3083): mReceiver: ACTION_ANY_DATA_CONNECTION_STATE_CHANGED

D/PhoneApp( 3083): - state: DISCONNECTED

D/PhoneApp( 3083): - reason: simLoaded

D/PhoneApp( 3083): mReceiver: ACTION_ANY_DATA_CONNECTION_STATE_CHANGED

D/PhoneApp( 3083): - state: DISCONNECTED

D/PhoneApp( 3083): - reason: simLoaded

D/PhoneApp( 3083): mReceiver: ACTION_ANY_DATA_CONNECTION_STATE_CHANGED

D/PhoneApp( 3083): - state: DISCONNECTED

D/PhoneApp( 3083): - reason: simLoaded

D/PhoneApp( 3083): mReceiver: ACTION_ANY_DATA_CONNECTION_STATE_CHANGED

D/PhoneApp( 3083): - state: DISCONNECTED

D/PhoneApp( 3083): - reason: simLoaded

D/PhoneApp( 3083): mReceiver: ACTION_ANY_DATA_CONNECTION_STATE_CHANGED

D/PhoneApp( 3083): - state: DISCONNECTED

D/PhoneApp( 3083): - reason: simLoaded

D/PhoneApp( 3083): mReceiver: ACTION_ANY_DATA_CONNECTION_STATE_CHANGED

D/PhoneApp( 3083): - state: DISCONNECTED

D/PhoneApp( 3083): - reason: simLoaded

D/StatusBar.NetworkController( 2668): refreshViews: Data not connected!! Set no data type icon / Roaming

E/xx      ( 3148): 首页 onResume.........                                 ----在这个类-----☞  (SmallPttActivity.java:278)

E/xx      ( 3148): onResume                                             ----在这个类-----☞  (SmallPttActivity.java:281)

W/System.err( 3920): java.net.UnknownHostException: Unable to resolve host "da.mmarket.com": No address associated with hostname

W/System.err( 3920): 	at java.net.InetAddress.lookupHostByName(InetAddress.java:457)

W/System.err( 3920): 	at java.net.InetAddress.getAllByNameImpl(InetAddress.java:252)

W/System.err( 3920): 	at java.net.InetAddress.getAllByName(InetAddress.java:215)

W/System.err( 3920): 	at com.android.okhttp.HostResolver$1.getAllByName(HostResolver.java:29)

W/System.err( 3920): 	at com.android.okhttp.internal.http.RouteSelector.resetNextInetSocketAddress(RouteSelector.java:232)

W/System.err( 3920): 	at com.android.okhttp.internal.http.RouteSelector.next(RouteSelector.java:124)

W/System.err( 3920): 	at com.android.okhttp.internal.http.HttpEngine.connect(HttpEngine.java:272)

W/System.err( 3920): 	at com.android.okhttp.internal.http.HttpEngine.sendRequest(HttpEngine.java:211)

W/System.err( 3920): 	at com.android.okhttp.internal.http.HttpURLConnectionImpl.execute(HttpURLConnectionImpl.java:382)

W/System.err( 3920): 	at com.android.okhttp.internal.http.HttpURLConnectionImpl.connect(HttpURLConnectionImpl.java:106)

W/System.err( 3920): 	at com.android.okhttp.internal.http.HttpURLConnectionImpl.getOutputStream(HttpURLConnectionImpl.java:217)

W/System.err( 3920): 	at abr.b(Unknown Source)

W/System.err( 3920): 	at abr.e(Unknown Source)

W/System.err( 3920): 	at abr.g(Unknown Source)

W/System.err( 3920): 	at com.chinaMobile.lxd.e.run(Unknown Source)

W/System.err( 3920): Caused by: android.system.GaiException: android_getaddrinfo failed: EAI_NODATA (No address associated with hostname)

W/System.err( 3920): 	at libcore.io.Posix.android_getaddrinfo(Native Method)

W/System.err( 3920): 	at libcore.io.ForwardingOs.android_getaddrinfo(ForwardingOs.java:55)

W/System.err( 3920): 	at java.net.InetAddress.lookupHostByName(InetAddress.java:438)

W/System.err( 3920): 	... 14 more

W/MobileAgent( 3920): please check your network

E/xx      ( 3148): 注册EventBus......                                     ----在这个类-----☞  (EventBusUtils.java:29)

I/ViewRootImpl( 3148): CPU Rendering VSync enable = false

D/PhoneApp( 3083): mReceiver: ACTION_ANY_DATA_CONNECTION_STATE_CHANGED

D/PhoneApp( 3083): - state: CONNECTING

D/PhoneApp( 3083): - reason: dataEnabled

D/PhoneApp( 3083): mReceiver: ACTION_ANY_DATA_CONNECTION_STATE_CHANGED

D/PhoneApp( 3083): - state: DISCONNECTED

D/PhoneApp( 3083): - reason: dataEnabled

V/WindowManager(  741): Adding window Window{2c3e70bf u0 cn.qssmart.gchat/cn.qssmart.gchat.ui.minidevice.ptt.SmallPttActivity} at 2 of 6 (before Window{33cde148 u0 cn.qssmart.gchat/cn.qssmart.gchat.ui.minidevice.ptt.SmallPttActivity})

E/file    ( 3148): sBuffer AgentPWD=;UserName=XBB16;PassWord=111111;IP=116.196.113.8;Location=false;TempCall=true;APNAlias=;APNAccount=;APNPwd=;   ----在这个类-----☞  (MainFilesUtils.java:289)

E/UserBaseActivity( 3148): 开启定位dto.isLocation()........false                    ----在这个类-----☞  (UserBaseActivity.java:312)

E/UserBaseActivity( 3148): 关闭定位........                                         ----在这个类-----☞  (UserBaseActivity.java:386)

D/PhoneApp( 3083): mReceiver: ACTION_ANY_DATA_CONNECTION_STATE_CHANGED

D/PhoneApp( 3083): - state: DISCONNECTED

D/PhoneApp( 3083): - reason: dataEnabled

D/PhoneApp( 3083): mReceiver: ACTION_ANY_DATA_CONNECTION_STATE_CHANGED

D/PhoneApp( 3083): - state: DISCONNECTED

D/PhoneApp( 3083): - reason: dataEnabled

D/PhoneApp( 3083): mReceiver: ACTION_ANY_DATA_CONNECTION_STATE_CHANGED

D/PhoneApp( 3083): - state: DISCONNECTED

D/PhoneApp( 3083): - reason: dataEnabled

D/PhoneApp( 3083): mReceiver: ACTION_ANY_DATA_CONNECTION_STATE_CHANGED

D/PhoneApp( 3083): - state: DISCONNECTED

D/PhoneApp( 3083): - reason: dataEnabled

D/PhoneApp( 3083): mReceiver: ACTION_ANY_DATA_CONNECTION_STATE_CHANGED

D/PhoneApp( 3083): - state: DISCONNECTED

D/PhoneApp( 3083): - reason: dataEnabled

D/PhoneApp( 3083): mReceiver: ACTION_ANY_DATA_CONNECTION_STATE_CHANGED

D/PhoneApp( 3083): - state: DISCONNECTED

D/PhoneApp( 3083): - reason: dataEnabled

D/CallNotifier( 3083): onMwiChanged(): false phoneId = 0

D/CallNotifier( 3083): onCfiChanged(): false

D/SimStateReceiver( 3389): received broadcast android.intent.action.SIM_STATE_CHANGED

D/SimStateReceiver( 3389): ACTION_SIM_STATE_CHANGED intent received on sub = 0SIM STATE IS READY

W/ContextImpl( 3389): Calling a method in the system process without a qualified user: android.app.ContextImpl.startService:1699 android.content.ContextWrapper.startService:516 android.content.ContextWrapper.startService:516 com.qualcomm.simcontacts.SimStateReceiver.sendSimState:78 com.qualcomm.simcontacts.SimStateReceiver.onReceive:54 

D/SimContactsService( 3389): service onStart!

D/SimContactsService( 3389): on sim state changed event, state:1

D/DefaultReceiver( 3083): receive android.intent.action.SIM_STATE_CHANGED

I/SurfaceFlinger(  228): FPS: 1

E/xx      ( 3148): 录音文件列表getList   10                                   ----在这个类-----☞  (FileUtils.java:50)

E/xz      ( 3148): 完整  /storage/emulated/0/G_CHAT/wav/pttrecord_新版本16_1_1546519335117.wav pttrecord_新版本16_1_1546519335117.wav   ----在这个类-----☞  (FileUtils.java:64)

E/        ( 3148): nowName 新版本16 titlepttrecord_新版本16_1_1546519335117.wav   ----在这个类-----☞  (FileUtils.java:65)

E/        ( 3148): nowName 新版本16 getName新版本16  getOtherTalkName 1546519335117.wav   ----在这个类-----☞  (FileUtils.java:68)

E/xz      ( 3148): 完整  /storage/emulated/0/G_CHAT/wav/pttrecord_新版本5_0_新版本16_1546519283787.wav pttrecord_新版本5_0_新版本16_1546519283787.wav   ----在这个类-----☞  (FileUtils.java:64)

E/        ( 3148): nowName 新版本16 titlepttrecord_新版本5_0_新版本16_1546519283787.wav   ----在这个类-----☞  (FileUtils.java:65)

E/        ( 3148): nowName 新版本16 getName新版本5  getOtherTalkName 新版本16    ----在这个类-----☞  (FileUtils.java:68)

E/xz      ( 3148): 完整  /storage/emulated/0/G_CHAT/wav/pttrecord_新版本5_0_新版本16_1546519328916.wav pttrecord_新版本5_0_新版本16_1546519328916.wav   ----在这个类-----☞  (FileUtils.java:64)

E/        ( 3148): nowName 新版本16 titlepttrecord_新版本5_0_新版本16_1546519328916.wav   ----在这个类-----☞  (FileUtils.java:65)

E/        ( 3148): nowName 新版本16 getName新版本5  getOtherTalkName 新版本16    ----在这个类-----☞  (FileUtils.java:68)

E/xz      ( 3148): 完整  /storage/emulated/0/G_CHAT/wav/pttrecord_新版本16_1_1546519338008.wav pttrecord_新版本16_1_1546519338008.wav   ----在这个类-----☞  (FileUtils.java:64)

E/        ( 3148): nowName 新版本16 titlepttrecord_新版本16_1_1546519338008.wav   ----在这个类-----☞  (FileUtils.java:65)

E/        ( 3148): nowName 新版本16 getName新版本16  getOtherTalkName 1546519338008.wav   ----在这个类-----☞  (FileUtils.java:68)

E/xz      ( 3148): 完整  /storage/emulated/0/G_CHAT/wav/pttrecord_新版本5_0_新版本16_1546519172131.wav pttrecord_新版本5_0_新版本16_1546519172131.wav   ----在这个类-----☞  (FileUtils.java:64)

E/        ( 3148): nowName 新版本16 titlepttrecord_新版本5_0_新版本16_1546519172131.wav   ----在这个类-----☞  (FileUtils.java:65)

E/        ( 3148): nowName 新版本16 getName新版本5  getOtherTalkName 新版本16    ----在这个类-----☞  (FileUtils.java:68)

E/xz      ( 3148): 完整  /storage/emulated/0/G_CHAT/wav/pttrecord_新版本5_0_新版本16_1546519281711.wav pttrecord_新版本5_0_新版本16_1546519281711.wav   ----在这个类-----☞  (FileUtils.java:64)

E/        ( 3148): nowName 新版本16 titlepttrecord_新版本5_0_新版本16_1546519281711.wav   ----在这个类-----☞  (FileUtils.java:65)

E/        ( 3148): nowName 新版本16 getName新版本5  getOtherTalkName 新版本16    ----在这个类-----☞  (FileUtils.java:68)

E/xz      ( 3148): 完整  /storage/emulated/0/G_CHAT/wav/pttrecord_新版本16_1_1546519183474.wav pttrecord_新版本16_1_1546519183474.wav   ----在这个类-----☞  (FileUtils.java:64)

E/        ( 3148): nowName 新版本16 titlepttrecord_新版本16_1_1546519183474.wav   ----在这个类-----☞  (FileUtils.java:65)

E/        ( 3148): nowName 新版本16 getName新版本16  getOtherTalkName 1546519183474.wav   ----在这个类-----☞  (FileUtils.java:68)

E/xz      ( 3148): 完整  /storage/emulated/0/G_CHAT/wav/pttrecord_新版本5_0_新版本16_1546519186860.wav pttrecord_新版本5_0_新版本16_1546519186860.wav   ----在这个类-----☞  (FileUtils.java:64)

E/        ( 3148): nowName 新版本16 titlepttrecord_新版本5_0_新版本16_1546519186860.wav   ----在这个类-----☞  (FileUtils.java:65)

E/        ( 3148): nowName 新版本16 getName新版本5  getOtherTalkName 新版本16    ----在这个类-----☞  (FileUtils.java:68)

E/xz      ( 3148): 完整  /storage/emulated/0/G_CHAT/wav/pttrecord_新版本5_0_新版本16_1546519286047.wav pttrecord_新版本5_0_新版本16_1546519286047.wav   ----在这个类-----☞  (FileUtils.java:64)

E/        ( 3148): nowName 新版本16 titlepttrecord_新版本5_0_新版本16_1546519286047.wav   ----在这个类-----☞  (FileUtils.java:65)

E/        ( 3148): nowName 新版本16 getName新版本5  getOtherTalkName 新版本16    ----在这个类-----☞  (FileUtils.java:68)

E/xz      ( 3148): 完整  /storage/emulated/0/G_CHAT/wav/pttrecord_新版本5_0_新版本16_1546519331315.wav pttrecord_新版本5_0_新版本16_1546519331315.wav   ----在这个类-----☞  (FileUtils.java:64)

E/        ( 3148): nowName 新版本16 titlepttrecord_新版本5_0_新版本16_1546519331315.wav   ----在这个类-----☞  (FileUtils.java:65)

E/        ( 3148): nowName 新版本16 getName新版本5  getOtherTalkName 新版本16    ----在这个类-----☞  (FileUtils.java:68)

D/BluetoothManagerService(  741): Retrieving Bluetooth Adapter name and address...

D/BluetoothManagerService(  741): getNameAndAddress(): mBluetooth = null mBinding = false

D/BluetoothManagerService(  741): Message: 200

D/BluetoothManagerService(  741): MESSAGE_GET_NAME_AND_ADDRESS

D/BluetoothManagerService(  741): Binding to service to get name and address

E/BluetoothManagerService(  741): Fail to bind to: Intent { act=android.bluetooth.IBluetooth }

E/xx      ( 3148): 传送的  文件列表getList   10                                ----在这个类-----☞  (FileUtils.java:113)

E/isVVk   ( 3148): Build.BOARD msm8909                                  ----在这个类-----☞  (BaseActivity.java:172)

W/Searchables(  741): No global search activity found

V/TimerSwitch( 3779): AlarmInitReceiver android.intent.action.BOOT_COMPLETED

D/TimerSwitch( 3779): initReceiver:android.intent.action.BOOT_COMPLETED

D/TimerSwitch( 3779): TimerSwitchReceive BootComplete

E/DevicePolicyManagerService(  741): Could not connect to KeyChain service

E/DevicePolicyManagerService(  741): java.lang.IllegalArgumentException: Service Intent must be explicit: Intent { act=android.security.IKeyChainService }

E/DevicePolicyManagerService(  741): 	at android.app.ContextImpl.validateServiceIntent(ContextImpl.java:1687)

E/DevicePolicyManagerService(  741): 	at android.app.ContextImpl.bindServiceCommon(ContextImpl.java:1786)

E/DevicePolicyManagerService(  741): 	at android.app.ContextImpl.bindServiceAsUser(ContextImpl.java:1771)

E/DevicePolicyManagerService(  741): 	at android.security.KeyChain.bindAsUser(KeyChain.java:473)

E/DevicePolicyManagerService(  741): 	at com.android.server.devicepolicy.DevicePolicyManagerService$MonitoringCertNotificationTask.manageNotification(DevicePolicyManagerService.java:1695)

E/DevicePolicyManagerService(  741): 	at com.android.server.devicepolicy.DevicePolicyManagerService$MonitoringCertNotificationTask.doInBackground(DevicePolicyManagerService.java:1682)

E/DevicePolicyManagerService(  741): 	at com.android.server.devicepolicy.DevicePolicyManagerService$MonitoringCertNotificationTask.doInBackground(DevicePolicyManagerService.java:1672)

E/DevicePolicyManagerService(  741): 	at android.os.AsyncTask$2.call(AsyncTask.java:292)

E/DevicePolicyManagerService(  741): 	at java.util.concurrent.FutureTask.run(FutureTask.java:237)

E/DevicePolicyManagerService(  741): 	at android.os.AsyncTask$SerialExecutor$1.run(AsyncTask.java:231)

E/DevicePolicyManagerService(  741): 	at java.util.concurrent.ThreadPoolExecutor.runWorker(ThreadPoolExecutor.java:1112)

E/DevicePolicyManagerService(  741): 	at java.util.concurrent.ThreadPoolExecutor$Worker.run(ThreadPoolExecutor.java:587)

E/DevicePolicyManagerService(  741): 	at java.lang.Thread.run(Thread.java:818)

V/TimerSwitch( 3779): AlarmInitReceiver finished

D/SimStateReceiver( 3389): received broadcast android.intent.action.BOOT_COMPLETED

W/ContextImpl( 3389): Calling a method in the system process without a qualified user: android.app.ContextImpl.startService:1699 android.content.ContextWrapper.startService:516 android.content.ContextWrapper.startService:516 com.qualcomm.simcontacts.SimStateReceiver.sendPhoneBoot:69 com.qualcomm.simcontacts.SimStateReceiver.onReceive:56 

D/SimContactsService( 3389): service onStart!

D/SimContactsService( 3389): on boot complete event

I/RecoverySystem(  741): No recovery log file

D/SimContactsService( 3389): phone account alreay exist

I/art     (  741): Background partial concurrent mark sweep GC freed 11983(909KB) AllocSpace objects, 11(176KB) LOS objects, 33% free, 6MB/10MB, paused 5.961ms total 116.293ms

V/OtaStartupReceiver( 3083): onOtaspChanged: mOtaspMode=3

D/ConnectivityService(  741): setProvNotificationVisible: E visible=false networkType=0 action=com.android.internal.telephony.PROVISION0

D/ConnectivityService(  741): setProvNotificationVisibleIntent: E visible=false networkType=0 extraInfo=null

D/WIFI    (  741): Registering NetworkFactory

D/WIFI_UT (  741): Registering NetworkFactory

D/ConnectivityService(  741): Got NetworkFactory Messenger for WIFI

D/ConnectivityService(  741): Got NetworkFactory Messenger for WIFI_UT

D/WIFI    (  741): got request NetworkRequest [ id=1, legacyType=-1, [ Capabilities: INTERNET&NOT_RESTRICTED&TRUSTED&NOT_VPN] ] with score 0

D/WIFI_UT (  741): got request NetworkRequest [ id=1, legacyType=-1, [ Capabilities: INTERNET&NOT_RESTRICTED&TRUSTED&NOT_VPN] ] with score 0

E/MyApp   ( 3148): onUserPresent                                        ----在这个类-----☞  (MyApp.java:93)

E/QC-QMI  (  425): qmi_qmux_open_connection: connection is disabled for conn_id=29

E/QC-QMI  (  425): qmi_qmux_tx_msg: failed to open inactive connd_id=29

E/QC-QMI  (  425): qmi_qmux: TX failed, connection inactive or in reset, conn_id=29, status_flags=4

E/QC-QMI  (  425): qmi_ctl_tx_msg: qmi_qmux_tx_msg failed

E/QC-QMI  (  425): qmi_ctl_handle_request: qmi_ctl_tx_msg call failed

E/QC-QMI  (  425): qmi_qmux_open_connection: connection is disabled for conn_id=29

E/QC-QMI  (  425): qmi_qmux_tx_msg: failed to open inactive connd_id=29

E/QC-QMI  (  425): qmi_qmux: TX failed, connection inactive or in reset, conn_id=29, status_flags=4

E/QC-QMI  (  425): qmi_ctl_tx_msg: qmi_qmux_tx_msg failed

E/QC-QMI  (  425): qmi_ctl_handle_request: qmi_ctl_tx_msg call failed

E/QC-QMI  (  425): qmi_qmux_open_connection: connection is disabled for conn_id=48

E/QC-QMI  (  425): qmi_qmux_tx_msg: failed to open inactive connd_id=48

E/QC-QMI  (  425): qmi_qmux: TX failed, connection inactive or in reset, conn_id=48, status_flags=4

E/QC-QMI  (  425): qmi_ctl_tx_msg: qmi_qmux_tx_msg failed

E/QC-QMI  (  425): qmi_ctl_handle_request: qmi_ctl_tx_msg call failed

E/QC-QMI  (  425): qmi_qmux_open_connection: connection is disabled for conn_id=48

E/QC-QMI  (  425): qmi_qmux_tx_msg: failed to open inactive connd_id=48

E/QC-QMI  (  425): qmi_qmux: TX failed, connection inactive or in reset, conn_id=48, status_flags=4

E/QC-QMI  (  425): qmi_ctl_tx_msg: qmi_qmux_tx_msg failed

E/QC-QMI  (  425): qmi_ctl_handle_request: qmi_ctl_tx_msg call failed

D/ConnectivityService(  741): registerNetworkAgent NetworkAgentInfo{ ni{[type: MOBILE[LTE], state: CONNECTED/CONNECTED, reason: connected, extra: CMIOT, roaming: false, failover: false, isAvailable: true, isConnectedToProvisioningNetwork: false]}  network{null}  lp{{InterfaceName: rmnet_data0 LinkAddresses: [10.43.84.255/23,]  Routes: [0.0.0.0/0 -> 10.43.85.0 rmnet_data0,] DnsAddresses: [211.136.17.107,211.136.20.203,] Domains: null MTU: 1500 TcpBufferSizes: 2097152,4194304,8388608,262144,524288,1048576}}  nc{[ Transports: CELLULAR Capabilities: INTERNET&NOT_RESTRICTED&TRUSTED&NOT_VPN LinkUpBandwidth>=51200Kbps LinkDnBandwidth>=102400Kbps Specifier: <1>]}  Score{10}  everValidated{false}  lastValidated{false}  created{false}  explicitlySelected{false} }

E/QC-QMI  (  425): qmi_qmux_open_connection: connection is disabled for conn_id=57

E/QC-QMI  (  425): qmi_qmux_tx_msg: failed to open inactive connd_id=57

E/QC-QMI  (  425): qmi_qmux: TX failed, connection inactive or in reset, conn_id=57, status_flags=4

E/QC-QMI  (  425): qmi_ctl_tx_msg: qmi_qmux_tx_msg failed

E/QC-QMI  (  425): qmi_ctl_handle_request: qmi_ctl_tx_msg call failed

E/QC-QMI  (  425): qmi_qmux_open_connection: connection is disabled for conn_id=57

E/QC-QMI  (  425): qmi_qmux_tx_msg: failed to open inactive connd_id=57

E/QC-QMI  (  425): qmi_qmux: TX failed, connection inactive or in reset, conn_id=57, status_flags=4

E/QC-QMI  (  425): qmi_ctl_tx_msg: qmi_qmux_tx_msg failed

E/QC-QMI  (  425): qmi_ctl_handle_request: qmi_ctl_tx_msg call failed

D/ConnectivityService(  741): NetworkAgentInfo [MOBILE (LTE) - 100] EVENT_NETWORK_INFO_CHANGED, going from null to CONNECTED

D/ConnectivityService(  741): Adding iface rmnet_data0 to network 100

E/QC-QMI  (  425): qmi_qmux_open_connection: connection is disabled for conn_id=29

E/QC-QMI  (  425): qmi_qmux_tx_msg: failed to open inactive connd_id=29

E/QC-QMI  (  425): qmi_qmux: TX failed, connection inactive or in reset, conn_id=29, status_flags=4

E/QC-QMI  (  425): qmi_ctl_tx_msg: qmi_qmux_tx_msg failed

E/QC-QMI  (  425): qmi_ctl_handle_request: qmi_ctl_tx_msg call failed

I/ActivityManager(  741): Displayed cn.qssmart.gchat/.ui.minidevice.ptt.SmallPttActivity: +1s460ms

E/QC-QMI  (  425): qmi_qmux_open_connection: connection is disabled for conn_id=29

E/QC-QMI  (  425): qmi_qmux_tx_msg: failed to open inactive connd_id=29

E/QC-QMI  (  425): qmi_qmux: TX failed, connection inactive or in reset, conn_id=29, status_flags=4

E/QC-QMI  (  425): qmi_ctl_tx_msg: qmi_qmux_tx_msg failed

E/QC-QMI  (  425): qmi_ctl_handle_request: qmi_ctl_tx_msg call failed

E/QC-QMI  (  425): qmi_qmux_open_connection: connection is disabled for conn_id=48

E/QC-QMI  (  425): qmi_qmux_tx_msg: failed to open inactive connd_id=48

E/QC-QMI  (  425): qmi_qmux: TX failed, connection inactive or in reset, conn_id=48, status_flags=4

E/QC-QMI  (  425): qmi_ctl_tx_msg: qmi_qmux_tx_msg failed

E/QC-QMI  (  425): qmi_ctl_handle_request: qmi_ctl_tx_msg call failed

E/QC-QMI  (  425): qmi_qmux_open_connection: connection is disabled for conn_id=48

E/QC-QMI  (  425): qmi_qmux_tx_msg: failed to open inactive connd_id=48

E/QC-QMI  (  425): qmi_qmux: TX failed, connection inactive or in reset, conn_id=48, status_flags=4

E/QC-QMI  (  425): qmi_ctl_tx_msg: qmi_qmux_tx_msg failed

E/QC-QMI  (  425): qmi_ctl_handle_request: qmi_ctl_tx_msg call failed

E/QC-QMI  (  425): qmi_qmux_open_connection: connection is disabled for conn_id=57

E/QC-QMI  (  425): qmi_qmux_tx_msg: failed to open inactive connd_id=57

E/QC-QMI  (  425): qmi_qmux: TX failed, connection inactive or in reset, conn_id=57, status_flags=4

E/QC-QMI  (  425): qmi_ctl_tx_msg: qmi_qmux_tx_msg failed

E/QC-QMI  (  425): qmi_ctl_handle_request: qmi_ctl_tx_msg call failed

E/QC-QMI  (  425): qmi_qmux_open_connection: connection is disabled for conn_id=57

E/QC-QMI  (  425): qmi_qmux_tx_msg: failed to open inactive connd_id=57

E/QC-QMI  (  425): qmi_qmux: TX failed, connection inactive or in reset, conn_id=57, status_flags=4

E/QC-QMI  (  425): qmi_ctl_tx_msg: qmi_qmux_tx_msg failed

E/QC-QMI  (  425): qmi_ctl_handle_request: qmi_ctl_tx_msg call failed

E/QC-QMI  (  425): qmi_qmux_open_connection: connection is disabled for conn_id=29

E/QC-QMI  (  425): qmi_qmux_tx_msg: failed to open inactive connd_id=29

E/QC-QMI  (  425): qmi_qmux: TX failed, connection inactive or in reset, conn_id=29, status_flags=4

E/QC-QMI  (  425): qmi_ctl_tx_msg: qmi_qmux_tx_msg failed

E/QC-QMI  (  425): qmi_ctl_handle_request: qmi_ctl_tx_msg call failed

E/QC-QMI  (  425): qmi_qmux_open_connection: connection is disabled for conn_id=29

E/QC-QMI  (  425): qmi_qmux_tx_msg: failed to open inactive connd_id=29

E/QC-QMI  (  425): qmi_qmux: TX failed, connection inactive or in reset, conn_id=29, status_flags=4

E/QC-QMI  (  425): qmi_ctl_tx_msg: qmi_qmux_tx_msg failed

E/QC-QMI  (  425): qmi_ctl_handle_request: qmi_ctl_tx_msg call failed

E/QC-QMI  (  425): qmi_qmux_open_connection: connection is disabled for conn_id=48

E/QC-QMI  (  425): qmi_qmux_tx_msg: failed to open inactive connd_id=48

E/QC-QMI  (  425): qmi_qmux: TX failed, connection inactive or in reset, conn_id=48, status_flags=4

E/QC-QMI  (  425): qmi_ctl_tx_msg: qmi_qmux_tx_msg failed

E/QC-QMI  (  425): qmi_ctl_handle_request: qmi_ctl_tx_msg call failed

I/BootReceiver(  741): Copying audit failures to DropBox

I/BootReceiver(  741): Checking for fsck errors

E/QC-QMI  (  425): qmi_qmux_open_connection: connection is disabled for conn_id=48

E/QC-QMI  (  425): qmi_qmux_tx_msg: failed to open inactive connd_id=48

E/QC-QMI  (  425): qmi_qmux: TX failed, connection inactive or in reset, conn_id=48, status_flags=4

E/QC-QMI  (  425): qmi_ctl_tx_msg: qmi_qmux_tx_msg failed

E/QC-QMI  (  425): qmi_ctl_handle_request: qmi_ctl_tx_msg call failed

E/QC-QMI  (  425): qmi_qmux_open_connection: connection is disabled for conn_id=57

E/QC-QMI  (  425): qmi_qmux_tx_msg: failed to open inactive connd_id=57

E/QC-QMI  (  425): qmi_qmux: TX failed, connection inactive or in reset, conn_id=57, status_flags=4

E/QC-QMI  (  425): qmi_ctl_tx_msg: qmi_qmux_tx_msg failed

E/QC-QMI  (  425): qmi_ctl_handle_request: qmi_ctl_tx_msg call failed

E/QC-QMI  (  425): qmi_qmux_open_connection: connection is disabled for conn_id=57

E/QC-QMI  (  425): qmi_qmux_tx_msg: failed to open inactive connd_id=57

E/QC-QMI  (  425): qmi_qmux: TX failed, connection inactive or in reset, conn_id=57, status_flags=4

E/QC-QMI  (  425): qmi_ctl_tx_msg: qmi_qmux_tx_msg failed

E/QC-QMI  (  425): qmi_ctl_handle_request: qmi_ctl_tx_msg call failed

I/Timeline( 3148): Timeline: Activity_idle id: android.os.BinderProxy@22191bd8 time:29793

D/MyApp   ( 3148): onActivityStopped 2                                  ----在这个类-----☞  (MyApp.java:122)

D/MyApp   ( 3148): onActivityDestroyed 1                                ----在这个类-----☞  (MyApp.java:133)

D/PhoneApp( 3083): mReceiver: ACTION_ANY_DATA_CONNECTION_STATE_CHANGED

D/PhoneApp( 3083): - state: CONNECTED

D/PhoneApp( 3083): - reason: connected

E/Parcel  (  367): Reading a NULL string not supported here.

E/Parcel  (  367): Reading a NULL string not supported here.

I/main    ( 4210): type=1400 audit(0.0:20): avc: denied { getopt } for scontext=u:r:platform_app:s0 tcontext=u:r:zygote:s0 tclass=netlink_selinux_socket permissive=1

I/ActivityManager(  741): Start proc 4210:com.android.managedprovisioning/u0a7 for broadcast com.android.managedprovisioning/.BootReminder

I/System.out( 2779): tiaoshi   --   boot complete   00........

E/NotificationService(  741): Not posting notification with icon==0: Notification(pri=1 contentView=null vibrate=null sound=null defaults=0x0 flags=0x1 color=0x00000000 vis=PRIVATE)

E/NotificationService(  741): WARNING: In a future release this will crash the app: com.android.settings

W/ContextImpl(  741): Calling a method in the system process without a qualified user: android.app.ContextImpl.startService:1699 android.content.ContextWrapper.startService:516 android.content.ContextWrapper.startService:516 com.dsi.ant.server.AntService.startService:129 com.dsi.ant.server.startup.BootCompletedReceiver.onReceive:41 

W/ContextImpl(  741): Implicit intents with startService are not safe: Intent { act=com.dsi.ant.server.IAntHal } android.content.ContextWrapper.startService:516 android.content.ContextWrapper.startService:516 com.dsi.ant.server.AntService.startService:129 

I/ActivityManager(  741): Start proc 4267:com.qualcomm.display/1000 for broadcast com.qualcomm.cabl/.CABLReceiver

W/Atfwd_Sendcmd(  281): AtCmdFwd service not published, waiting... retryCnt : 2

W/ContextImpl( 4267): Calling a method in the system process without a qualified user: android.app.ContextImpl.startService:1699 android.content.ContextWrapper.startService:516 android.content.ContextWrapper.startService:516 com.qualcomm.cabl.CABLReceiver.onReceive:30 android.app.ActivityThread.handleReceiver:2609 

D/CABL    ( 4267): PostProc daemon status: running

W/WindowManager(  741): App freeze timeout expired.

E/libplasma( 3148): AT Recv:01000069703D3131362E3139362E3131332E383B69643D58424231363B7077643D3131313131313B6770733d313b696e763d313b00

E/libplasma( 3148):     


W/art     ( 3148): Attempt to remove local handle scope entry from IRT, ignoring

E/libplasma( 3148): AT Recv:00000000


E/libplasma( 3148): 


W/art     ( 3148): Attempt to remove local handle scope entry from IRT, ignoring

E/libplasma( 3148): Read Pip:01000069703D3131362E3139362E3131332E383B69643D58424231363B7077643D3131313131313B6770733d313b696e763d313b00

E/libplasma( 3148):     


E/libplasma( 3148): Recved Cfg Cmd!


E/USB_UICC(  261): Timeout! No signal received. Retry num = 22

D/PPDaemon( 4288): CABL version 2.0.20140905

D/PPDaemon( 4288): isHDMIPrimary: HDMI is not primary display

E/PPDaemon( 4288): Unable to open fb type file  err:  No such file or directory

E/PPDaemon( 4288): Unable to open fb type file  err:  No such file or directory

E/PPDaemon( 4288): void openPrimaryFrameBuffer(DaemonContext&): Cannot locate the primary framebuffer

I/ActivityManager(  741): Start proc 4293:com.qualcomm.qti.calendarlocalaccount/u0a13 for broadcast com.qualcomm.qti.calendarlocalaccount/.LocalAccountManager

E/libplasma( 3148): 


E/libplasma( 3148): +POC:01000000

E/libplasma( 3148): 


E/callback:( 3148): ------------------------------------start--------------------------------------

E/Poc2 AT Callback:( 3148): +POC:01000000

E/Poc     ( 3148): 1

E/Poc     ( 3148): 0

E/Poc     ( 3148): 0

E/Poc     ( 3148): 0

E/xx      ( 3148): ----------------------checkHex start ---------------------- firstHex 1   ----在这个类-----☞  (pttNative.java:152)

E/all     ( 3148): [1, 0, 0, 0]                                         ----在这个类-----☞  (pttNative.java:153)

E/all     ( 3148): [01, 00, 00, 00]                                     ----在这个类-----☞  (pttNative.java:154)

E/xx      ( 3148): ----------------------checkHex end --------------------------   ----在这个类-----☞  (pttNative.java:1014)

E/Callback:( 3148): +POC:01000000

E/str1    ( 3148): 1000

E/str2    ( 3148): 01000000

E/callback:( 3148): ------------------------------------end--------------------------------------

E/libplasma( 3148): Read Pip:00000000


E/libplasma( 3148): 


E/libplasma( 3148): Recved Start Poc Cmd!


E/CABL    ( 4267): Failed to connect to daemon socket

W/System.err( 4267): java.io.IOException: No such file or directory

E/libplasma( 3148): 


E/libplasma( 3148): +POC:00000000


E/libplasma( 3148): 


E/callback:( 3148): ------------------------------------start--------------------------------------

E/Poc2 AT Callback:( 3148): +POC:00000000


W/System.err( 4267): 	at android.net.LocalSocketImpl.connectLocal(Native Method)

E/Poc     ( 3148): 0

W/System.err( 4267): 	at android.net.LocalSocketImpl.connect(LocalSocketImpl.java:293)

W/System.err( 4267): 	at android.net.LocalSocket.connect(LocalSocket.java:130)

E/Poc     ( 3148): 0

W/System.err( 4267): 	at com.qualcomm.cabl.CABLDaemonConnector.listenToSocket(CABLDaemonConnector.java:58)

W/System.err( 4267): 	at com.qualcomm.cabl.CABLDaemonConnector.run(CABLDaemonConnector.java:42)

E/Poc     ( 3148): 0

W/System.err( 4267): 	at java.lang.Thread.run(Thread.java:818)

E/Poc     ( 3148): 0

E/Poc     ( 3148): fdaa

E/xx      ( 3148): ----------------------checkHex start ---------------------- firstHex 0   ----在这个类-----☞  (pttNative.java:152)

E/all     ( 3148): [0, 0, 0, 0, fdaa]                                   ----在这个类-----☞  (pttNative.java:153)

E/all     ( 3148): [00, 00, 00, 00, fdaa]                               ----在这个类-----☞  (pttNative.java:154)

E/xx      ( 3148): ----------------------checkHex end --------------------------   ----在这个类-----☞  (pttNative.java:1014)

E/Callback:( 3148): +POC:00000000


E/str1    ( 3148): 0000fdaa

E/str2    ( 3148): 00000000fdaa

E/callback:( 3148): ------------------------------------end--------------------------------------

E/libplasma( 3148): Change to ZPOC_INIT_ZPPP

E/CABL    ( 4267): Closing the socket!

I/LocalAccountManager( 4293): Receive the action: android.intent.action.BOOT_COMPLETED

E/SQLiteLog( 2687): (283) recovered 72 frames from WAL file /data/data/com.android.providers.media/databases/internal.db-wal

I/SurfaceFlinger(  228): FPS: 22

D/Authenticator( 4293): There is one calendar local account, needn't add to account manager.

I/SystemBroadcastReceiver( 2942): Boot has been completed

I/LauncherIconVisibilityManager( 2942): Activity has already been disabled: ComponentInfo{com.android.inputmethod.latin/com.android.inputmethod.latin.setup.SetupActivity}

D/Authenticator( 4293): Already contains 1 local account in Calendar.

E/libplasma( 3148): Create tcp recv thread


E/libplasma( 3148): PPP opened, Change to SETUP!!


W/MediaScanner( 2687): Error opening directory '/oem/media/', skipping: No such file or directory.

I/QCNEJ   ( 3012): |CORE:COM:RCVR| CNE creating socket

E/NetdConnector(  741): NDC Command {13 network interface add 100 rmnet_data0} took too long (1043ms)

D/ConnectivityService(  741): Setting MTU size: rmnet_data0, 1500

D/ConnectivityService(  741): Adding Route [0.0.0.0/0 -> 10.43.85.0 rmnet_data0] to network 100

D/ConnectivityService(  741): Setting Dns servers for network 100 to [/211.136.17.107, /211.136.20.203]

D/ConnectivityService(  741): notifyType IP_CHANGED for NetworkAgentInfo [MOBILE (LTE) - 100]

D/ConnectivityService(  741): notifyType PRECHECK for NetworkAgentInfo [MOBILE (LTE) - 100]

D/NetworkMonitor/NetworkAgentInfo [MOBILE (LTE) - 100](  741): DefaultState{ when=0 what=532481 target=com.android.internal.util.StateMachine$SmHandler }

D/NetworkMonitor/NetworkAgentInfo [MOBILE (LTE) - 100](  741): Connected

D/NetworkMonitor/NetworkAgentInfo [MOBILE (LTE) - 100](  741): EvaluatingState{ when=0 what=532486 arg1=1 target=com.android.internal.util.StateMachine$SmHandler }

D/ConnectivityService(  741): rematching NetworkAgentInfo [MOBILE (LTE) - 100]

D/ConnectivityService(  741):    accepting network in place of null

D/ConnectivityService(  741): Switching to new default network: NetworkAgentInfo{ ni{[type: MOBILE[LTE], state: CONNECTED/CONNECTED, reason: connected, extra: CMIOT, roaming: false, failover: false, isAvailable: true, isConnectedToProvisioningNetwork: false]}  network{100}  lp{{InterfaceName: rmnet_data0 LinkAddresses: [10.43.84.255/23,]  Routes: [0.0.0.0/0 -> 10.43.85.0 rmnet_data0,] DnsAddresses: [211.136.17.107,211.136.20.203,] Domains: null MTU: 1500 TcpBufferSizes: 2097152,4194304,8388608,262144,524288,1048576}}  nc{[ Transports: CELLULAR Capabilities: INTERNET&NOT_RESTRICTED&TRUSTED&NOT_VPN LinkUpBandwidth>=51200Kbps LinkDnBandwidth>=102400Kbps Specifier: <1>]}  Score{10}  everValidated{false}  lastValidated{false}  created{true}  explicitlySelected{false} }

D/NetworkMonitor/NetworkAgentInfo [MOBILE (LTE) - 100](  741): Checking http://www.androidbak.net/generate_204 on CMIOT

V/IdletimerController(  246): runCmd(/system/bin/ip6tables -t raw -A idletimer_raw_PREROUTING -i rmnet_data0 -j IDLETIMER --timeout 5 --label 0 --send_nl_msg 1) res_ipv4=0, res_ipv6=0

D/MediaProvider( 2687): object removed 70

D/MediaProvider( 2687): object removed 74

D/MediaProvider( 2687): object removed 75

D/MediaProvider( 2687): object removed 78

D/MediaProvider( 2687): object removed 81

D/MediaProvider( 2687): object removed 82

D/MediaProvider( 2687): object removed 83

D/MediaProvider( 2687): object removed 84

D/MediaProvider( 2687): object removed 85

D/MediaProvider( 2687): object removed 86

I/Timeline(  741): Timeline: Activity_windows_visible id: ActivityRecord{1bf4c739 u0 cn.qssmart.gchat/.ui.minidevice.ptt.SmallPttActivity t13} time:30898

V/IdletimerController(  246): runCmd(/system/bin/ip6tables -t mangle -A idletimer_mangle_POSTROUTING -o rmnet_data0 -j IDLETIMER --timeout 5 --label 0 --send_nl_msg 1) res_ipv4=0, res_ipv6=0

D/ConnectivityService(  741): Setting tx/rx TCP buffers to 2097152,4194304,8388608,262144,524288,1048576

D/ConnectivityService(  741): notifyType AVAILABLE for NetworkAgentInfo [MOBILE (LTE) - 100]

D/CSLegacyTypeTracker(  741): Sending connected broadcast for type 0 NetworkAgentInfo [MOBILE (LTE) - 100] isDefaultNetwork=true

D/ConnectivityService(  741): sendStickyBroadcast: action=android.net.conn.CONNECTIVITY_CHANGE_IMMEDIATE

D/ConnectivityManager.CallbackHandler( 2668): CM callback handler got msg 524290

D/ConnectivityService(  741): sendStickyBroadcast: action=android.net.conn.CONNECTIVITY_CHANGE

D/Tethering(  741): MasterInitialState.processMessage what=3

E/QC-QMI  (  425): qmi_qmux_open_connection: connection is disabled for conn_id=29

E/QC-QMI  (  425): qmi_qmux_tx_msg: failed to open inactive connd_id=29

E/QC-QMI  (  425): qmi_qmux: TX failed, connection inactive or in reset, conn_id=29, status_flags=4

E/QC-QMI  (  425): qmi_ctl_tx_msg: qmi_qmux_tx_msg failed

E/QC-QMI  (  425): qmi_ctl_handle_request: qmi_ctl_tx_msg call failed

D/PhoneInterfaceManager( 3083): [PhoneIntfMgr] getDataEnabled: subId=1 phoneId=0

D/PhoneInterfaceManager( 3083): [PhoneIntfMgr] getDataEnabled: subId=1 retVal=true

D/TelephonyManager(  741): getDataEnabled: retVal=true

E/QC-QMI  (  425): qmi_qmux_open_connection: connection is disabled for conn_id=29

E/QC-QMI  (  425): qmi_qmux_tx_msg: failed to open inactive connd_id=29

E/QC-QMI  (  425): qmi_qmux: TX failed, connection inactive or in reset, conn_id=29, status_flags=4

E/QC-QMI  (  425): qmi_ctl_tx_msg: qmi_qmux_tx_msg failed

E/QC-QMI  (  425): qmi_ctl_handle_request: qmi_ctl_tx_msg call failed

E/QC-QMI  (  425): qmi_qmux_open_connection: connection is disabled for conn_id=48

E/QC-QMI  (  425): qmi_qmux_tx_msg: failed to open inactive connd_id=48

E/QC-QMI  (  425): qmi_qmux: TX failed, connection inactive or in reset, conn_id=48, status_flags=4

E/QC-QMI  (  425): qmi_ctl_tx_msg: qmi_qmux_tx_msg failed

E/QC-QMI  (  425): qmi_ctl_handle_request: qmi_ctl_tx_msg call failed

E/QC-QMI  (  425): qmi_qmux_open_connection: connection is disabled for conn_id=48

E/QC-QMI  (  425): qmi_qmux_tx_msg: failed to open inactive connd_id=48

E/QC-QMI  (  425): qmi_qmux: TX failed, connection inactive or in reset, conn_id=48, status_flags=4

E/QC-QMI  (  425): qmi_ctl_tx_msg: qmi_qmux_tx_msg failed

E/QC-QMI  (  425): qmi_ctl_handle_request: qmi_ctl_tx_msg call failed

E/QC-QMI  (  425): qmi_qmux_open_connection: connection is disabled for conn_id=57

E/QC-QMI  (  425): qmi_qmux_tx_msg: failed to open inactive connd_id=57

E/QC-QMI  (  425): qmi_qmux: TX failed, connection inactive or in reset, conn_id=57, status_flags=4

E/QC-QMI  (  425): qmi_ctl_tx_msg: qmi_qmux_tx_msg failed

E/QC-QMI  (  425): qmi_ctl_handle_request: qmi_ctl_tx_msg call failed

E/QC-QMI  (  425): qmi_qmux_open_connection: connection is disabled for conn_id=57

E/QC-QMI  (  425): qmi_qmux_tx_msg: failed to open inactive connd_id=57

E/QC-QMI  (  425): qmi_qmux: TX failed, connection inactive or in reset, conn_id=57, status_flags=4

E/QC-QMI  (  425): qmi_ctl_tx_msg: qmi_qmux_tx_msg failed

E/QC-QMI  (  425): qmi_ctl_handle_request: qmi_ctl_tx_msg call failed

E/QC-QMI  (  425): qmi_qmux_open_connection: connection is disabled for conn_id=29

E/QC-QMI  (  425): qmi_qmux_tx_msg: failed to open inactive connd_id=29

E/QC-QMI  (  425): qmi_qmux: TX failed, connection inactive or in reset, conn_id=29, status_flags=4

E/QC-QMI  (  425): qmi_ctl_tx_msg: qmi_qmux_tx_msg failed

E/QC-QMI  (  425): qmi_ctl_handle_request: qmi_ctl_tx_msg call failed

E/QC-QMI  (  425): qmi_qmux_open_connection: connection is disabled for conn_id=29

E/QC-QMI  (  425): qmi_qmux_tx_msg: failed to open inactive connd_id=29

E/QC-QMI  (  425): qmi_qmux: TX failed, connection inactive or in reset, conn_id=29, status_flags=4

E/QC-QMI  (  425): qmi_ctl_tx_msg: qmi_qmux_tx_msg failed

E/QC-QMI  (  425): qmi_ctl_handle_request: qmi_ctl_tx_msg call failed

E/QC-QMI  (  425): qmi_qmux_open_connection: connection is disabled for conn_id=48

E/QC-QMI  (  425): qmi_qmux_tx_msg: failed to open inactive connd_id=48

E/QC-QMI  (  425): qmi_qmux: TX failed, connection inactive or in reset, conn_id=48, status_flags=4

E/QC-QMI  (  425): qmi_ctl_tx_msg: qmi_qmux_tx_msg failed

E/QC-QMI  (  425): qmi_ctl_handle_request: qmi_ctl_tx_msg call failed

E/QC-QMI  (  425): qmi_qmux_open_connection: connection is disabled for conn_id=48

E/QC-QMI  (  425): qmi_qmux_tx_msg: failed to open inactive connd_id=48

E/QC-QMI  (  425): qmi_qmux: TX failed, connection inactive or in reset, conn_id=48, status_flags=4

E/QC-QMI  (  425): qmi_ctl_tx_msg: qmi_qmux_tx_msg failed

E/QC-QMI  (  425): qmi_ctl_handle_request: qmi_ctl_tx_msg call failed

E/QC-QMI  (  425): qmi_qmux_open_connection: connection is disabled for conn_id=57

E/QC-QMI  (  425): qmi_qmux_tx_msg: failed to open inactive connd_id=57

E/QC-QMI  (  425): qmi_qmux: TX failed, connection inactive or in reset, conn_id=57, status_flags=4

E/QC-QMI  (  425): qmi_ctl_tx_msg: qmi_qmux_tx_msg failed

E/QC-QMI  (  425): qmi_ctl_handle_request: qmi_ctl_tx_msg call failed

E/QC-QMI  (  425): qmi_qmux_open_connection: connection is disabled for conn_id=57

E/QC-QMI  (  425): qmi_qmux_tx_msg: failed to open inactive connd_id=57

E/QC-QMI  (  425): qmi_qmux: TX failed, connection inactive or in reset, conn_id=57, status_flags=4

E/QC-QMI  (  425): qmi_ctl_tx_msg: qmi_qmux_tx_msg failed

E/QC-QMI  (  425): qmi_ctl_handle_request: qmi_ctl_tx_msg call failed

E/QC-QMI  (  425): qmi_qmux_open_connection: connection is disabled for conn_id=29

E/QC-QMI  (  425): qmi_qmux_tx_msg: failed to open inactive connd_id=29

E/QC-QMI  (  425): qmi_qmux: TX failed, connection inactive or in reset, conn_id=29, status_flags=4

E/QC-QMI  (  425): qmi_ctl_tx_msg: qmi_qmux_tx_msg failed

E/QC-QMI  (  425): qmi_ctl_handle_request: qmi_ctl_tx_msg call failed

E/QC-QMI  (  425): qmi_qmux_open_connection: connection is disabled for conn_id=29

E/QC-QMI  (  425): qmi_qmux_tx_msg: failed to open inactive connd_id=29

E/QC-QMI  (  425): qmi_qmux: TX failed, connection inactive or in reset, conn_id=29, status_flags=4

E/QC-QMI  (  425): qmi_ctl_tx_msg: qmi_qmux_tx_msg failed

E/QC-QMI  (  425): qmi_ctl_handle_request: qmi_ctl_tx_msg call failed

E/QC-QMI  (  425): qmi_qmux_open_connection: connection is disabled for conn_id=48

E/QC-QMI  (  425): qmi_qmux_tx_msg: failed to open inactive connd_id=48

E/QC-QMI  (  425): qmi_qmux: TX failed, connection inactive or in reset, conn_id=48, status_flags=4

E/QC-QMI  (  425): qmi_ctl_tx_msg: qmi_qmux_tx_msg failed

E/QC-QMI  (  425): qmi_ctl_handle_request: qmi_ctl_tx_msg call failed

E/QC-QMI  (  425): qmi_qmux_open_connection: connection is disabled for conn_id=48

E/QC-QMI  (  425): qmi_qmux_tx_msg: failed to open inactive connd_id=48

E/QC-QMI  (  425): qmi_qmux: TX failed, connection inactive or in reset, conn_id=48, status_flags=4

E/QC-QMI  (  425): qmi_ctl_tx_msg: qmi_qmux_tx_msg failed

E/QC-QMI  (  425): qmi_ctl_handle_request: qmi_ctl_tx_msg call failed

E/QC-QMI  (  425): qmi_qmux_open_connection: connection is disabled for conn_id=57

E/QC-QMI  (  425): qmi_qmux_tx_msg: failed to open inactive connd_id=57

E/QC-QMI  (  425): qmi_qmux: TX failed, connection inactive or in reset, conn_id=57, status_flags=4

E/QC-QMI  (  425): qmi_ctl_tx_msg: qmi_qmux_tx_msg failed

E/QC-QMI  (  425): qmi_ctl_handle_request: qmi_ctl_tx_msg call failed

E/QC-QMI  (  425): qmi_qmux_open_connection: connection is disabled for conn_id=57

E/QC-QMI  (  425): qmi_qmux_tx_msg: failed to open inactive connd_id=57

E/QC-QMI  (  425): qmi_qmux: TX failed, connection inactive or in reset, conn_id=57, status_flags=4

E/QC-QMI  (  425): qmi_ctl_tx_msg: qmi_qmux_tx_msg failed

E/QC-QMI  (  425): qmi_ctl_handle_request: qmi_ctl_tx_msg call failed

E/GpsXtraDownloader(  741): No XTRA servers were specified in the GPS configuration

E/QComExtractorFactory(  251):  SniffWAV success<=== 

D/ExtendedUtils(  251): Try creating ExtendedExtractor

D/ExtendedUtils(  251): default extractor is NULL, return extended extractor

E/LocSvc_java(  741): Either agpsConnInfo is NULL or connType is wrong. connType:3 

E/QComExtractorFactory(  251):  SniffWAV success<=== 

D/ExtendedUtils(  251): Try creating ExtendedExtractor

D/ExtendedUtils(  251): default extractor is NULL, return extended extractor

E/QComExtractorFactory(  251):  SniffWAV success<=== 

D/ExtendedUtils(  251): Try creating ExtendedExtractor

D/ExtendedUtils(  251): default extractor is NULL, return extended extractor

E/QComExtractorFactory(  251):  SniffWAV success<=== 

D/ExtendedUtils(  251): Try creating ExtendedExtractor

D/ExtendedUtils(  251): default extractor is NULL, return extended extractor

E/QComExtractorFactory(  251):  SniffWAV success<=== 

D/ExtendedUtils(  251): Try creating ExtendedExtractor

D/ExtendedUtils(  251): default extractor is NULL, return extended extractor

D/NetworkMonitor/NetworkAgentInfo [MOBILE (LTE) - 100](  741): isCaptivePortal: ret=204 headers={null=[HTTP/1.1 204 No Content], Connection=[keep-alive], Date=[Fri, 04 Jan 2019 02:00:25 GMT], Server=[nginx/1.12.2], X-Android-Received-Millis=[1546567224502], X-Android-Response-Source=[NETWORK 204], X-Android-Sent-Millis=[1546567224402]}

D/NetworkMonitor/NetworkAgentInfo [MOBILE (LTE) - 100](  741): Don't send network conditions - lacking user consent.

D/NetworkMonitor/NetworkAgentInfo [MOBILE (LTE) - 100](  741): Validated

D/ConnectivityService(  741): setProvNotificationVisibleIntent: E visible=false networkType=0 extraInfo=null

D/ConnectivityService(  741): Validated NetworkAgentInfo [MOBILE (LTE) - 100]

D/ConnectivityService(  741): rematching NetworkAgentInfo [MOBILE (LTE) - 100]

D/ConnectivityService(  741): Network NetworkAgentInfo [MOBILE (LTE) - 100] was already satisfying request 1. No change.

D/ConnectivityService(  741): notifyType AVAILABLE for NetworkAgentInfo [MOBILE (LTE) - 100]

D/ConnectivityManager.CallbackHandler( 2668): CM callback handler got msg 524290

D/ConnectivityService(  741): sendStickyBroadcast: action=android.net.conn.INET_CONDITION_ACTION

E/QComExtractorFactory(  251):  SniffWAV success<=== 

D/ExtendedUtils(  251): Try creating ExtendedExtractor

D/ExtendedUtils(  251): default extractor is NULL, return extended extractor

E/QComExtractorFactory(  251):  SniffWAV success<=== 

D/ExtendedUtils(  251): Try creating ExtendedExtractor

D/ExtendedUtils(  251): default extractor is NULL, return extended extractor

E/QComExtractorFactory(  251):  SniffWAV success<=== 

D/ExtendedUtils(  251): Try creating ExtendedExtractor

D/ExtendedUtils(  251): default extractor is NULL, return extended extractor

E/QComExtractorFactory(  251):  SniffWAV success<=== 

D/ExtendedUtils(  251): Try creating ExtendedExtractor

D/ExtendedUtils(  251): default extractor is NULL, return extended extractor

E/QComExtractorFactory(  251):  SniffWAV success<=== 

D/ExtendedUtils(  251): Try creating ExtendedExtractor

D/ExtendedUtils(  251): default extractor is NULL, return extended extractor

E/USB_UICC(  261): Timeout! No signal received. Retry num = 23

W/MediaScanner( 2687): Error opening directory '/storage/sdcard1/', skipping: Permission denied.

W/MediaScanner( 2687): Error opening directory '/storage/uicc1/', skipping: Permission denied.

W/MediaScanner( 2687): Error opening directory '/storage/usbotg/', skipping: Permission denied.

V/MediaScanner( 2687): pruneDeadThumbnailFiles... android.database.sqlite.SQLiteCursor@3cfd6a06

V/MediaScanner( 2687): /pruneDeadThumbnailFiles... android.database.sqlite.SQLiteCursor@3cfd6a06

I/SurfaceFlinger(  228): FPS: 22

E/QC-QMI  (  425): qmi_qmux_open_connection: connection is disabled for conn_id=29

E/QC-QMI  (  425): qmi_qmux_tx_msg: failed to open inactive connd_id=29

E/QC-QMI  (  425): qmi_qmux: TX failed, connection inactive or in reset, conn_id=29, status_flags=4

E/QC-QMI  (  425): qmi_ctl_tx_msg: qmi_qmux_tx_msg failed

E/QC-QMI  (  425): qmi_ctl_handle_request: qmi_ctl_tx_msg call failed

E/QC-QMI  (  425): qmi_qmux_open_connection: connection is disabled for conn_id=29

E/QC-QMI  (  425): qmi_qmux_tx_msg: failed to open inactive connd_id=29

E/QC-QMI  (  425): qmi_qmux: TX failed, connection inactive or in reset, conn_id=29, status_flags=4

E/QC-QMI  (  425): qmi_ctl_tx_msg: qmi_qmux_tx_msg failed

E/QC-QMI  (  425): qmi_ctl_handle_request: qmi_ctl_tx_msg call failed

E/QC-QMI  (  425): qmi_qmux_open_connection: connection is disabled for conn_id=48

E/QC-QMI  (  425): qmi_qmux_tx_msg: failed to open inactive connd_id=48

E/QC-QMI  (  425): qmi_qmux: TX failed, connection inactive or in reset, conn_id=48, status_flags=4

E/QC-QMI  (  425): qmi_ctl_tx_msg: qmi_qmux_tx_msg failed

E/QC-QMI  (  425): qmi_ctl_handle_request: qmi_ctl_tx_msg call failed

E/QC-QMI  (  425): qmi_qmux_open_connection: connection is disabled for conn_id=48

E/QC-QMI  (  425): qmi_qmux_tx_msg: failed to open inactive connd_id=48

E/QC-QMI  (  425): qmi_qmux: TX failed, connection inactive or in reset, conn_id=48, status_flags=4

E/QC-QMI  (  425): qmi_ctl_tx_msg: qmi_qmux_tx_msg failed

E/QC-QMI  (  425): qmi_ctl_handle_request: qmi_ctl_tx_msg call failed

E/QC-QMI  (  425): qmi_qmux_open_connection: connection is disabled for conn_id=57

E/QC-QMI  (  425): qmi_qmux_tx_msg: failed to open inactive connd_id=57

E/QC-QMI  (  425): qmi_qmux: TX failed, connection inactive or in reset, conn_id=57, status_flags=4

E/QC-QMI  (  425): qmi_ctl_tx_msg: qmi_qmux_tx_msg failed

E/QC-QMI  (  425): qmi_ctl_handle_request: qmi_ctl_tx_msg call failed

E/QC-QMI  (  425): qmi_qmux_open_connection: connection is disabled for conn_id=57

E/QC-QMI  (  425): qmi_qmux_tx_msg: failed to open inactive connd_id=57

E/QC-QMI  (  425): qmi_qmux: TX failed, connection inactive or in reset, conn_id=57, status_flags=4

E/QC-QMI  (  425): qmi_ctl_tx_msg: qmi_qmux_tx_msg failed

