D/SimStateReceiver( 3389): received broadcast android.intent.action.SIM_STATE_CHANGED

D/SimStateReceiver( 3389): ACTION_SIM_STATE_CHANGED intent received on sub = 0SIM STATE IS READY

W/ContextImpl( 3389): Calling a method in the system process without a qualified user: android.app.ContextImpl.startService:1699 android.content.ContextWrapper.startService:516 android.content.ContextWrapper.startService:516 com.qualcomm.simcontacts.SimStateReceiver.sendSimState:78 com.qualcomm.simcontacts.SimStateReceiver.onReceive:54 

D/AdnRecordCache( 3083): Using Global Phonebook

D/AdnRecordCache( 3083): Using Local Phonebook

D/DefaultReceiver( 3083): receive android.intent.action.SIM_STATE_CHANGED

D/SimContactsService( 3389): service onStart!

D/SimContactsService( 3389): on sim state changed event, state:1

D/SimStateReceiver( 3389): received broadcast android.intent.action.SIM_STATE_CHANGED

D/SimStateReceiver( 3389): ACTION_SIM_STATE_CHANGED intent received on sub = 0SIM STATE IS READY

W/ContextImpl( 3389): Calling a method in the system process without a qualified user: android.app.ContextImpl.startService:1699 android.content.ContextWrapper.startService:516 android.content.ContextWrapper.startService:516 com.qualcomm.simcontacts.SimStateReceiver.sendSimState:78 com.qualcomm.simcontacts.SimStateReceiver.onReceive:54 

D/SimContactsService( 3389): sim account alreay exist on 0

D/SimContactsService( 3389): service onStart!

D/SimContactsService( 3389): on sim state changed event, state:1

D/DefaultReceiver( 3083): receive android.intent.action.SIM_STATE_CHANGED

D/SimStateReceiver( 3389): received broadcast android.intent.action.SIM_STATE_CHANGED

D/SimStateReceiver( 3389): ACTION_SIM_STATE_CHANGED intent received on sub = 0SIM STATE IS READY

W/ContextImpl( 3389): Calling a method in the system process without a qualified user: android.app.ContextImpl.startService:1699 android.content.ContextWrapper.startService:516 android.content.ContextWrapper.startService:516 com.qualcomm.simcontacts.SimStateReceiver.sendSimState:78 com.qualcomm.simcontacts.SimStateReceiver.onReceive:54 

D/SimContactsService( 3389): service onStart!

D/SimContactsService( 3389): on sim state changed event, state:1

D/DefaultReceiver( 3083): receive android.intent.action.SIM_STATE_CHANGED

I/main    ( 5024): type=1400 audit(0.0:23): avc: denied { getopt } for scontext=u:r:system_app:s0 tcontext=u:r:zygote:s0 tclass=netlink_selinux_socket permissive=1

I/ActivityManager(  741): Start proc 5024:com.qualcomm.datamonitor/1000 for broadcast com.qualcomm.datamonitor/.DataWidget

D/DataWidget( 5024): [onReceive] Action=android.net.conn.CONNECTIVITY_CHANGE Context=android.app.ReceiverRestrictedContext@ea9718

I/ActivityManager(  741): Start proc 5041:com.adups.fota.sysoper/1000 for broadcast com.adups.fota.sysoper/.TaskReceiver

I/art     (  274): Explicit concurrent mark sweep GC freed 709(30KB) AllocSpace objects, 0(0B) LOS objects, 91% free, 96KB/1120KB, paused 311us total 20.632ms

W/System.err( 4905): java.io.IOException: unknown format (magic number 277e)

W/System.err( 4905): 	at java.util.zip.GZIPInputStream.<init>(GZIPInputStream.java:109)

W/System.err( 4905): 	at java.util.zip.GZIPInputStream.<init>(GZIPInputStream.java:88)

W/System.err( 4905): 	at pl.b(Unknown Source)

W/System.err( 4905): 	at zv.a(Unknown Source)

W/System.err( 4905): 	at com.iflytek.cloud.msc.util.HttpRequest.throwResult(Unknown Source)

W/System.err( 4905): 	at com.iflytek.cloud.msc.util.HttpRequest.runPost(Unknown Source)

W/System.err( 4905): 	at com.iflytek.cloud.msc.util.HttpRequest.run(Unknown Source)

I/art     (  274): Explicit concurrent mark sweep GC freed 5(160B) AllocSpace objects, 0(0B) LOS objects, 91% free, 96KB/1120KB, paused 246us total 19.872ms

I/art     (  274): Explicit concurrent mark sweep GC freed 5(160B) AllocSpace objects, 0(0B) LOS objects, 91% free, 96KB/1120KB, paused 251us total 17.874ms

D/HttpClients( 3920): read begin bytesSoFar=0contentLenghth 460

D/HttpClients( 3920): read continue 460

D/HttpClients( 3920): read end -1 bytesSoFar=460contentLenghth 460

W/f       ( 5041): diskCache() and diskCacheFileNameGenerator() calls overlap each other

I/DisplayManagerService(  741): Display device changed: DisplayDeviceInfo{"内置屏幕": uniqueId="local:0", 176 x 220, 30.0 fps, supportedRefreshRates [30.0], density 141, 159.657 x 159.657 dpi, appVsyncOff 0, presDeadline 34333334, touch INTERNAL, rotation 0, type BUILT_IN, state OFF, FLAG_DEFAULT_DISPLAY, FLAG_ROTATES_WITH_CONTENT, FLAG_SECURE, FLAG_SUPPORTS_PROTECTED_BUFFERS}

V/ActivityManager(  741): Display changed displayId=0

D/SurfaceFlinger(  228): Set power mode=0, type=0 flinger=0xb75245f8

W/ContextImpl( 5041): Calling a method in the system process without a qualified user: android.app.ContextImpl.startService:1699 android.content.ContextWrapper.startService:516 android.content.ContextWrapper.startService:516 com.adups.fota.sysoper.TaskService.a:-1 com.adups.fota.sysoper.TaskReceiver.onReceive:-1 

D/qdhwcomposer(  228): hwc_setPowerMode: Setting mode 0 on display: 0

E/qdutils (  228): int qdutils::getHDMINode(): Failed to open fb node 1

E/qdutils (  228): int qdutils::getHDMINode(): Failed to open fb node 2

E/qdutils (  228): int qdutils::getHDMINode(): Failed to find HDMI node

I/ActivityManager(  741): Start proc 5078:com.qualcomm.qti.RIDL/1000 for broadcast com.qualcomm.qti.RIDL/.cBroadcastReceiver

I/qdhwcomposer(  228): handle_blank_event: dpy:0 panel power state: 0

E/qdutils (  228): int qdutils::getHDMINode(): Failed to open fb node 1

E/qdutils (  228): int qdutils::getHDMINode(): Failed to open fb node 2

E/qdutils (  228): int qdutils::getHDMINode(): Failed to find HDMI node

D/qdhwcomposer(  228): hwc_setPowerMode: Done setting mode 0 on display 0

D/SurfaceControl(  741): Excessive delay in setPowerMode(): 184ms

E/qdutils (  228): int qdutils::getHDMINode(): Failed to open fb node 1

E/qdutils (  228): int qdutils::getHDMINode(): Failed to open fb node 2

E/qdutils (  228): int qdutils::getHDMINode(): Failed to find HDMI node

I/QCOM PowerHAL(  741): Got set_interactive hint

I/DreamManagerService(  741): Entering dreamland.

I/PowerManagerService(  741): Dozing...

I/DreamController(  741): Starting dream: name=ComponentInfo{com.android.systemui/com.android.systemui.doze.DozeService}, isTest=false, canDoze=true, userId=0

V/SRS_Proc(  251): ParamSet string: screen_state=on

D/audio_hw_primary(  251): adev_set_parameters: enter: screen_state=on

W/PushClient_PushServiceReceiver( 4939): onReceive | action = android.net.conn.CONNECTIVITY_CHANGE

W/ContextImpl( 4905): Implicit intents with startService are not safe: Intent { act=com.iflytek.business.plusbusinessservice } android.content.ContextWrapper.startService:516 com.iflytek.business.BusinessService.onStart:-1 android.app.Service.onStartCommand:458 

W/PushClient_PushManager( 4905): startWork

I/ServiceManager(  281): Waiting for service AtCmdFwd...

W/PushClient_PushService( 4939): onStartCommand

W/PushClient_PushSDK( 4939): handleConnectChanged

W/PushClient_PushService( 4939): onStartCommand

I/ActivityManager(  741): Delay finish: com.android.providers.calendar/.CalendarProviderBroadcastReceiver

D/audio_hw_extn(  251): audio_extn_set_anc_parameters: anc_enabled:0

E/audio_a2dp_hw(  251): adev_set_parameters: ERROR: set param called even when stream out is null

E/WifiStateMachine(  741): cancelDelayedScan -> 1

E/SQLiteLog( 3844): (284) automatic index on view_events(_id)

D/GestureManagerService( 3041): echo 0 to /sys/class/gesture/gesture_ft5x06/pocket

W/GestureManagerService( 3041): failed to set node: java.io.FileNotFoundException: /sys/class/gesture/gesture_ft5x06/pocket: open failed: ENOENT (No such file or directory)

W/Settings( 2668): Setting airplane_mode_on has moved from android.provider.Settings.System to android.provider.Settings.Global, returning read-only value.

D/Ulp_jni (  741): JNI:system_update. Event-0

E/MyApp   ( 3148): onScreenOn                                           ----在这个类-----☞  (MyApp.java:82)

W/System.err( 4905): java.io.IOException: unknown format (magic number 277e)

W/System.err( 4905): 	at java.util.zip.GZIPInputStream.<init>(GZIPInputStream.java:109)

W/System.err( 4905): 	at java.util.zip.GZIPInputStream.<init>(GZIPInputStream.java:88)

W/System.err( 4905): 	at pl.b(Unknown Source)

W/System.err( 4905): 	at zv.a(Unknown Source)

W/System.err( 4905): 	at com.iflytek.cloud.msc.util.HttpRequest.throwResult(Unknown Source)

W/System.err( 4905): 	at com.iflytek.cloud.msc.util.HttpRequest.runPost(Unknown Source)

W/System.err( 4905): 	at com.iflytek.cloud.msc.util.HttpRequest.run(Unknown Source)

E/WifiStateMachine(  741): cancelDelayedScan -> 2

V/SRS_Proc(  251): ParamSet string: screen_state=off

D/audio_hw_primary(  251): adev_set_parameters: enter: screen_state=off

D/audio_hw_extn(  251): audio_extn_set_anc_parameters: anc_enabled:0

E/audio_a2dp_hw(  251): adev_set_parameters: ERROR: set param called even when stream out is null

I/ActivityManager(  741): Resuming delayed broadcast

W/linker  ( 5098): libmmcamera_imglib.so: unused DT entry: type 0x6ffffffe arg 0x21d8

W/linker  ( 5098): libmmcamera_imglib.so: unused DT entry: type 0x6fffffff arg 0x1

E/NotificationService(  741): Not posting notification with icon==0: Notification(pri=1 contentView=null vibrate=null sound=null defaults=0x0 flags=0x1 color=0x00000000 vis=PRIVATE)

E/NotificationService(  741): WARNING: In a future release this will crash the app: com.android.settings

W/ProcessCpuTracker(  741): Skipping unknown process pid 5098

W/ProcessCpuTracker(  741): Skipping unknown process pid 5099

E/MyApp   ( 3148): onScreenOff                                          ----在这个类-----☞  (MyApp.java:88)

I/art     ( 5041): System.exit called, status: 0

I/AndroidRuntime( 5041): VM exiting with result code 0, cleanup skipped.

E/NotificationService(  741): Not posting notification with icon==0: Notification(pri=1 contentView=null vibrate=null sound=null defaults=0x0 flags=0x1 color=0x00000000 vis=PRIVATE)

E/NotificationService(  741): WARNING: In a future release this will crash the app: com.android.settings

W/PushClient_RegistrationReceiver( 4939): onReceive | action = com.iflytek.pushclient.action.METHOD

I/ActivityManager(  741): Process com.adups.fota.sysoper (pid 5041) has died

W/PushClient_PushService( 4939): onStartCommand

W/PushClient_PushSDK( 4939): handleBind | pkgName = com.iflytek.vflynote, appId = 5580d354

W/PushClient_PushSDK( 4939): handleBind | com.iflytek.vflynote has bind

W/PushClient_PushSDK( 4939): onBindSuccess | pkgName = com.iflytek.vflynotedid = d10608027368, appId = 5580d354

W/PushClient_MsgManager( 4939): onAppBind | pkgName = com.iflytek.vflynote, appId = 5580d354, did = d10608027368, errorcode = 0

W/PushClient_MsgManager( 4939): onAppBind | send bind message  to com.iflytek.vflynote

W/PushClient_RegistrationReceiver( 4939): onReceive | action = com.iflytek.pushclient.action.METHOD

W/PushClient_PushService( 4939): onStartCommand

W/PushClient_PushSDK( 4939): handleBind | pkgName = com.iflytek.speechcloud, appId = 5146b468

W/PushClient_PushSDK( 4939): handleBind | com.iflytek.speechcloud has bind

W/PushClient_PushSDK( 4939): onBindSuccess | pkgName = com.iflytek.speechclouddid = d10608027368, appId = 5146b468

W/PushClient_MsgManager( 4939): onAppBind | pkgName = com.iflytek.speechcloud, appId = 5146b468, did = d10608027368, errorcode = 0

W/PushClient_MsgManager( 4939): onAppBind | send bind message  to com.iflytek.speechcloud

W/PushClient_RegistrationReceiver( 4939): onReceive | action = com.iflytek.pushclient.action.METHOD

W/PushClient_PushService( 4939): onStartCommand

W/PushClient_PushSDK( 4939): handleBind | pkgName = com.iflytek.speechcloud, appId = 5146b468

W/PushClient_PushSDK( 4939): handleBind | com.iflytek.speechcloud has bind

W/PushClient_PushSDK( 4939): onBindSuccess | pkgName = com.iflytek.speechclouddid = d10608027368, appId = 5146b468

W/PushClient_MsgManager( 4939): onAppBind | pkgName = com.iflytek.speechcloud, appId = 5146b468, did = d10608027368, errorcode = 0

W/PushClient_MsgManager( 4939): onAppBind | send bind message  to com.iflytek.speechcloud

W/PushClient_RegistrationReceiver( 4939): onReceive | action = com.iflytek.pushclient.action.METHOD

W/PushClient_PushService( 4939): onStartCommand

W/PushClient_PushSDK( 4939): handleBind | pkgName = com.iflytek.speechcloud, appId = 5146b468

W/PushClient_PushSDK( 4939): handleBind | com.iflytek.speechcloud has bind

W/PushClient_PushSDK( 4939): onBindSuccess | pkgName = com.iflytek.speechclouddid = d10608027368, appId = 5146b468

W/PushClient_MsgManager( 4939): onAppBind | pkgName = com.iflytek.speechcloud, appId = 5146b468, did = d10608027368, errorcode = 0

W/PushClient_MsgManager( 4939): onAppBind | send bind message  to com.iflytek.speechcloud

W/PushClient_RegistrationReceiver( 4939): onReceive | action = com.iflytek.pushclient.action.METHOD

W/PushClient_PushService( 4939): onStartCommand

W/PushClient_PushSDK( 4939): handleBind | pkgName = com.iflytek.vflynote, appId = 5580d354

W/PushClient_PushSDK( 4939): handleBind | com.iflytek.vflynote has bind

W/PushClient_PushSDK( 4939): onBindSuccess | pkgName = com.iflytek.vflynotedid = d10608027368, appId = 5580d354

W/PushClient_MsgManager( 4939): onAppBind | pkgName = com.iflytek.vflynote, appId = 5580d354, did = d10608027368, errorcode = 0

W/PushClient_MsgManager( 4939): onAppBind | send bind message  to com.iflytek.vflynote

I/QCNEJ   ( 3012): |CORE:COM:RCVR| CNE creating socket

W/PushClient_PushReceiver( 4905): onReceive intent action = com.iflytek.pushclient.action.RECEIVE

W/PushClient_PushReceiver( 4905): handleBind | did = d10608027368, appId = 5146b468, errorCode = 0, method = method_bind

D/PushMessageReceiver( 4905): onBind | did = d10608027368,appId = 5146b468, errorCode = 0

W/PushClient_PushReceiver( 4905): onReceive intent action = com.iflytek.pushclient.action.RECEIVE

W/PushClient_PushReceiver( 4905): handleBind | did = d10608027368, appId = 5146b468, errorCode = 0, method = method_bind

D/PushMessageReceiver( 4905): onBind | did = d10608027368,appId = 5146b468, errorCode = 0

W/PushClient_PushReceiver( 4905): onReceive intent action = com.iflytek.pushclient.action.RECEIVE

W/PushClient_PushReceiver( 4905): handleBind | did = d10608027368, appId = 5146b468, errorCode = 0, method = method_bind

D/PushMessageReceiver( 4905): onBind | did = d10608027368,appId = 5146b468, errorCode = 0

W/PushClient_RegistrationReceiver( 4939): onReceive | action = com.iflytek.pushclient.action.METHOD

W/PushClient_PushService( 4939): onStartCommand

W/PushClient_RegistrationReceiver( 4939): onReceive | action = com.iflytek.pushclient.action.METHOD

W/PushClient_PushService( 4939): onStartCommand

I/ServiceManager(  281): Waiting for service AtCmdFwd...

D/Ulp_jni (  741): Location CB invoked

I/ServiceManager(  281): Waiting for service AtCmdFwd...

W/Atfwd_Sendcmd(  281): AtCmdFwd service not published, waiting... retryCnt : 3

W/PushClient_ConnectManager( 4939): handleHeartbeat | it's connected, send heartbeat message

I/PushClient_PushConnection( 4939): sendHeartbeatMessage | it is too frequent

W/PushClient_PushSDK( 4939): cancelAlarm

W/PushClient_PushSDK( 4939): getInterval | interval = 300000, intervalIndex = 0

W/PushClient_PushSDK( 4939): setHeartbeatAlarm | next alarm time = 2019-01-04 10:05:38.564

I/ActivityManager(  741): Waited long enough for: ServiceRecord{196a1516 u0 com.qualcomm.cabl/.CABLService}

E/CABL    ( 4267): Failed to connect to daemon socket

W/System.err( 4267): java.io.IOException: No such file or directory

W/System.err( 4267): 	at android.net.LocalSocketImpl.connectLocal(Native Method)

W/System.err( 4267): 	at android.net.LocalSocketImpl.connect(LocalSocketImpl.java:293)

W/System.err( 4267): 	at android.net.LocalSocket.connect(LocalSocket.java:130)

W/System.err( 4267): 	at com.qualcomm.cabl.CABLDaemonConnector.listenToSocket(CABLDaemonConnector.java:58)

W/System.err( 4267): 	at com.qualcomm.cabl.CABLDaemonConnector.run(CABLDaemonConnector.java:42)

W/System.err( 4267): 	at java.lang.Thread.run(Thread.java:818)

E/CABL    ( 4267): Closing the socket!

D/PPDaemon( 5108): CABL version 2.0.20140905

D/PPDaemon( 5108): isHDMIPrimary: HDMI is not primary display

E/PPDaemon( 5108): Unable to open fb type file  err:  No such file or directory

E/PPDaemon( 5108): Unable to open fb type file  err:  No such file or directory

E/PPDaemon( 5108): void openPrimaryFrameBuffer(DaemonContext&): Cannot locate the primary framebuffer

W/PushClient_RegistrationReceiver( 4939): onReceive | action = com.iflytek.pushclient.action.METHOD

W/PushClient_PushService( 4939): onStartCommand

W/PushClient_PushSDK( 4939): startLocalServerSocket | localServerSocket.accept()

I/QCNEJ   ( 3012): |CORE:COM:RCVR| CNE creating socket

E/libplasma( 3148): UDP send buffer length:23


W/linker  ( 5110): libmmcamera_imglib.so: unused DT entry: type 0x6ffffffe arg 0x21d8

W/linker  ( 5110): libmmcamera_imglib.so: unused DT entry: type 0x6fffffff arg 0x1

D/AndroidRuntime( 5113): >>>>>> START com.android.internal.os.RuntimeInit uid 2000 <<<<<<

D/AndroidRuntime( 5113): CheckJNI is OFF

D/AndroidRuntime( 5113): Calling main entry com.android.commands.pm.Pm

I/art     ( 5113): System.exit called, status: 0

I/AndroidRuntime( 5113): VM exiting with result code 0.

E/CABL    ( 4267): Failed to connect to daemon socket

W/System.err( 4267): java.io.IOException: No such file or directory

W/System.err( 4267): 	at android.net.LocalSocketImpl.connectLocal(Native Method)

W/System.err( 4267): 	at android.net.LocalSocketImpl.connect(LocalSocketImpl.java:293)

W/System.err( 4267): 	at android.net.LocalSocket.connect(LocalSocket.java:130)

W/System.err( 4267): 	at com.qualcomm.cabl.CABLDaemonConnector.listenToSocket(CABLDaemonConnector.java:58)

W/System.err( 4267): 	at com.qualcomm.cabl.CABLDaemonConnector.run(CABLDaemonConnector.java:42)

W/System.err( 4267): 	at java.lang.Thread.run(Thread.java:818)

E/CABL    ( 4267): Closing the socket!

D/PPDaemon( 5145): CABL version 2.0.20140905

D/PPDaemon( 5145): isHDMIPrimary: HDMI is not primary display

E/PPDaemon( 5145): Unable to open fb type file  err:  No such file or directory

E/PPDaemon( 5145): Unable to open fb type file  err:  No such file or directory

E/PPDaemon( 5145): void openPrimaryFrameBuffer(DaemonContext&): Cannot locate the primary framebuffer

I/QCNEJ   ( 3012): |CORE:COM:RCVR| CNE creating socket

D/AndroidRuntime( 5152): >>>>>> START com.android.internal.os.RuntimeInit uid 2000 <<<<<<

D/AndroidRuntime( 5152): CheckJNI is OFF

D/AndroidRuntime( 5152): Calling main entry com.android.commands.settings.SettingsCmd

D/AndroidRuntime( 5152): Shutting down VM

D/VM_BMS  (  426): wake_lock acquired

D/VM_BMS  (  426): New BMS data - Size=56

D/VM_BMS  (  426): Start process_bms_data

D/VM_BMS  (  426): For batt_temp=90 fcc_mah=2033

D/VM_BMS  (  426): For ocv=4040778 batt_temp=90 soc=89

D/VM_BMS  (  426): fifo_count=5 acc_count=0

D/VM_BMS  (  426): INIT: ocv=4040778 last_ocv=4040778 batt_temp=90 soc=89

D/VM_BMS  (  426): For soc=89 batt_temp=90 slope=10400

D/VM_BMS  (  426): For soc=89 batt_temp=90 rbatt_sf=208

D/VM_BMS  (  426): rbatt_mohm_default=138, rbatt_mohm=287, sf=208 batt_temp=90

D/VM_BMS  (  426): For ocv=4040300 batt_temp=90 soc=89

D/VM_BMS  (  426): FIFO=0 fifo_avg=3.932801 rbatt=0.287000 slope=1.040000 ibatt=0.375394 ocv=4.040300 soc=89 fcc_ah=2.033000 sample_count=128 sample_interval=70 seq_num=0

D/VM_BMS  (  426): For soc=89 batt_temp=90 slope=10400

D/VM_BMS  (  426): For soc=89 batt_temp=90 rbatt_sf=208

D/VM_BMS  (  426): rbatt_mohm_default=138, rbatt_mohm=287, sf=208 batt_temp=90

D/VM_BMS  (  426): For ocv=4039788 batt_temp=90 soc=89

D/VM_BMS  (  426): FIFO=1 fifo_avg=3.924833 rbatt=0.287000 slope=1.040000 ibatt=0.401433 ocv=4.039789 soc=89 fcc_ah=2.033000 sample_count=128 sample_interval=70 seq_num=0

D/VM_BMS  (  426): For soc=89 batt_temp=90 slope=10400

D/VM_BMS  (  426): For soc=89 batt_temp=90 rbatt_sf=208

D/VM_BMS  (  426): rbatt_mohm_default=138, rbatt_mohm=287, sf=208 batt_temp=90

D/VM_BMS  (  426): For ocv=4039125 batt_temp=90 soc=89

D/VM_BMS  (  426): FIFO=2 fifo_avg=3.890006 rbatt=0.287000 slope=1.040000 ibatt=0.520732 ocv=4.039125 soc=89 fcc_ah=2.033000 sample_count=128 sample_interval=70 seq_num=0

D/VM_BMS  (  426): For soc=89 batt_temp=90 slope=10400

D/VM_BMS  (  426): For soc=89 batt_temp=90 rbatt_sf=208

D/VM_BMS  (  426): rbatt_mohm_default=138, rbatt_mohm=287, sf=208 batt_temp=90

D/VM_BMS  (  426): For ocv=4038735 batt_temp=90 soc=88

D/VM_BMS  (  426): FIFO=3 fifo_avg=3.951101 rbatt=0.287000 slope=1.040000 ibatt=0.306025 ocv=4.038735 soc=88 fcc_ah=2.033000 sample_count=128 sample_interval=70 seq_num=0

D/VM_BMS  (  426): For soc=88 batt_temp=90 slope=10400

D/VM_BMS  (  426): For soc=88 batt_temp=90 rbatt_sf=210

D/VM_BMS  (  426): rbatt_mohm_default=138, rbatt_mohm=289, sf=210 batt_temp=90

D/VM_BMS  (  426): For ocv=4038519 batt_temp=90 soc=88

D/VM_BMS  (  426): FIFO=4 fifo_avg=3.989764 rbatt=0.289000 slope=1.040000 ibatt=0.169077 ocv=4.038520 soc=88 fcc_ah=2.033000 sample_count=128 sample_interval=70 seq_num=0

I/VM_BMS  (  426): power_supply_update: ocv_uv=4038519 ibatt=169077 soc=88 seq_num=0

D/VM_BMS  (  426): End process_bms_data

D/VM_BMS  (  426): wake_lock released

D/AndroidRuntime( 5167): >>>>>> START com.android.internal.os.RuntimeInit uid 2000 <<<<<<

D/AndroidRuntime( 5167): CheckJNI is OFF

D/AndroidRuntime( 5167): Calling main entry com.android.commands.settings.SettingsCmd

D/AndroidRuntime( 5167): Shutting down VM

W/linker  ( 5183): libmmcamera_imglib.so: unused DT entry: type 0x6ffffffe arg 0x21d8

W/linker  ( 5183): libmmcamera_imglib.so: unused DT entry: type 0x6fffffff arg 0x1

D/AndroidRuntime( 5208): >>>>>> START com.android.internal.os.RuntimeInit uid 2000 <<<<<<

D/AndroidRuntime( 5208): CheckJNI is OFF

D/AndroidRuntime( 5208): Calling main entry com.android.commands.settings.SettingsCmd

D/AndroidRuntime( 5208): Shutting down VM

D/Ulp_jni (  741): Location CB invoked

I/QCNEJ   ( 3012): |CORE:COM:RCVR| CNE creating socket

W/QCNEJ   ( 3012): |CORE:COM:RCVR| Couldn't find 'cnd' socket after 8 times, continuing to retry silently

E/libplasma( 3148): OEM send socket:46, buffer length:11


E/libplasma( 3148): 


E/libplasma( 3148): RECVED:11


E/CABL    ( 4267): Failed to connect to daemon socket

W/System.err( 4267): java.io.IOException: No such file or directory

W/System.err( 4267): 	at android.net.LocalSocketImpl.connectLocal(Native Method)

W/System.err( 4267): 	at android.net.LocalSocketImpl.connect(LocalSocketImpl.java:293)

W/System.err( 4267): 	at android.net.LocalSocket.connect(LocalSocket.java:130)

W/System.err( 4267): 	at com.qualcomm.cabl.CABLDaemonConnector.listenToSocket(CABLDaemonConnector.java:58)

W/System.err( 4267): 	at com.qualcomm.cabl.CABLDaemonConnector.run(CABLDaemonConnector.java:42)

W/System.err( 4267): 	at java.lang.Thread.run(Thread.java:818)

E/CABL    ( 4267): Closing the socket!

I/ActivityManager(  741): Waited long enough for: ServiceRecord{281201a1 u0 com.qualcomm.svi/.SVIService}

D/PPDaemon( 5221): CABL version 2.0.20140905

D/PPDaemon( 5221): isHDMIPrimary: HDMI is not primary display

E/PPDaemon( 5221): Unable to open fb type file  err:  No such file or directory

E/PPDaemon( 5221): Unable to open fb type file  err:  No such file or directory

E/PPDaemon( 5221): void openPrimaryFrameBuffer(DaemonContext&): Cannot locate the primary framebuffer

I/ActivityManager(  741): Waited long enough for: ServiceRecord{262c16dd u0 com.iflytek.speechcloud/com.iflytek.common.LaunchService}

I/ActivityManager(  741): Waited long enough for: ServiceRecord{3bab4252 u0 com.iflytek.speechcloud/com.iflytek.business.BusinessService}

I/ActivityManager(  741): Waited long enough for: ServiceRecord{c97319e u0 com.iflytek.speechcloud/com.iflytek.pushclient.manager.PushService}

I/ActivityManager(  741): Waited long enough for: ServiceRecord{3bc0c9aa u0 com.iflytek.speechcloud/com.iflytek.business.PlusBusinessService}

I/ActivityManager(  741): Waited long enough for: ServiceRecord{114408e4 u0 com.iflytek.vflynote/com.iflytek.pushclient.manager.PushService}

E/libplasma( 3148): UDP send buffer length:23


W/linker  ( 5222): libmmcamera_imglib.so: unused DT entry: type 0x6ffffffe arg 0x21d8

W/linker  ( 5222): libmmcamera_imglib.so: unused DT entry: type 0x6fffffff arg 0x1

I/QCNEJ   ( 3012): |CORE:COM:RCVR| CNE creating socket

I/ServiceManager(  281): Waiting for service AtCmdFwd...

E/CABL    ( 4267): Failed to connect to daemon socket

W/System.err( 4267): java.io.IOException: No such file or directory

W/System.err( 4267): 	at android.net.LocalSocketImpl.connectLocal(Native Method)

W/System.err( 4267): 	at android.net.LocalSocketImpl.connect(LocalSocketImpl.java:293)

W/System.err( 4267): 	at android.net.LocalSocket.connect(LocalSocket.java:130)

W/System.err( 4267): 	at com.qualcomm.cabl.CABLDaemonConnector.listenToSocket(CABLDaemonConnector.java:58)

W/System.err( 4267): 	at com.qualcomm.cabl.CABLDaemonConnector.run(CABLDaemonConnector.java:42)

W/System.err( 4267): 	at java.lang.Thread.run(Thread.java:818)

E/CABL    ( 4267): Closing the socket!

D/PPDaemon( 5228): CABL version 2.0.20140905

D/PPDaemon( 5228): isHDMIPrimary: HDMI is not primary display

E/PPDaemon( 5228): Unable to open fb type file  err:  No such file or directory

E/PPDaemon( 5228): Unable to open fb type file  err:  No such file or directory

E/PPDaemon( 5228): void openPrimaryFrameBuffer(DaemonContext&): Cannot locate the primary framebuffer

I/ServiceManager(  281): Waiting for service AtCmdFwd...

I/ServiceManager(  281): Waiting for service AtCmdFwd...

W/linker  ( 5229): libmmcamera_imglib.so: unused DT entry: type 0x6ffffffe arg 0x21d8

W/linker  ( 5229): libmmcamera_imglib.so: unused DT entry: type 0x6fffffff arg 0x1

I/QCNEJ   ( 3012): |CORE:COM:RCVR| CNE creating socket

I/ServiceManager(  281): Waiting for service AtCmdFwd...

D/Ulp_jni (  741): Location CB invoked

I/ServiceManager(  281): Waiting for service AtCmdFwd...

W/Atfwd_Sendcmd(  281): AtCmdFwd service not published, waiting... retryCnt : 4

E/CABL    ( 4267): Failed to connect to daemon socket

W/System.err( 4267): java.io.IOException: No such file or directory

W/System.err( 4267): 	at android.net.LocalSocketImpl.connectLocal(Native Method)

W/System.err( 4267): 	at android.net.LocalSocketImpl.connect(LocalSocketImpl.java:293)

W/System.err( 4267): 	at android.net.LocalSocket.connect(LocalSocket.java:130)

W/System.err( 4267): 	at com.qualcomm.cabl.CABLDaemonConnector.listenToSocket(CABLDaemonConnector.java:58)

W/System.err( 4267): 	at com.qualcomm.cabl.CABLDaemonConnector.run(CABLDaemonConnector.java:42)

W/System.err( 4267): 	at java.lang.Thread.run(Thread.java:818)

E/CABL    ( 4267): Closing the socket!

D/PPDaemon( 5230): CABL version 2.0.20140905

D/PPDaemon( 5230): isHDMIPrimary: HDMI is not primary display

E/PPDaemon( 5230): Unable to open fb type file  err:  No such file or directory

E/PPDaemon( 5230): Unable to open fb type file  err:  No such file or directory

E/PPDaemon( 5230): void openPrimaryFrameBuffer(DaemonContext&): Cannot locate the primary framebuffer

I/QCNEJ   ( 3012): |CORE:COM:RCVR| CNE creating socket

W/linker  ( 5231): libmmcamera_imglib.so: unused DT entry: type 0x6ffffffe arg 0x21d8

W/linker  ( 5231): libmmcamera_imglib.so: unused DT entry: type 0x6fffffff arg 0x1

E/libplasma( 3148): UDP send buffer length:23


E/CABL    ( 4267): Failed to connect to daemon socket

W/System.err( 4267): java.io.IOException: No such file or directory

W/System.err( 4267): 	at android.net.LocalSocketImpl.connectLocal(Native Method)

W/System.err( 4267): 	at android.net.LocalSocketImpl.connect(LocalSocketImpl.java:293)

W/System.err( 4267): 	at android.net.LocalSocket.connect(LocalSocket.java:130)

W/System.err( 4267): 	at com.qualcomm.cabl.CABLDaemonConnector.listenToSocket(CABLDaemonConnector.java:58)

W/System.err( 4267): 	at com.qualcomm.cabl.CABLDaemonConnector.run(CABLDaemonConnector.java:42)

W/System.err( 4267): 	at java.lang.Thread.run(Thread.java:818)

E/CABL    ( 4267): Closing the socket!

I/QCNEJ   ( 3012): |CORE:COM:RCVR| CNE creating socket

D/PPDaemon( 5237): CABL version 2.0.20140905

D/PPDaemon( 5237): isHDMIPrimary: HDMI is not primary display

E/PPDaemon( 5237): Unable to open fb type file  err:  No such file or directory

E/PPDaemon( 5237): Unable to open fb type file  err:  No such file or directory

E/PPDaemon( 5237): void openPrimaryFrameBuffer(DaemonContext&): Cannot locate the primary framebuffer

W/linker  ( 5238): libmmcamera_imglib.so: unused DT entry: type 0x6ffffffe arg 0x21d8

W/linker  ( 5238): libmmcamera_imglib.so: unused DT entry: type 0x6fffffff arg 0x1

D/Ulp_jni (  741): Location CB invoked

I/QCNEJ   ( 3012): |CORE:COM:RCVR| CNE creating socket

E/libplasma( 3148): OEM send socket:46, buffer length:11


E/CABL    ( 4267): Failed to connect to daemon socket

W/System.err( 4267): java.io.IOException: No such file or directory

W/System.err( 4267): 	at android.net.LocalSocketImpl.connectLocal(Native Method)

W/System.err( 4267): 	at android.net.LocalSocketImpl.connect(LocalSocketImpl.java:293)

W/System.err( 4267): 	at android.net.LocalSocket.connect(LocalSocket.java:130)

W/System.err( 4267): 	at com.qualcomm.cabl.CABLDaemonConnector.listenToSocket(CABLDaemonConnector.java:58)

W/System.err( 4267): 	at com.qualcomm.cabl.CABLDaemonConnector.run(CABLDaemonConnector.java:42)

W/System.err( 4267): 	at java.lang.Thread.run(Thread.java:818)

E/CABL    ( 4267): Closing the socket!

E/libplasma( 3148): 


E/libplasma( 3148): RECVED:11


D/PPDaemon( 5239): CABL version 2.0.20140905

D/PPDaemon( 5239): isHDMIPrimary: HDMI is not primary display

E/PPDaemon( 5239): Unable to open fb type file  err:  No such file or directory

E/PPDaemon( 5239): Unable to open fb type file  err:  No such file or directory

E/PPDaemon( 5239): void openPrimaryFrameBuffer(DaemonContext&): Cannot locate the primary framebuffer

W/linker  ( 5240): libmmcamera_imglib.so: unused DT entry: type 0x6ffffffe arg 0x21d8

W/linker  ( 5240): libmmcamera_imglib.so: unused DT entry: type 0x6fffffff arg 0x1

E/libplasma( 3148): UDP send buffer length:23


I/QCNEJ   ( 3012): |CORE:COM:RCVR| CNE creating socket

E/CABL    ( 4267): Failed to connect to daemon socket

W/System.err( 4267): java.io.IOException: No such file or directory

W/System.err( 4267): 	at android.net.LocalSocketImpl.connectLocal(Native Method)

W/System.err( 4267): 	at android.net.LocalSocketImpl.connect(LocalSocketImpl.java:293)

W/System.err( 4267): 	at android.net.LocalSocket.connect(LocalSocket.java:130)

W/System.err( 4267): 	at com.qualcomm.cabl.CABLDaemonConnector.listenToSocket(CABLDaemonConnector.java:58)

W/System.err( 4267): 	at com.qualcomm.cabl.CABLDaemonConnector.run(CABLDaemonConnector.java:42)

W/System.err( 4267): 	at java.lang.Thread.run(Thread.java:818)

E/CABL    ( 4267): Closing the socket!

D/PPDaemon( 5246): CABL version 2.0.20140905

D/PPDaemon( 5246): isHDMIPrimary: HDMI is not primary display

E/PPDaemon( 5246): Unable to open fb type file  err:  No such file or directory

E/PPDaemon( 5246): Unable to open fb type file  err:  No such file or directory

E/PPDaemon( 5246): void openPrimaryFrameBuffer(DaemonContext&): Cannot locate the primary framebuffer

I/QCNEJ   ( 3012): |CORE:COM:RCVR| CNE creating socket

W/linker  ( 5247): libmmcamera_imglib.so: unused DT entry: type 0x6ffffffe arg 0x21d8

W/linker  ( 5247): libmmcamera_imglib.so: unused DT entry: type 0x6fffffff arg 0x1

D/Ulp_jni (  741): Location CB invoked

I/ServiceManager(  281): Waiting for service AtCmdFwd...

E/CABL    ( 4267): Failed to connect to daemon socket

W/System.err( 4267): java.io.IOException: No such file or directory

W/System.err( 4267): 	at android.net.LocalSocketImpl.connectLocal(Native Method)

W/System.err( 4267): 	at android.net.LocalSocketImpl.connect(LocalSocketImpl.java:293)

W/System.err( 4267): 	at android.net.LocalSocket.connect(LocalSocket.java:130)

W/System.err( 4267): 	at com.qualcomm.cabl.CABLDaemonConnector.listenToSocket(CABLDaemonConnector.java:58)

W/System.err( 4267): 	at com.qualcomm.cabl.CABLDaemonConnector.run(CABLDaemonConnector.java:42)

W/System.err( 4267): 	at java.lang.Thread.run(Thread.java:818)

E/CABL    ( 4267): Closing the socket!

D/PPDaemon( 5248): CABL version 2.0.20140905

D/PPDaemon( 5248): isHDMIPrimary: HDMI is not primary display

E/PPDaemon( 5248): Unable to open fb type file  err:  No such file or directory

E/PPDaemon( 5248): Unable to open fb type file  err:  No such file or directory

E/PPDaemon( 5248): void openPrimaryFrameBuffer(DaemonContext&): Cannot locate the primary framebuffer

I/ServiceManager(  281): Waiting for service AtCmdFwd...

I/QCNEJ   ( 3012): |CORE:COM:RCVR| CNE creating socket

I/ServiceManager(  281): Waiting for service AtCmdFwd...

W/linker  ( 5249): libmmcamera_imglib.so: unused DT entry: type 0x6ffffffe arg 0x21d8

W/linker  ( 5249): libmmcamera_imglib.so: unused DT entry: type 0x6fffffff arg 0x1

E/libplasma( 3148): UDP send buffer length:23


I/ServiceManager(  281): Waiting for service AtCmdFwd...

I/ServiceManager(  281): Waiting for service AtCmdFwd...

D/PPDaemon( 5250): CABL version 2.0.20140905

D/PPDaemon( 5250): isHDMIPrimary: HDMI is not primary display

E/PPDaemon( 5250): Unable to open fb type file  err:  No such file or directory

E/PPDaemon( 5250): Unable to open fb type file  err:  No such file or directory

E/PPDaemon( 5250): void openPrimaryFrameBuffer(DaemonContext&): Cannot locate the primary framebuffer

W/Atfwd_Sendcmd(  281): AtCmdFwd service not published, waiting... retryCnt : 5

E/CABL    ( 4267): Failed to connect to daemon socket

W/System.err( 4267): java.io.IOException: No such file or directory

W/System.err( 4267): 	at android.net.LocalSocketImpl.connectLocal(Native Method)

W/System.err( 4267): 	at android.net.LocalSocketImpl.connect(LocalSocketImpl.java:293)

W/System.err( 4267): 	at android.net.LocalSocket.connect(LocalSocket.java:130)

W/System.err( 4267): 	at com.qualcomm.cabl.CABLDaemonConnector.listenToSocket(CABLDaemonConnector.java:58)

W/System.err( 4267): 	at com.qualcomm.cabl.CABLDaemonConnector.run(CABLDaemonConnector.java:42)

W/System.err( 4267): 	at java.lang.Thread.run(Thread.java:818)

E/CABL    ( 4267): Closing the socket!

I/QCNEJ   ( 3012): |CORE:COM:RCVR| CNE creating socket

W/linker  ( 5256): libmmcamera_imglib.so: unused DT entry: type 0x6ffffffe arg 0x21d8

W/linker  ( 5256): libmmcamera_imglib.so: unused DT entry: type 0x6fffffff arg 0x1

D/Ulp_jni (  741): Location CB invoked

I/QCNEJ   ( 3012): |CORE:COM:RCVR| CNE creating socket

D/PPDaemon( 5257): CABL version 2.0.20140905

D/PPDaemon( 5257): isHDMIPrimary: HDMI is not primary display

E/PPDaemon( 5257): Unable to open fb type file  err:  No such file or directory

E/PPDaemon( 5257): Unable to open fb type file  err:  No such file or directory

E/PPDaemon( 5257): void openPrimaryFrameBuffer(DaemonContext&): Cannot locate the primary framebuffer

E/CABL    ( 4267): Failed to connect to daemon socket

W/System.err( 4267): java.io.IOException: No such file or directory

W/System.err( 4267): 	at android.net.LocalSocketImpl.connectLocal(Native Method)

W/System.err( 4267): 	at android.net.LocalSocketImpl.connect(LocalSocketImpl.java:293)

W/System.err( 4267): 	at android.net.LocalSocket.connect(LocalSocket.java:130)

W/System.err( 4267): 	at com.qualcomm.cabl.CABLDaemonConnector.listenToSocket(CABLDaemonConnector.java:58)

W/System.err( 4267): 	at com.qualcomm.cabl.CABLDaemonConnector.run(CABLDaemonConnector.java:42)

W/System.err( 4267): 	at java.lang.Thread.run(Thread.java:818)

E/CABL    ( 4267): Closing the socket!

E/libplasma( 3148): OEM send socket:46, buffer length:11


E/libplasma( 3148): 


E/libplasma( 3148): RECVED:11


W/linker  ( 5258): libmmcamera_imglib.so: unused DT entry: type 0x6ffffffe arg 0x21d8

W/linker  ( 5258): libmmcamera_imglib.so: unused DT entry: type 0x6fffffff arg 0x1

I/rmt_storage(  235): rmt_storage_connect_cb: clnt_h=0x9 conn_h=0xb8599410

I/rmt_storage(  235): rmt_storage_rw_iovec_cb: /boot/modem_fs2: clnt_h=0xb6f26130: req_h=0x9 msg_id=3: R/W request received

I/rmt_storage(  235): wakelock acquired: 1, error no: 42

I/rmt_storage(  235): rmt_storage_client_thread: /boot/modem_fs2: clnt_h=0xb6f26130 Unblock worker thread (th_id: -1202087776)

I/rmt_storage(  235): rmt_storage_client_thread: /boot/modem_fs2: clnt_h=0xb6f26130: req_h=0x9 msg_id=3: Bytes written = 917504

I/rmt_storage(  235): rmt_storage_client_thread: /boot/modem_fs2: clnt_h=0xb6f26130: req_h=0x9 msg_id=3: Send response: res=0 err=0

I/rmt_storage(  235): rmt_storage_client_thread: /boot/modem_fs2: clnt_h=0xb6f26130 About to block rmt_storage client thread (th_id: -1202087776) wakelock released: 1, error no: 11

I/rmt_storage(  235): 

I/rmt_storage(  235): rmt_storage_disconnect_cb: clnt_h=0x9 conn_h=0xb8599410

E/libplasma( 3148): UDP send buffer length:23


I/QCNEJ   ( 3012): |CORE:COM:RCVR| CNE creating socket

D/PPDaemon( 5264): CABL version 2.0.20140905

D/PPDaemon( 5264): isHDMIPrimary: HDMI is not primary display

E/PPDaemon( 5264): Unable to open fb type file  err:  No such file or directory

E/PPDaemon( 5264): Unable to open fb type file  err:  No such file or directory

E/PPDaemon( 5264): void openPrimaryFrameBuffer(DaemonContext&): Cannot locate the primary framebuffer

D/VM_BMS  (  426): wake_lock acquired

D/VM_BMS  (  426): New BMS data - Size=56

D/VM_BMS  (  426): Start process_bms_data

D/VM_BMS  (  426): For batt_temp=90 fcc_mah=2033

D/VM_BMS  (  426): For ocv=4038519 batt_temp=90 soc=88

D/VM_BMS  (  426): fifo_count=5 acc_count=0

D/VM_BMS  (  426): INIT: ocv=4038519 last_ocv=4038519 batt_temp=90 soc=88

D/VM_BMS  (  426): For soc=88 batt_temp=90 slope=10400

D/VM_BMS  (  426): For soc=88 batt_temp=90 rbatt_sf=210

D/VM_BMS  (  426): rbatt_mohm_default=138, rbatt_mohm=289, sf=210 batt_temp=90

D/VM_BMS  (  426): For ocv=4038302 batt_temp=90 soc=88

D/VM_BMS  (  426): FIFO=0 fifo_avg=3.989214 rbatt=0.289000 slope=1.040000 ibatt=0.170230 ocv=4.038302 soc=88 fcc_ah=2.033000 sample_count=128 sample_interval=70 seq_num=1

D/VM_BMS  (  426): For soc=88 batt_temp=90 slope=10400

D/VM_BMS  (  426): For soc=88 batt_temp=90 rbatt_sf=210

D/VM_BMS  (  426): rbatt_mohm_default=138, rbatt_mohm=289, sf=210 batt_temp=90

D/VM_BMS  (  426): For ocv=4038137 batt_temp=90 soc=88

D/VM_BMS  (  426): FIFO=1 fifo_avg=4.000726 rbatt=0.289000 slope=1.040000 ibatt=0.129734 ocv=4.038137 soc=88 fcc_ah=2.033000 sample_count=128 sample_interval=70 seq_num=1

D/VM_BMS  (  426): For soc=88 batt_temp=90 slope=10400

D/VM_BMS  (  426): For soc=88 batt_temp=90 rbatt_sf=210

D/VM_BMS  (  426): rbatt_mohm_default=138, rbatt_mohm=289, sf=210 batt_temp=90

D/VM_BMS  (  426): For ocv=4037953 batt_temp=90 soc=88

D/VM_BMS  (  426): FIFO=2 fifo_avg=3.996300 rbatt=0.289000 slope=1.040000 ibatt=0.144446 ocv=4.037953 soc=88 fcc_ah=2.033000 sample_count=128 sample_interval=70 seq_num=1

D/VM_BMS  (  426): For soc=88 batt_temp=90 slope=10400

D/VM_BMS  (  426): For soc=88 batt_temp=90 rbatt_sf=210

D/VM_BMS  (  426): rbatt_mohm_default=138, rbatt_mohm=289, sf=210 batt_temp=90

D/VM_BMS  (  426): For ocv=4037785 batt_temp=90 soc=88

D/VM_BMS  (  426): FIFO=3 fifo_avg=3.999841 rbatt=0.289000 slope=1.040000 ibatt=0.131585 ocv=4.037786 soc=88 fcc_ah=2.033000 sample_count=128 sample_interval=70 seq_num=1

D/VM_BMS  (  426): For soc=88 batt_temp=90 slope=10400

D/VM_BMS  (  426): For soc=88 batt_temp=90 rbatt_sf=210

D/VM_BMS  (  426): rbatt_mohm_default=138, rbatt_mohm=289, sf=210 batt_temp=90

D/VM_BMS  (  426): For ocv=4037593 batt_temp=90 soc=88

D/VM_BMS  (  426): FIFO=4 fifo_avg=3.994232 rbatt=0.289000 slope=1.040000 ibatt=0.150372 ocv=4.037593 soc=88 fcc_ah=2.033000 sample_count=128 sample_interval=70 seq_num=1

I/VM_BMS  (  426): power_supply_update: ocv_uv=4037593 ibatt=150371 soc=88 seq_num=1

D/VM_BMS  (  426): End process_bms_data

D/VM_BMS  (  426): wake_lock released

E/CABL    ( 4267): Failed to connect to daemon socket

W/System.err( 4267): java.io.IOException: No such file or directory

W/System.err( 4267): 	at android.net.LocalSocketImpl.connectLocal(Native Method)

W/System.err( 4267): 	at android.net.LocalSocketImpl.connect(LocalSocketImpl.java:293)

W/System.err( 4267): 	at android.net.LocalSocket.connect(LocalSocket.java:130)

W/System.err( 4267): 	at com.qualcomm.cabl.CABLDaemonConnector.listenToSocket(CABLDaemonConnector.java:58)

W/System.err( 4267): 	at com.qualcomm.cabl.CABLDaemonConnector.run(CABLDaemonConnector.java:42)

W/System.err( 4267): 	at java.lang.Thread.run(Thread.java:818)

E/CABL    ( 4267): Closing the socket!

W/linker  ( 5265): libmmcamera_imglib.so: unused DT entry: type 0x6ffffffe arg 0x21d8

W/linker  ( 5265): libmmcamera_imglib.so: unused DT entry: type 0x6fffffff arg 0x1

I/QCNEJ   ( 3012): |CORE:COM:RCVR| CNE creating socket

D/Ulp_jni (  741): Location CB invoked

D/PPDaemon( 5266): CABL version 2.0.20140905

D/PPDaemon( 5266): isHDMIPrimary: HDMI is not primary display

E/PPDaemon( 5266): Unable to open fb type file  err:  No such file or directory

E/PPDaemon( 5266): Unable to open fb type file  err:  No such file or directory

E/PPDaemon( 5266): void openPrimaryFrameBuffer(DaemonContext&): Cannot locate the primary framebuffer

E/CABL    ( 4267): Failed to connect to daemon socket

W/System.err( 4267): java.io.IOException: No such file or directory

W/System.err( 4267): 	at android.net.LocalSocketImpl.connectLocal(Native Method)

W/System.err( 4267): 	at android.net.LocalSocketImpl.connect(LocalSocketImpl.java:293)

W/System.err( 4267): 	at android.net.LocalSocket.connect(LocalSocket.java:130)

W/System.err( 4267): 	at com.qualcomm.cabl.CABLDaemonConnector.listenToSocket(CABLDaemonConnector.java:58)

W/System.err( 4267): 	at com.qualcomm.cabl.CABLDaemonConnector.run(CABLDaemonConnector.java:42)

W/System.err( 4267): 	at java.lang.Thread.run(Thread.java:818)

E/CABL    ( 4267): Closing the socket!

I/QCNEJ   ( 3012): |CORE:COM:RCVR| CNE creating socket

W/linker  ( 5267): libmmcamera_imglib.so: unused DT entry: type 0x6ffffffe arg 0x21d8

W/linker  ( 5267): libmmcamera_imglib.so: unused DT entry: type 0x6fffffff arg 0x1

E/libplasma( 3148): UDP send buffer length:23


D/PPDaemon( 5273): CABL version 2.0.20140905

D/PPDaemon( 5273): isHDMIPrimary: HDMI is not primary display

E/PPDaemon( 5273): Unable to open fb type file  err:  No such file or directory

E/PPDaemon( 5273): Unable to open fb type file  err:  No such file or directory

E/PPDaemon( 5273): void openPrimaryFrameBuffer(DaemonContext&): Cannot locate the primary framebuffer

E/CABL    ( 4267): Failed to connect to daemon socket

W/System.err( 4267): java.io.IOException: No such file or directory

W/System.err( 4267): 	at android.net.LocalSocketImpl.connectLocal(Native Method)

W/System.err( 4267): 	at android.net.LocalSocketImpl.connect(LocalSocketImpl.java:293)

W/System.err( 4267): 	at android.net.LocalSocket.connect(LocalSocket.java:130)

W/System.err( 4267): 	at com.qualcomm.cabl.CABLDaemonConnector.listenToSocket(CABLDaemonConnector.java:58)

W/System.err( 4267): 	at com.qualcomm.cabl.CABLDaemonConnector.run(CABLDaemonConnector.java:42)

W/System.err( 4267): 	at java.lang.Thread.run(Thread.java:818)

E/CABL    ( 4267): Closing the socket!

I/QCNEJ   ( 3012): |CORE:COM:RCVR| CNE creating socket

W/linker  ( 5274): libmmcamera_imglib.so: unused DT entry: type 0x6ffffffe arg 0x21d8

W/linker  ( 5274): libmmcamera_imglib.so: unused DT entry: type 0x6fffffff arg 0x1

D/Ulp_jni (  741): Location CB invoked

I/QCNEJ   ( 3012): |CORE:COM:RCVR| CNE creating socket

D/PPDaemon( 5275): CABL version 2.0.20140905

D/PPDaemon( 5275): isHDMIPrimary: HDMI is not primary display

E/PPDaemon( 5275): Unable to open fb type file  err:  No such file or directory

E/PPDaemon( 5275): Unable to open fb type file  err:  No such file or directory

E/PPDaemon( 5275): void openPrimaryFrameBuffer(DaemonContext&): Cannot locate the primary framebuffer

I/Atfwd_Sendcmd(  281): AtCmdFwd service not ready - Exhausted retry attempts - :6

I/Atfwd_Daemon(  281): result : -1 	 ,Init step :2 	 ,qmiErrorCode: 0

E/CABL    ( 4267): Failed to connect to daemon socket

W/System.err( 4267): java.io.IOException: No such file or directory

W/System.err( 4267): 	at android.net.LocalSocketImpl.connectLocal(Native Method)

W/System.err( 4267): 	at android.net.LocalSocketImpl.connect(LocalSocketImpl.java:293)

W/System.err( 4267): 	at android.net.LocalSocket.connect(LocalSocket.java:130)

W/System.err( 4267): 	at com.qualcomm.cabl.CABLDaemonConnector.listenToSocket(CABLDaemonConnector.java:58)

W/System.err( 4267): 	at com.qualcomm.cabl.CABLDaemonConnector.run(CABLDaemonConnector.java:42)

W/System.err( 4267): 	at java.lang.Thread.run(Thread.java:818)

E/CABL    ( 4267): Closing the socket!

E/libplasma( 3148): OEM send socket:46, buffer length:11


E/libplasma( 3148): 


E/libplasma( 3148): RECVED:11


W/linker  ( 5276): libmmcamera_imglib.so: unused DT entry: type 0x6ffffffe arg 0x21d8

W/linker  ( 5276): libmmcamera_imglib.so: unused DT entry: type 0x6fffffff arg 0x1

I/QCNEJ   ( 3012): |CORE:COM:RCVR| CNE creating socket

E/libplasma( 3148): UDP send buffer length:23


I/ServiceManager(  281): Waiting for service AtCmdFwd...

D/PPDaemon( 5282): CABL version 2.0.20140905

D/PPDaemon( 5282): isHDMIPrimary: HDMI is not primary display

E/PPDaemon( 5282): Unable to open fb type file  err:  No such file or directory

E/PPDaemon( 5282): Unable to open fb type file  err:  No such file or directory

E/PPDaemon( 5282): void openPrimaryFrameBuffer(DaemonContext&): Cannot locate the primary framebuffer

E/CABL    ( 4267): Failed to connect to daemon socket

W/System.err( 4267): java.io.IOException: No such file or directory

W/System.err( 4267): 	at android.net.LocalSocketImpl.connectLocal(Native Method)

W/System.err( 4267): 	at android.net.LocalSocketImpl.connect(LocalSocketImpl.java:293)

W/System.err( 4267): 	at android.net.LocalSocket.connect(LocalSocket.java:130)

W/System.err( 4267): 	at com.qualcomm.cabl.CABLDaemonConnector.listenToSocket(CABLDaemonConnector.java:58)

W/System.err( 4267): 	at com.qualcomm.cabl.CABLDaemonConnector.run(CABLDaemonConnector.java:42)

W/System.err( 4267): 	at java.lang.Thread.run(Thread.java:818)

E/CABL    ( 4267): Closing the socket!

I/ServiceManager(  281): Waiting for service AtCmdFwd...

I/ServiceManager(  281): Waiting for service AtCmdFwd...

W/linker  ( 5283): libmmcamera_imglib.so: unused DT entry: type 0x6ffffffe arg 0x21d8

W/linker  ( 5283): libmmcamera_imglib.so: unused DT entry: type 0x6fffffff arg 0x1

I/QCNEJ   ( 3012): |CORE:COM:RCVR| CNE creating socket

I/ServiceManager(  281): Waiting for service AtCmdFwd...

D/Ulp_jni (  741): Location CB invoked

I/ServiceManager(  281): Waiting for service AtCmdFwd...

W/Atfwd_Sendcmd(  281): AtCmdFwd service not published, waiting... retryCnt : 1

D/PPDaemon( 5284): CABL version 2.0.20140905

D/PPDaemon( 5284): isHDMIPrimary: HDMI is not primary display

E/PPDaemon( 5284): Unable to open fb type file  err:  No such file or directory

E/PPDaemon( 5284): Unable to open fb type file  err:  No such file or directory

E/PPDaemon( 5284): void openPrimaryFrameBuffer(DaemonContext&): Cannot locate the primary framebuffer

E/CABL    ( 4267): Failed to connect to daemon socket

W/System.err( 4267): java.io.IOException: No such file or directory

W/System.err( 4267): 	at android.net.LocalSocketImpl.connectLocal(Native Method)

W/System.err( 4267): 	at android.net.LocalSocketImpl.connect(LocalSocketImpl.java:293)

W/System.err( 4267): 	at android.net.LocalSocket.connect(LocalSocket.java:130)

W/System.err( 4267): 	at com.qualcomm.cabl.CABLDaemonConnector.listenToSocket(CABLDaemonConnector.java:58)

W/System.err( 4267): 	at com.qualcomm.cabl.CABLDaemonConnector.run(CABLDaemonConnector.java:42)

W/System.err( 4267): 	at java.lang.Thread.run(Thread.java:818)

E/CABL    ( 4267): Closing the socket!

I/QCNEJ   ( 3012): |CORE:COM:RCVR| CNE creating socket

W/linker  ( 5285): libmmcamera_imglib.so: unused DT entry: type 0x6ffffffe arg 0x21d8

W/linker  ( 5285): libmmcamera_imglib.so: unused DT entry: type 0x6fffffff arg 0x1

E/libplasma( 3148): UDP send buffer length:23


I/ServiceManager(  281): Waiting for service AtCmdFwd...

E/CABL    ( 4267): Failed to connect to daemon socket

W/System.err( 4267): java.io.IOException: Connection refused

W/System.err( 4267): 	at android.net.LocalSocketImpl.connectLocal(Native Method)

W/System.err( 4267): 	at android.net.LocalSocketImpl.connect(LocalSocketImpl.java:293)

W/System.err( 4267): 	at android.net.LocalSocket.connect(LocalSocket.java:130)

W/System.err( 4267): 	at com.qualcomm.cabl.CABLDaemonConnector.listenToSocket(CABLDaemonConnector.java:58)

W/System.err( 4267): 	at com.qualcomm.cabl.CABLDaemonConnector.run(CABLDaemonConnector.java:42)

W/System.err( 4267): 	at java.lang.Thread.run(Thread.java:818)

E/CABL    ( 4267): Closing the socket!

D/PPDaemon( 5291): CABL version 2.0.20140905

D/PPDaemon( 5291): isHDMIPrimary: HDMI is not primary display

E/PPDaemon( 5291): Unable to open fb type file  err:  No such file or directory

E/PPDaemon( 5291): Unable to open fb type file  err:  No such file or directory

E/PPDaemon( 5291): void openPrimaryFrameBuffer(DaemonContext&): Cannot locate the primary framebuffer

I/QCNEJ   ( 3012): |CORE:COM:RCVR| CNE creating socket

I/ServiceManager(  281): Waiting for service AtCmdFwd...

I/ServiceManager(  281): Waiting for service AtCmdFwd...

W/linker  ( 5292): libmmcamera_imglib.so: unused DT entry: type 0x6ffffffe arg 0x21d8

W/linker  ( 5292): libmmcamera_imglib.so: unused DT entry: type 0x6fffffff arg 0x1

