
E/QC-QMI  (  425): qmi_ctl_handle_request: qmi_ctl_tx_msg call failed

E/QC-QMI  (  425): qmi_qmux_open_connection: connection is disabled for conn_id=48

E/QC-QMI  (  425): qmi_qmux_tx_msg: failed to open inactive connd_id=48

E/QC-QMI  (  425): qmi_qmux: TX failed, connection inactive or in reset, conn_id=48, status_flags=4

E/QC-QMI  (  425): qmi_ctl_tx_msg: qmi_qmux_tx_msg failed

E/QC-QMI  (  425): qmi_ctl_handle_request: qmi_ctl_tx_msg call failed

E/QC-QMI  (  425): qmi_qmux_open_connection: connection is disabled for conn_id=48

E/QC-QMI  (  425): qmi_qmux_tx_msg: failed to open inactive connd_id=48

E/QC-QMI  (  425): qmi_qmux: TX failed, connection inactive or in reset, conn_id=48, status_flags=4

E/QC-QMI  (  425): qmi_ctl_tx_msg: qmi_qmux_tx_msg failed

E/QC-QMI  (  425): qmi_ctl_handle_request: qmi_ctl_tx_msg call failed

E/QC-QMI  (  425): qmi_qmux_open_connection: connection is disabled for conn_id=57

E/QC-QMI  (  425): qmi_qmux_tx_msg: failed to open inactive connd_id=57

E/QC-QMI  (  425): qmi_qmux: TX failed, connection inactive or in reset, conn_id=57, status_flags=4

E/QC-QMI  (  425): qmi_ctl_tx_msg: qmi_qmux_tx_msg failed

E/QC-QMI  (  425): qmi_ctl_handle_request: qmi_ctl_tx_msg call failed

E/QC-QMI  (  425): qmi_qmux_open_connection: connection is disabled for conn_id=57

E/QC-QMI  (  425): qmi_qmux_tx_msg: failed to open inactive connd_id=57

E/QC-QMI  (  425): qmi_qmux: TX failed, connection inactive or in reset, conn_id=57, status_flags=4

E/QC-QMI  (  425): qmi_ctl_tx_msg: qmi_qmux_tx_msg failed

E/QC-QMI  (  425): qmi_ctl_handle_request: qmi_ctl_tx_msg call failed

E/QC-QMI  (  425): qmi_qmux_open_connection: connection is disabled for conn_id=29

E/QC-QMI  (  425): qmi_qmux_tx_msg: failed to open inactive connd_id=29

E/QC-QMI  (  425): qmi_qmux: TX failed, connection inactive or in reset, conn_id=29, status_flags=4

E/QC-QMI  (  425): qmi_ctl_tx_msg: qmi_qmux_tx_msg failed

E/QC-QMI  (  425): qmi_ctl_handle_request: qmi_ctl_tx_msg call failed

E/QC-QMI  (  425): qmi_qmux_open_connection: connection is disabled for conn_id=29

E/QC-QMI  (  425): qmi_qmux_tx_msg: failed to open inactive connd_id=29

E/QC-QMI  (  425): qmi_qmux: TX failed, connection inactive or in reset, conn_id=29, status_flags=4

E/QC-QMI  (  425): qmi_ctl_tx_msg: qmi_qmux_tx_msg failed

E/QC-QMI  (  425): qmi_ctl_handle_request: qmi_ctl_tx_msg call failed

E/QC-QMI  (  425): qmi_qmux_open_connection: connection is disabled for conn_id=48

E/QC-QMI  (  425): qmi_qmux_tx_msg: failed to open inactive connd_id=48

E/QC-QMI  (  425): qmi_qmux: TX failed, connection inactive or in reset, conn_id=48, status_flags=4

E/QC-QMI  (  425): qmi_ctl_tx_msg: qmi_qmux_tx_msg failed

E/QC-QMI  (  425): qmi_ctl_handle_request: qmi_ctl_tx_msg call failed

E/QC-QMI  (  425): qmi_qmux_open_connection: connection is disabled for conn_id=48

E/QC-QMI  (  425): qmi_qmux_tx_msg: failed to open inactive connd_id=48

E/QC-QMI  (  425): qmi_qmux: TX failed, connection inactive or in reset, conn_id=48, status_flags=4

E/QC-QMI  (  425): qmi_ctl_tx_msg: qmi_qmux_tx_msg failed

E/QC-QMI  (  425): qmi_ctl_handle_request: qmi_ctl_tx_msg call failed

E/QC-QMI  (  425): qmi_qmux_open_connection: connection is disabled for conn_id=57

E/QC-QMI  (  425): qmi_qmux_tx_msg: failed to open inactive connd_id=57

E/QC-QMI  (  425): qmi_qmux: TX failed, connection inactive or in reset, conn_id=57, status_flags=4

E/QC-QMI  (  425): qmi_ctl_tx_msg: qmi_qmux_tx_msg failed

E/QC-QMI  (  425): qmi_ctl_handle_request: qmi_ctl_tx_msg call failed

E/QC-QMI  (  425): qmi_qmux_open_connection: connection is disabled for conn_id=57

E/QC-QMI  (  425): qmi_qmux_tx_msg: failed to open inactive connd_id=57

E/QC-QMI  (  425): qmi_qmux: TX failed, connection inactive or in reset, conn_id=57, status_flags=4

E/QC-QMI  (  425): qmi_ctl_tx_msg: qmi_qmux_tx_msg failed

E/QC-QMI  (  425): qmi_ctl_handle_request: qmi_ctl_tx_msg call failed

E/QC-QMI  (  425): qmi_qmux_open_connection: connection is disabled for conn_id=29

E/QC-QMI  (  425): qmi_qmux_tx_msg: failed to open inactive connd_id=29

E/QC-QMI  (  425): qmi_qmux: TX failed, connection inactive or in reset, conn_id=29, status_flags=4

E/QC-QMI  (  425): qmi_ctl_tx_msg: qmi_qmux_tx_msg failed

E/QC-QMI  (  425): qmi_ctl_handle_request: qmi_ctl_tx_msg call failed

E/QC-QMI  (  425): qmi_qmux_open_connection: connection is disabled for conn_id=29

E/QC-QMI  (  425): qmi_qmux_tx_msg: failed to open inactive connd_id=29

E/QC-QMI  (  425): qmi_qmux: TX failed, connection inactive or in reset, conn_id=29, status_flags=4

E/QC-QMI  (  425): qmi_ctl_tx_msg: qmi_qmux_tx_msg failed

E/QC-QMI  (  425): qmi_ctl_handle_request: qmi_ctl_tx_msg call failed

E/QC-QMI  (  425): qmi_qmux_open_connection: connection is disabled for conn_id=48

E/QC-QMI  (  425): qmi_qmux_tx_msg: failed to open inactive connd_id=48

E/QC-QMI  (  425): qmi_qmux: TX failed, connection inactive or in reset, conn_id=48, status_flags=4

E/QC-QMI  (  425): qmi_ctl_tx_msg: qmi_qmux_tx_msg failed

E/QC-QMI  (  425): qmi_ctl_handle_request: qmi_ctl_tx_msg call failed

E/QC-QMI  (  425): qmi_qmux_open_connection: connection is disabled for conn_id=48

E/QC-QMI  (  425): qmi_qmux_tx_msg: failed to open inactive connd_id=48

E/QC-QMI  (  425): qmi_qmux: TX failed, connection inactive or in reset, conn_id=48, status_flags=4

E/QC-QMI  (  425): qmi_ctl_tx_msg: qmi_qmux_tx_msg failed

E/QC-QMI  (  425): qmi_ctl_handle_request: qmi_ctl_tx_msg call failed

E/QC-QMI  (  425): qmi_qmux_open_connection: connection is disabled for conn_id=57

E/QC-QMI  (  425): qmi_qmux_tx_msg: failed to open inactive connd_id=57

E/QC-QMI  (  425): qmi_qmux: TX failed, connection inactive or in reset, conn_id=57, status_flags=4

E/QC-QMI  (  425): qmi_ctl_tx_msg: qmi_qmux_tx_msg failed

E/QC-QMI  (  425): qmi_ctl_handle_request: qmi_ctl_tx_msg call failed

E/QC-QMI  (  425): qmi_qmux_open_connection: connection is disabled for conn_id=57

E/QC-QMI  (  425): qmi_qmux_tx_msg: failed to open inactive connd_id=57

E/QC-QMI  (  425): qmi_qmux: TX failed, connection inactive or in reset, conn_id=57, status_flags=4

E/QC-QMI  (  425): qmi_ctl_tx_msg: qmi_qmux_tx_msg failed

E/QC-QMI  (  425): qmi_ctl_handle_request: qmi_ctl_tx_msg call failed

D/PPDaemon( 4708): CABL version 2.0.20140905

D/PPDaemon( 4708): isHDMIPrimary: HDMI is not primary display

E/PPDaemon( 4708): Unable to open fb type file  err:  No such file or directory

E/PPDaemon( 4708): Unable to open fb type file  err:  No such file or directory

E/PPDaemon( 4708): void openPrimaryFrameBuffer(DaemonContext&): Cannot locate the primary framebuffer

E/USB_UICC(  261): Timeout! No signal received. Retry num = 28

I/SurfaceFlinger(  228): FPS: 21

E/QC-QMI  (  425): qmi_qmux_open_connection: connection is disabled for conn_id=29

E/QC-QMI  (  425): qmi_qmux_tx_msg: failed to open inactive connd_id=29

E/QC-QMI  (  425): qmi_qmux: TX failed, connection inactive or in reset, conn_id=29, status_flags=4

E/QC-QMI  (  425): qmi_ctl_tx_msg: qmi_qmux_tx_msg failed

E/QC-QMI  (  425): qmi_ctl_handle_request: qmi_ctl_tx_msg call failed

E/QC-QMI  (  425): qmi_qmux_open_connection: connection is disabled for conn_id=29

E/QC-QMI  (  425): qmi_qmux_tx_msg: failed to open inactive connd_id=29

E/QC-QMI  (  425): qmi_qmux: TX failed, connection inactive or in reset, conn_id=29, status_flags=4

E/QC-QMI  (  425): qmi_ctl_tx_msg: qmi_qmux_tx_msg failed

E/QC-QMI  (  425): qmi_ctl_handle_request: qmi_ctl_tx_msg call failed

E/QC-QMI  (  425): qmi_qmux_open_connection: connection is disabled for conn_id=48

E/QC-QMI  (  425): qmi_qmux_tx_msg: failed to open inactive connd_id=48

E/QC-QMI  (  425): qmi_qmux: TX failed, connection inactive or in reset, conn_id=48, status_flags=4

E/QC-QMI  (  425): qmi_ctl_tx_msg: qmi_qmux_tx_msg failed

E/QC-QMI  (  425): qmi_ctl_handle_request: qmi_ctl_tx_msg call failed

E/QC-QMI  (  425): qmi_qmux_open_connection: connection is disabled for conn_id=48

E/QC-QMI  (  425): qmi_qmux_tx_msg: failed to open inactive connd_id=48

E/QC-QMI  (  425): qmi_qmux: TX failed, connection inactive or in reset, conn_id=48, status_flags=4

E/QC-QMI  (  425): qmi_ctl_tx_msg: qmi_qmux_tx_msg failed

E/QC-QMI  (  425): qmi_ctl_handle_request: qmi_ctl_tx_msg call failed

E/QC-QMI  (  425): qmi_qmux_open_connection: connection is disabled for conn_id=57

E/QC-QMI  (  425): qmi_qmux_tx_msg: failed to open inactive connd_id=57

E/QC-QMI  (  425): qmi_qmux: TX failed, connection inactive or in reset, conn_id=57, status_flags=4

E/QC-QMI  (  425): qmi_ctl_tx_msg: qmi_qmux_tx_msg failed

E/QC-QMI  (  425): qmi_ctl_handle_request: qmi_ctl_tx_msg call failed

E/QC-QMI  (  425): qmi_qmux_open_connection: connection is disabled for conn_id=57

E/QC-QMI  (  425): qmi_qmux_tx_msg: failed to open inactive connd_id=57

E/QC-QMI  (  425): qmi_qmux: TX failed, connection inactive or in reset, conn_id=57, status_flags=4

E/QC-QMI  (  425): qmi_ctl_tx_msg: qmi_qmux_tx_msg failed

E/QC-QMI  (  425): qmi_ctl_handle_request: qmi_ctl_tx_msg call failed

E/QC-QMI  (  425): qmi_qmux_open_connection: connection is disabled for conn_id=29

E/QC-QMI  (  425): qmi_qmux_tx_msg: failed to open inactive connd_id=29

E/QC-QMI  (  425): qmi_qmux: TX failed, connection inactive or in reset, conn_id=29, status_flags=4

E/QC-QMI  (  425): qmi_ctl_tx_msg: qmi_qmux_tx_msg failed

E/QC-QMI  (  425): qmi_ctl_handle_request: qmi_ctl_tx_msg call failed

E/QC-QMI  (  425): qmi_qmux_open_connection: connection is disabled for conn_id=29

E/QC-QMI  (  425): qmi_qmux_tx_msg: failed to open inactive connd_id=29

E/QC-QMI  (  425): qmi_qmux: TX failed, connection inactive or in reset, conn_id=29, status_flags=4

E/QC-QMI  (  425): qmi_ctl_tx_msg: qmi_qmux_tx_msg failed

E/QC-QMI  (  425): qmi_ctl_handle_request: qmi_ctl_tx_msg call failed

E/QC-QMI  (  425): qmi_qmux_open_connection: connection is disabled for conn_id=48

E/QC-QMI  (  425): qmi_qmux_tx_msg: failed to open inactive connd_id=48

E/QC-QMI  (  425): qmi_qmux: TX failed, connection inactive or in reset, conn_id=48, status_flags=4

E/QC-QMI  (  425): qmi_ctl_tx_msg: qmi_qmux_tx_msg failed

E/QC-QMI  (  425): qmi_ctl_handle_request: qmi_ctl_tx_msg call failed

E/QC-QMI  (  425): qmi_qmux_open_connection: connection is disabled for conn_id=48

E/QC-QMI  (  425): qmi_qmux_tx_msg: failed to open inactive connd_id=48

E/QC-QMI  (  425): qmi_qmux: TX failed, connection inactive or in reset, conn_id=48, status_flags=4

E/QC-QMI  (  425): qmi_ctl_tx_msg: qmi_qmux_tx_msg failed

E/QC-QMI  (  425): qmi_ctl_handle_request: qmi_ctl_tx_msg call failed

E/QC-QMI  (  425): qmi_qmux_open_connection: connection is disabled for conn_id=57

E/QC-QMI  (  425): qmi_qmux_tx_msg: failed to open inactive connd_id=57

E/QC-QMI  (  425): qmi_qmux: TX failed, connection inactive or in reset, conn_id=57, status_flags=4

E/QC-QMI  (  425): qmi_ctl_tx_msg: qmi_qmux_tx_msg failed

E/QC-QMI  (  425): qmi_ctl_handle_request: qmi_ctl_tx_msg call failed

E/QC-QMI  (  425): qmi_qmux_open_connection: connection is disabled for conn_id=57

E/QC-QMI  (  425): qmi_qmux_tx_msg: failed to open inactive connd_id=57

E/QC-QMI  (  425): qmi_qmux: TX failed, connection inactive or in reset, conn_id=57, status_flags=4

E/QC-QMI  (  425): qmi_ctl_tx_msg: qmi_qmux_tx_msg failed

E/QC-QMI  (  425): qmi_ctl_handle_request: qmi_ctl_tx_msg call failed

E/QC-QMI  (  425): qmi_qmux_open_connection: connection is disabled for conn_id=29

E/QC-QMI  (  425): qmi_qmux_tx_msg: failed to open inactive connd_id=29

E/QC-QMI  (  425): qmi_qmux: TX failed, connection inactive or in reset, conn_id=29, status_flags=4

E/QC-QMI  (  425): qmi_ctl_tx_msg: qmi_qmux_tx_msg failed

E/QC-QMI  (  425): qmi_ctl_handle_request: qmi_ctl_tx_msg call failed

E/QC-QMI  (  425): qmi_qmux_open_connection: connection is disabled for conn_id=29

E/QC-QMI  (  425): qmi_qmux_tx_msg: failed to open inactive connd_id=29

E/QC-QMI  (  425): qmi_qmux: TX failed, connection inactive or in reset, conn_id=29, status_flags=4

E/QC-QMI  (  425): qmi_ctl_tx_msg: qmi_qmux_tx_msg failed

E/QC-QMI  (  425): qmi_ctl_handle_request: qmi_ctl_tx_msg call failed

E/QC-QMI  (  425): qmi_qmux_open_connection: connection is disabled for conn_id=48

E/QC-QMI  (  425): qmi_qmux_tx_msg: failed to open inactive connd_id=48

E/QC-QMI  (  425): qmi_qmux: TX failed, connection inactive or in reset, conn_id=48, status_flags=4

E/QC-QMI  (  425): qmi_ctl_tx_msg: qmi_qmux_tx_msg failed

E/QC-QMI  (  425): qmi_ctl_handle_request: qmi_ctl_tx_msg call failed

E/QC-QMI  (  425): qmi_qmux_open_connection: connection is disabled for conn_id=48

E/QC-QMI  (  425): qmi_qmux_tx_msg: failed to open inactive connd_id=48

E/QC-QMI  (  425): qmi_qmux: TX failed, connection inactive or in reset, conn_id=48, status_flags=4

E/QC-QMI  (  425): qmi_ctl_tx_msg: qmi_qmux_tx_msg failed

E/QC-QMI  (  425): qmi_ctl_handle_request: qmi_ctl_tx_msg call failed

E/QC-QMI  (  425): qmi_qmux_open_connection: connection is disabled for conn_id=57

E/QC-QMI  (  425): qmi_qmux_tx_msg: failed to open inactive connd_id=57

E/QC-QMI  (  425): qmi_qmux: TX failed, connection inactive or in reset, conn_id=57, status_flags=4

E/QC-QMI  (  425): qmi_ctl_tx_msg: qmi_qmux_tx_msg failed

E/QC-QMI  (  425): qmi_ctl_handle_request: qmi_ctl_tx_msg call failed

E/QC-QMI  (  425): qmi_qmux_open_connection: connection is disabled for conn_id=57

E/QC-QMI  (  425): qmi_qmux_tx_msg: failed to open inactive connd_id=57

E/QC-QMI  (  425): qmi_qmux: TX failed, connection inactive or in reset, conn_id=57, status_flags=4

E/QC-QMI  (  425): qmi_ctl_tx_msg: qmi_qmux_tx_msg failed

E/QC-QMI  (  425): qmi_ctl_handle_request: qmi_ctl_tx_msg call failed

E/USB_UICC(  261): Timeout! No signal received. Retry num = 29

I/SurfaceFlinger(  228): FPS: 21

E/pttNative( 3148): OEM_Play_TTS_cb 

E/pttNative( 3148): data  65b07248672c7ec40037                           ----在这个类-----☞  (pttNative.java:1186)

E/pttNative( 3148): tempTxt 新版本组7                                        ----在这个类-----☞  (pttNative.java:1239)

E/pttNative( 3148):   语音  新版本组7                                          ----在这个类-----☞  (pttNative.java:1240)

E/libplasma( 3148): 


E/libplasma( 3148): +POC:8b0002


E/libplasma( 3148): 


E/callback:( 3148): ------------------------------------start--------------------------------------

E/Poc2 AT Callback:( 3148): +POC:8b0002


E/Poc     ( 3148): 8b

E/Poc     ( 3148): 0

E/Poc     ( 3148): 2

E/Poc     ( 3148): fdaa

E/xx      ( 3148): ----------------------checkHex start ---------------------- firstHex 8b   ----在这个类-----☞  (pttNative.java:152)

E/all     ( 3148): [8b, 0, 2, fdaa]                                     ----在这个类-----☞  (pttNative.java:153)

E/all     ( 3148): [8b, 00, 02, fdaa]                                   ----在这个类-----☞  (pttNative.java:154)

E/pttNative( 3148): ENotifyPlayStatus 通知音频播放的状态2                         ----在这个类-----☞  (pttNative.java:543)

E/pttNative( 3148):    讲话用户  语音   getNowUserName 新版本16                   ----在这个类-----☞  (pttNative.java:546)

E/Callback:( 3148): +POC:8b0002


E/str1    ( 3148): 8b02fdaa

E/str2    ( 3148): 8b0002fdaa

E/callback:( 3148): ------------------------------------end--------------------------------------

E/libplasma( 3148): 


E/libplasma( 3148): +POC:86000000006db06548722c67c47e37000000

E/libplasma( 3148): 


E/callback:( 3148): ------------------------------------start--------------------------------------

E/Poc2 AT Callback:( 3148): +POC:86000000006db06548722c67c47e37000000

E/Poc     ( 3148): 86

E/Poc     ( 3148): 0

E/Poc     ( 3148): 0

E/Poc     ( 3148): 0

E/Poc     ( 3148): 0

E/Poc     ( 3148): 6d

E/Poc     ( 3148): b0

E/Poc     ( 3148): 65

E/Poc     ( 3148): 48

E/Poc     ( 3148): 72

E/Poc     ( 3148): 2c

E/Poc     ( 3148): 67

E/Poc     ( 3148): c4

E/Poc     ( 3148): 7e

E/Poc     ( 3148): 37

E/Poc     ( 3148): 0

E/Poc     ( 3148): 0

E/Poc     ( 3148): 0

E/xx      ( 3148): ----------------------checkHex start ---------------------- firstHex 86   ----在这个类-----☞  (pttNative.java:152)

E/all     ( 3148): [86, 0, 0, 0, 0, 6d, b0, 65, 48, 72, 2c, 67, c4, 7e, 37, 0, 0, 0]   ----在这个类-----☞  (pttNative.java:153)

E/all     ( 3148): [86, 00, 00, 00, 00, 6d, b0, 65, 48, 72, 2c, 67, c4, 7e, 37, 00, 00, 00]   ----在这个类-----☞  (pttNative.java:154)

E/pttNative( 3148): ENotifyUpdateGroup 用户进入群组信息的指令0                      ----在这个类-----☞  (pttNative.java:784)

E/xx      ( 3148): 登录状态码 2  isRun false AppConstants.isRwecord false  AppConstants.isTalkType 0   ----在这个类-----☞  (UserBaseActivity.java:458)

E/xx      ( 3148): ----------------------checkHex end --------------------------   ----在这个类-----☞  (pttNative.java:1014)

E/Callback:( 3148): +POC:86000000006db06548722c67c47e37000000

E/str1    ( 3148): 8600006db06548722c67c47e37000

E/str2    ( 3148): 86000000006db06548722c67c47e37000000

E/callback:( 3148): ------------------------------------end--------------------------------------

E/libplasma( 3148): 


E/libplasma( 3148): +POC:8500


E/libplasma( 3148): 


E/callback:( 3148): ------------------------------------start--------------------------------------

E/Poc2 AT Callback:( 3148): +POC:8500


E/Poc     ( 3148): 85

E/Poc     ( 3148): 0

E/Poc     ( 3148): fdaa

E/xx      ( 3148): ----------------------checkHex start ---------------------- firstHex 85   ----在这个类-----☞  (pttNative.java:152)

E/all     ( 3148): [85, 0, fdaa]                                        ----在这个类-----☞  (pttNative.java:153)

E/all     ( 3148): [85, 00, fdaa]                                       ----在这个类-----☞  (pttNative.java:154)

E/pttNative( 3148): ENotifyUpdateData 通知更新用户群组信息的指令                      ----在这个类-----☞  (pttNative.java:775)

E/xx      ( 3148): ----------------------checkHex end --------------------------   ----在这个类-----☞  (pttNative.java:1014)

E/Callback:( 3148): +POC:8500


E/str1    ( 3148): 850fdaa

E/str2    ( 3148): 8500fdaa

E/callback:( 3148): ------------------------------------end--------------------------------------

E/libplasma( 3148): tcp init process finish, now, init udp!


E/libplasma( 3148): Create ucp recv thread


E/libplasma( 3148): UDP send buffer length:23


E/libplasma( 3148): UDP send buffer length:23


E/qdoverlay(  228): Failed to call ioctl MSMFB_OVERLAY_PLAY err=Invalid argument

E/qdoverlay(  228): MdpData failed to play

E/qdoverlay(  228): == Dump MdpData start ==

E/qdoverlay(  228): == Dump OvFD fd=46 path=/dev/graphics/fb0 start/end ==

E/qdoverlay(  228): mOvData msmfb_overlay_data id=1

E/qdoverlay(  228): data msmfb_data offset=0 memid=28 id=0 flags=0x0 priv=0

E/qdoverlay(  228): == Dump MdpData end ==

E/qdhwcomposer(  228): draw: queueBuffer failed for FBUpdate

E/qdhwcomposer(  228): hwc_set_primary: FBUpdate draw failed

E/QC-QMI  (  425): qmi_qmux_open_connection: connection is disabled for conn_id=29

E/QC-QMI  (  425): qmi_qmux_tx_msg: failed to open inactive connd_id=29

E/QC-QMI  (  425): qmi_qmux: TX failed, connection inactive or in reset, conn_id=29, status_flags=4

E/QC-QMI  (  425): qmi_ctl_tx_msg: qmi_qmux_tx_msg failed

E/QC-QMI  (  425): qmi_ctl_handle_request: qmi_ctl_tx_msg call failed

E/QC-QMI  (  425): qmi_qmux_open_connection: connection is disabled for conn_id=29

E/QC-QMI  (  425): qmi_qmux_tx_msg: failed to open inactive connd_id=29

E/QC-QMI  (  425): qmi_qmux: TX failed, connection inactive or in reset, conn_id=29, status_flags=4

E/QC-QMI  (  425): qmi_ctl_tx_msg: qmi_qmux_tx_msg failed

E/QC-QMI  (  425): qmi_ctl_handle_request: qmi_ctl_tx_msg call failed

E/QC-QMI  (  425): qmi_qmux_open_connection: connection is disabled for conn_id=48

E/QC-QMI  (  425): qmi_qmux_tx_msg: failed to open inactive connd_id=48

E/QC-QMI  (  425): qmi_qmux: TX failed, connection inactive or in reset, conn_id=48, status_flags=4

E/QC-QMI  (  425): qmi_ctl_tx_msg: qmi_qmux_tx_msg failed

E/QC-QMI  (  425): qmi_ctl_handle_request: qmi_ctl_tx_msg call failed

E/QC-QMI  (  425): qmi_qmux_open_connection: connection is disabled for conn_id=48

E/QC-QMI  (  425): qmi_qmux_tx_msg: failed to open inactive connd_id=48

E/QC-QMI  (  425): qmi_qmux: TX failed, connection inactive or in reset, conn_id=48, status_flags=4

E/QC-QMI  (  425): qmi_ctl_tx_msg: qmi_qmux_tx_msg failed

E/QC-QMI  (  425): qmi_ctl_handle_request: qmi_ctl_tx_msg call failed

E/QC-QMI  (  425): qmi_qmux_open_connection: connection is disabled for conn_id=57

E/QC-QMI  (  425): qmi_qmux_tx_msg: failed to open inactive connd_id=57

E/QC-QMI  (  425): qmi_qmux: TX failed, connection inactive or in reset, conn_id=57, status_flags=4

E/QC-QMI  (  425): qmi_ctl_tx_msg: qmi_qmux_tx_msg failed

E/QC-QMI  (  425): qmi_ctl_handle_request: qmi_ctl_tx_msg call failed

E/QC-QMI  (  425): qmi_qmux_open_connection: connection is disabled for conn_id=57

E/QC-QMI  (  425): qmi_qmux_tx_msg: failed to open inactive connd_id=57

E/QC-QMI  (  425): qmi_qmux: TX failed, connection inactive or in reset, conn_id=57, status_flags=4

E/QC-QMI  (  425): qmi_ctl_tx_msg: qmi_qmux_tx_msg failed

E/QC-QMI  (  425): qmi_ctl_handle_request: qmi_ctl_tx_msg call failed

E/QC-QMI  (  425): qmi_qmux_open_connection: connection is disabled for conn_id=29

E/QC-QMI  (  425): qmi_qmux_tx_msg: failed to open inactive connd_id=29

E/QC-QMI  (  425): qmi_qmux: TX failed, connection inactive or in reset, conn_id=29, status_flags=4

E/QC-QMI  (  425): qmi_ctl_tx_msg: qmi_qmux_tx_msg failed

E/QC-QMI  (  425): qmi_ctl_handle_request: qmi_ctl_tx_msg call failed

E/QC-QMI  (  425): qmi_qmux_open_connection: connection is disabled for conn_id=29

E/QC-QMI  (  425): qmi_qmux_tx_msg: failed to open inactive connd_id=29

E/QC-QMI  (  425): qmi_qmux: TX failed, connection inactive or in reset, conn_id=29, status_flags=4

E/QC-QMI  (  425): qmi_ctl_tx_msg: qmi_qmux_tx_msg failed

E/QC-QMI  (  425): qmi_ctl_handle_request: qmi_ctl_tx_msg call failed

E/QC-QMI  (  425): qmi_qmux_open_connection: connection is disabled for conn_id=48

E/QC-QMI  (  425): qmi_qmux_tx_msg: failed to open inactive connd_id=48

E/QC-QMI  (  425): qmi_qmux: TX failed, connection inactive or in reset, conn_id=48, status_flags=4

E/QC-QMI  (  425): qmi_ctl_tx_msg: qmi_qmux_tx_msg failed

E/QC-QMI  (  425): qmi_ctl_handle_request: qmi_ctl_tx_msg call failed

E/QC-QMI  (  425): qmi_qmux_open_connection: connection is disabled for conn_id=48

E/QC-QMI  (  425): qmi_qmux_tx_msg: failed to open inactive connd_id=48

E/QC-QMI  (  425): qmi_qmux: TX failed, connection inactive or in reset, conn_id=48, status_flags=4

E/QC-QMI  (  425): qmi_ctl_tx_msg: qmi_qmux_tx_msg failed

E/QC-QMI  (  425): qmi_ctl_handle_request: qmi_ctl_tx_msg call failed

E/QC-QMI  (  425): qmi_qmux_open_connection: connection is disabled for conn_id=57

E/QC-QMI  (  425): qmi_qmux_tx_msg: failed to open inactive connd_id=57

E/QC-QMI  (  425): qmi_qmux: TX failed, connection inactive or in reset, conn_id=57, status_flags=4

E/QC-QMI  (  425): qmi_ctl_tx_msg: qmi_qmux_tx_msg failed

E/QC-QMI  (  425): qmi_ctl_handle_request: qmi_ctl_tx_msg call failed

E/QC-QMI  (  425): qmi_qmux_open_connection: connection is disabled for conn_id=57

E/QC-QMI  (  425): qmi_qmux_tx_msg: failed to open inactive connd_id=57

E/QC-QMI  (  425): qmi_qmux: TX failed, connection inactive or in reset, conn_id=57, status_flags=4

E/QC-QMI  (  425): qmi_ctl_tx_msg: qmi_qmux_tx_msg failed

E/QC-QMI  (  425): qmi_ctl_handle_request: qmi_ctl_tx_msg call failed

E/QC-QMI  (  425): qmi_qmux_open_connection: connection is disabled for conn_id=29

E/QC-QMI  (  425): qmi_qmux_tx_msg: failed to open inactive connd_id=29

E/QC-QMI  (  425): qmi_qmux: TX failed, connection inactive or in reset, conn_id=29, status_flags=4

E/QC-QMI  (  425): qmi_ctl_tx_msg: qmi_qmux_tx_msg failed

E/QC-QMI  (  425): qmi_ctl_handle_request: qmi_ctl_tx_msg call failed

E/QC-QMI  (  425): qmi_qmux_open_connection: connection is disabled for conn_id=29

E/QC-QMI  (  425): qmi_qmux_tx_msg: failed to open inactive connd_id=29

E/QC-QMI  (  425): qmi_qmux: TX failed, connection inactive or in reset, conn_id=29, status_flags=4

E/QC-QMI  (  425): qmi_ctl_tx_msg: qmi_qmux_tx_msg failed

E/QC-QMI  (  425): qmi_ctl_handle_request: qmi_ctl_tx_msg call failed

E/QC-QMI  (  425): qmi_qmux_open_connection: connection is disabled for conn_id=48

E/QC-QMI  (  425): qmi_qmux_tx_msg: failed to open inactive connd_id=48

E/QC-QMI  (  425): qmi_qmux: TX failed, connection inactive or in reset, conn_id=48, status_flags=4

E/QC-QMI  (  425): qmi_ctl_tx_msg: qmi_qmux_tx_msg failed

E/QC-QMI  (  425): qmi_ctl_handle_request: qmi_ctl_tx_msg call failed

E/QC-QMI  (  425): qmi_qmux_open_connection: connection is disabled for conn_id=48

E/QC-QMI  (  425): qmi_qmux_tx_msg: failed to open inactive connd_id=48

E/QC-QMI  (  425): qmi_qmux: TX failed, connection inactive or in reset, conn_id=48, status_flags=4

E/QC-QMI  (  425): qmi_ctl_tx_msg: qmi_qmux_tx_msg failed

E/QC-QMI  (  425): qmi_ctl_handle_request: qmi_ctl_tx_msg call failed

E/QC-QMI  (  425): qmi_qmux_open_connection: connection is disabled for conn_id=57

E/QC-QMI  (  425): qmi_qmux_tx_msg: failed to open inactive connd_id=57

E/QC-QMI  (  425): qmi_qmux: TX failed, connection inactive or in reset, conn_id=57, status_flags=4

E/QC-QMI  (  425): qmi_ctl_tx_msg: qmi_qmux_tx_msg failed

E/QC-QMI  (  425): qmi_ctl_handle_request: qmi_ctl_tx_msg call failed

E/QC-QMI  (  425): qmi_qmux_open_connection: connection is disabled for conn_id=57

E/QC-QMI  (  425): qmi_qmux_tx_msg: failed to open inactive connd_id=57

E/QC-QMI  (  425): qmi_qmux: TX failed, connection inactive or in reset, conn_id=57, status_flags=4

E/QC-QMI  (  425): qmi_ctl_tx_msg: qmi_qmux_tx_msg failed

E/QC-QMI  (  425): qmi_ctl_handle_request: qmi_ctl_tx_msg call failed

W/linker  ( 4852): libmmcamera_imglib.so: unused DT entry: type 0x6ffffffe arg 0x21d8

W/linker  ( 4852): libmmcamera_imglib.so: unused DT entry: type 0x6fffffff arg 0x1

D/AdnRecordCache( 3083): Using Local Phonebook

E/USB_UICC(  261): Timeout! No signal received. Retry num = 30

E/USB_UICC(  261): Timeout! No signal received. Reach maximum retries!

E/USB_UICC(  261): usb_uicc_init_qmi failed ! 

I/USB_UICC(  261): usb_uicc_cleanup, signal received: 0x3 

I/USB_UICC(  261): usb_uicc_cleanup, Issuing QMI deinit ... 

I/SurfaceFlinger(  228): FPS: 22

I/ActivityManager(  741): Waited long enough for: ServiceRecord{27eaeaa u0 com.qualcomm.location.XT/.XTSrv}

I/QCNEJ   ( 3012): |CORE:COM:RCVR| CNE creating socket

I/ActivityManager(  741): Waited long enough for: ServiceRecord{3f85f847 u0 com.qualcomm.simcontacts/.SimContactsService}

E/QC-QMI  (  425): qmi_qmux_open_connection: connection is disabled for conn_id=29

E/QC-QMI  (  425): qmi_qmux_tx_msg: failed to open inactive connd_id=29

E/QC-QMI  (  425): qmi_qmux: TX failed, connection inactive or in reset, conn_id=29, status_flags=4

E/QC-QMI  (  425): qmi_ctl_tx_msg: qmi_qmux_tx_msg failed

E/QC-QMI  (  425): qmi_ctl_handle_request: qmi_ctl_tx_msg call failed

E/QC-QMI  (  425): qmi_qmux_open_connection: connection is disabled for conn_id=29

E/QC-QMI  (  425): qmi_qmux_tx_msg: failed to open inactive connd_id=29

E/QC-QMI  (  425): qmi_qmux: TX failed, connection inactive or in reset, conn_id=29, status_flags=4

E/QC-QMI  (  425): qmi_ctl_tx_msg: qmi_qmux_tx_msg failed

E/QC-QMI  (  425): qmi_ctl_handle_request: qmi_ctl_tx_msg call failed

E/QC-QMI  (  425): qmi_qmux_open_connection: connection is disabled for conn_id=48

E/QC-QMI  (  425): qmi_qmux_tx_msg: failed to open inactive connd_id=48

E/QC-QMI  (  425): qmi_qmux: TX failed, connection inactive or in reset, conn_id=48, status_flags=4

E/QC-QMI  (  425): qmi_ctl_tx_msg: qmi_qmux_tx_msg failed

E/QC-QMI  (  425): qmi_ctl_handle_request: qmi_ctl_tx_msg call failed

E/QC-QMI  (  425): qmi_qmux_open_connection: connection is disabled for conn_id=48

E/QC-QMI  (  425): qmi_qmux_tx_msg: failed to open inactive connd_id=48

E/QC-QMI  (  425): qmi_qmux: TX failed, connection inactive or in reset, conn_id=48, status_flags=4

E/QC-QMI  (  425): qmi_ctl_tx_msg: qmi_qmux_tx_msg failed

E/QC-QMI  (  425): qmi_ctl_handle_request: qmi_ctl_tx_msg call failed

E/QC-QMI  (  425): qmi_qmux_open_connection: connection is disabled for conn_id=57

E/QC-QMI  (  425): qmi_qmux_tx_msg: failed to open inactive connd_id=57

E/QC-QMI  (  425): qmi_qmux: TX failed, connection inactive or in reset, conn_id=57, status_flags=4

E/QC-QMI  (  425): qmi_ctl_tx_msg: qmi_qmux_tx_msg failed

E/QC-QMI  (  425): qmi_ctl_handle_request: qmi_ctl_tx_msg call failed

E/QC-QMI  (  425): qmi_qmux_open_connection: connection is disabled for conn_id=57

E/QC-QMI  (  425): qmi_qmux_tx_msg: failed to open inactive connd_id=57

E/QC-QMI  (  425): qmi_qmux: TX failed, connection inactive or in reset, conn_id=57, status_flags=4

E/QC-QMI  (  425): qmi_ctl_tx_msg: qmi_qmux_tx_msg failed

E/QC-QMI  (  425): qmi_ctl_handle_request: qmi_ctl_tx_msg call failed

E/QC-QMI  (  425): qmi_qmux_open_connection: connection is disabled for conn_id=29

E/QC-QMI  (  425): qmi_qmux_tx_msg: failed to open inactive connd_id=29

E/QC-QMI  (  425): qmi_qmux: TX failed, connection inactive or in reset, conn_id=29, status_flags=4

E/QC-QMI  (  425): qmi_ctl_tx_msg: qmi_qmux_tx_msg failed

E/QC-QMI  (  425): qmi_ctl_handle_request: qmi_ctl_tx_msg call failed

E/QC-QMI  (  425): qmi_qmux_open_connection: connection is disabled for conn_id=29

E/QC-QMI  (  425): qmi_qmux_tx_msg: failed to open inactive connd_id=29

E/QC-QMI  (  425): qmi_qmux: TX failed, connection inactive or in reset, conn_id=29, status_flags=4

E/QC-QMI  (  425): qmi_ctl_tx_msg: qmi_qmux_tx_msg failed

E/QC-QMI  (  425): qmi_ctl_handle_request: qmi_ctl_tx_msg call failed

E/QC-QMI  (  425): qmi_qmux_open_connection: connection is disabled for conn_id=48

E/QC-QMI  (  425): qmi_qmux_tx_msg: failed to open inactive connd_id=48

E/QC-QMI  (  425): qmi_qmux: TX failed, connection inactive or in reset, conn_id=48, status_flags=4

E/QC-QMI  (  425): qmi_ctl_tx_msg: qmi_qmux_tx_msg failed

E/QC-QMI  (  425): qmi_ctl_handle_request: qmi_ctl_tx_msg call failed

E/QC-QMI  (  425): qmi_qmux_open_connection: connection is disabled for conn_id=48

E/QC-QMI  (  425): qmi_qmux_tx_msg: failed to open inactive connd_id=48

E/QC-QMI  (  425): qmi_qmux: TX failed, connection inactive or in reset, conn_id=48, status_flags=4

E/QC-QMI  (  425): qmi_ctl_tx_msg: qmi_qmux_tx_msg failed

E/QC-QMI  (  425): qmi_ctl_handle_request: qmi_ctl_tx_msg call failed

E/QC-QMI  (  425): qmi_qmux_open_connection: connection is disabled for conn_id=57

E/QC-QMI  (  425): qmi_qmux_tx_msg: failed to open inactive connd_id=57

E/QC-QMI  (  425): qmi_qmux: TX failed, connection inactive or in reset, conn_id=57, status_flags=4

E/QC-QMI  (  425): qmi_ctl_tx_msg: qmi_qmux_tx_msg failed

E/QC-QMI  (  425): qmi_ctl_handle_request: qmi_ctl_tx_msg call failed

E/QC-QMI  (  425): qmi_qmux_open_connection: connection is disabled for conn_id=57

E/QC-QMI  (  425): qmi_qmux_tx_msg: failed to open inactive connd_id=57

E/QC-QMI  (  425): qmi_qmux: TX failed, connection inactive or in reset, conn_id=57, status_flags=4

E/QC-QMI  (  425): qmi_ctl_tx_msg: qmi_qmux_tx_msg failed

E/QC-QMI  (  425): qmi_ctl_handle_request: qmi_ctl_tx_msg call failed

E/QC-QMI  (  425): qmi_qmux_open_connection: connection is disabled for conn_id=29

E/QC-QMI  (  425): qmi_qmux_tx_msg: failed to open inactive connd_id=29

E/QC-QMI  (  425): qmi_qmux: TX failed, connection inactive or in reset, conn_id=29, status_flags=4

E/QC-QMI  (  425): qmi_ctl_tx_msg: qmi_qmux_tx_msg failed

E/QC-QMI  (  425): qmi_ctl_handle_request: qmi_ctl_tx_msg call failed

E/QC-QMI  (  425): qmi_qmux_open_connection: connection is disabled for conn_id=29

E/QC-QMI  (  425): qmi_qmux_tx_msg: failed to open inactive connd_id=29

E/QC-QMI  (  425): qmi_qmux: TX failed, connection inactive or in reset, conn_id=29, status_flags=4

E/QC-QMI  (  425): qmi_ctl_tx_msg: qmi_qmux_tx_msg failed

E/QC-QMI  (  425): qmi_ctl_handle_request: qmi_ctl_tx_msg call failed

E/QC-QMI  (  425): qmi_qmux_open_connection: connection is disabled for conn_id=48

E/QC-QMI  (  425): qmi_qmux_tx_msg: failed to open inactive connd_id=48

E/QC-QMI  (  425): qmi_qmux: TX failed, connection inactive or in reset, conn_id=48, status_flags=4

E/QC-QMI  (  425): qmi_ctl_tx_msg: qmi_qmux_tx_msg failed

E/QC-QMI  (  425): qmi_ctl_handle_request: qmi_ctl_tx_msg call failed

E/QC-QMI  (  425): qmi_qmux_open_connection: connection is disabled for conn_id=48

E/QC-QMI  (  425): qmi_qmux_tx_msg: failed to open inactive connd_id=48

E/QC-QMI  (  425): qmi_qmux: TX failed, connection inactive or in reset, conn_id=48, status_flags=4

E/QC-QMI  (  425): qmi_ctl_tx_msg: qmi_qmux_tx_msg failed

E/QC-QMI  (  425): qmi_ctl_handle_request: qmi_ctl_tx_msg call failed

E/QC-QMI  (  425): qmi_qmux_open_connection: connection is disabled for conn_id=57

E/QC-QMI  (  425): qmi_qmux_tx_msg: failed to open inactive connd_id=57

E/QC-QMI  (  425): qmi_qmux: TX failed, connection inactive or in reset, conn_id=57, status_flags=4

E/QC-QMI  (  425): qmi_ctl_tx_msg: qmi_qmux_tx_msg failed

E/QC-QMI  (  425): qmi_ctl_handle_request: qmi_ctl_tx_msg call failed

E/QC-QMI  (  425): qmi_qmux_open_connection: connection is disabled for conn_id=57

E/QC-QMI  (  425): qmi_qmux_tx_msg: failed to open inactive connd_id=57

E/QC-QMI  (  425): qmi_qmux: TX failed, connection inactive or in reset, conn_id=57, status_flags=4

E/QC-QMI  (  425): qmi_ctl_tx_msg: qmi_qmux_tx_msg failed

E/QC-QMI  (  425): qmi_ctl_handle_request: qmi_ctl_tx_msg call failed

E/qdoverlay(  228): Failed to call ioctl MSMFB_OVERLAY_PLAY err=Invalid argument

E/qdoverlay(  228): MdpData failed to play

E/qdoverlay(  228): == Dump MdpData start ==

E/qdoverlay(  228): == Dump OvFD fd=46 path=/dev/graphics/fb0 start/end ==

E/qdoverlay(  228): mOvData msmfb_overlay_data id=1

E/qdoverlay(  228): data msmfb_data offset=0 memid=25 id=0 flags=0x0 priv=0

E/qdoverlay(  228): == Dump MdpData end ==

E/qdhwcomposer(  228): draw: queueBuffer failed for FBUpdate

E/qdhwcomposer(  228): hwc_set_primary: FBUpdate draw failed

I/SurfaceFlinger(  228): FPS: 23

E/pttNative( 3148):   用户进入群组信息的指令  群组名称  新版本组7                           ----在这个类-----☞  (pttNative.java:844)

E/SmallPttActivity( 3148): 收到群组消息 新版本组7                                         ----在这个类-----☞  (SmallPttActivity.java:519)

I/ServiceManager(  281): Waiting for service AtCmdFwd...

E/CABL    ( 4267): Failed to connect to daemon socket

W/System.err( 4267): java.io.IOException: No such file or directory

W/System.err( 4267): 	at android.net.LocalSocketImpl.connectLocal(Native Method)

W/System.err( 4267): 	at android.net.LocalSocketImpl.connect(LocalSocketImpl.java:293)

W/System.err( 4267): 	at android.net.LocalSocket.connect(LocalSocket.java:130)

W/System.err( 4267): 	at com.qualcomm.cabl.CABLDaemonConnector.listenToSocket(CABLDaemonConnector.java:58)

W/System.err( 4267): 	at com.qualcomm.cabl.CABLDaemonConnector.run(CABLDaemonConnector.java:42)

W/System.err( 4267): 	at java.lang.Thread.run(Thread.java:818)

E/CABL    ( 4267): Closing the socket!

E/CABL    ( 4267): Failed to establish connection with daemon!

W/ContextImpl( 4267): Calling a method in the system process without a qualified user: android.app.ContextImpl.startService:1699 android.content.ContextWrapper.startService:516 android.content.ContextWrapper.startService:516 com.qualcomm.svi.SVIReceiver.onReceive:30 android.app.ActivityThread.handleReceiver:2609 

D/PPDaemon( 4904): CABL version 2.0.20140905

I/main    ( 4905): type=1400 audit(0.0:21): avc: denied { getopt } for scontext=u:r:untrusted_app:s0 tcontext=u:r:zygote:s0 tclass=netlink_selinux_socket permissive=1

D/PPDaemon( 4904): isHDMIPrimary: HDMI is not primary display

E/PPDaemon( 4904): Unable to open fb type file  err:  No such file or directory

E/PPDaemon( 4904): Unable to open fb type file  err:  No such file or directory

E/PPDaemon( 4904): void openPrimaryFrameBuffer(DaemonContext&): Cannot locate the primary framebuffer

I/ActivityManager(  741): Start proc 4905:com.iflytek.speechcloud/u0a30 for broadcast com.iflytek.speechcloud/com.iflytek.business.BootReceiver

W/ActivityManager(  741): getRunningAppProcesses: caller 10030 does not hold REAL_GET_TASKS; limiting output

I/Logging ( 4905): setDebugLogging Enabled= false

W/ActivityManager(  741): getRunningAppProcesses: caller 10030 does not hold REAL_GET_TASKS; limiting output

W/linker  ( 4905): libttsplusmsc.so has text relocations. This is wasting memory and prevents security hardening. Please fix.

D/MSC_LOG ( 4905): JNI_OnLoad is called !

D/WifiService(  741): New client listening to asynchronous messages

D/LOGGER  ( 4905): luacFramework_Init() [in]

D/LOGGER  ( 4905): Ntp Init

D/LOGGER  ( 4905): CALL MSPFsetworkdir

D/LOGGER  ( 4905): CALL MSPFsetlibdir

D/LOGGER  ( 4905): CALL configMgr_Init

D/LOGGER  ( 4905): CALL envMgr_Init

D/LOGGER  ( 4905): CALL globalLogger_Init

D/LOGGER  ( 4905): CALL MSPThreadPool_Init

D/LOGGER  ( 4905): CALL MSPSocketMgr_Init

D/LOGGER  ( 4905): CALL MSPAsyncDns_Init

D/LOGGER  ( 4905): dns_main's id=b8aa1db8

D/LOGGER  ( 4905): CALL framework_addInit

D/LOGGER  ( 4905): dns_main() [in]

D/LOGGER  ( 4905): CALL luaLoader_Init

D/LOGGER  ( 4905): CALL luaEngine_Init

D/LOGGER  ( 4905): luacFramework_Init() [out] 0

D/LOGGER  ( 4905): luacFramework_Addlua() [in]

D/LOGGER  ( 4905): luacFramework_Addlua() [out] 0

D/LOGGER  ( 4905): luacFramework_Addlua() [in]

D/LOGGER  ( 4905): luacFramework_Addlua() [out] 0

D/LOGGER  ( 4905): luacFramework_Addlua() [in]

D/LOGGER  ( 4905): luacFramework_Addlua() [out] 0

D/LOGGER  ( 4905): luacFramework_Addlua() [in]

D/LOGGER  ( 4905): luacFramework_Addlua() [out] 0

D/LOGGER  ( 4905): luacFramework_Addlua() [in]

D/LOGGER  ( 4905): luacFramework_Addlua() [out] 0

D/LOGGER  ( 4905): luacFramework_Addlua() [in]

D/LOGGER  ( 4905): luacFramework_Addlua() [out] 0

D/LOGGER  ( 4905): luacFramework_Addlua() [in]

D/LOGGER  ( 4905): luacFramework_Addlua() [out] 0

D/LOGGER  ( 4905): luacFramework_Addlua() [in]

D/LOGGER  ( 4905): luacFramework_Addlua() [out] 0

D/LOGGER  ( 4905): luacFramework_Addlua() [in]

D/LOGGER  ( 4905): luacFramework_Addlua() [out] 0

D/LOGGER  ( 4905): luacFramework_Addlua() [in]

D/LOGGER  ( 4905): luacFramework_Addlua() [out] 0

D/LOGGER  ( 4905): luacFramework_Addlua() [in]

D/LOGGER  ( 4905): luacFramework_Addlua() [out] 0

D/LOGGER  ( 4905): luacFramework_Addlua() [in]

D/LOGGER  ( 4905): luacFramework_Addlua() [out] 0

D/LOGGER  ( 4905): luacFramework_Addlua() [in]

D/LOGGER  ( 4905): luacFramework_Addlua() [out] 0

D/LOGGER  ( 4905): luacFramework_Addlua() [in]

D/LOGGER  ( 4905): luacFramework_Addlua() [out] 0

D/LOGGER  ( 4905): luacFramework_Addlua() [in]

D/LOGGER  ( 4905): luacFramework_Addlua() [out] 0

D/LOGGER  ( 4905): luacFramework_Addlua() [in]

D/LOGGER  ( 4905): luacFramework_Addlua() [out] 0

D/LOGGER  ( 4905): luacFramework_Addlua() [in]

D/LOGGER  ( 4905): luacFramework_Addlua() [out] 0

D/LOGGER  ( 4905): luacFramework_Addlua() [in]

D/LOGGER  ( 4905): luacFramework_Addlua() [out] 0

D/LOGGER  ( 4905): luacFramework_Addlua() [in]

D/LOGGER  ( 4905): luacFramework_Addlua() [out] 0

D/LOGGER  ( 4905): luacFramework_Addlua() [in]

D/LOGGER  ( 4905): luacFramework_Addlua() [out] 0

D/LOGGER  ( 4905): luacFramework_Addlua() [in]

D/LOGGER  ( 4905): luacFramework_Addlua() [out] 0

D/LOGGER  ( 4905): luacFramework_Addlua() [in]

D/LOGGER  ( 4905): luacFramework_Addlua() [out] 0

D/LOGGER  ( 4905): luacFramework_Addlua() [in]

D/LOGGER  ( 4905): luacFramework_Addlua() [out] 0

D/LOGGER  ( 4905): luacFramework_Addlua() [in]

D/LOGGER  ( 4905): luacFramework_Addlua() [out] 0

D/LOGGER  ( 4905): luacFramework_Addlua() [in]

D/LOGGER  ( 4905): luacFramework_Addlua() [out] 0

D/LOGGER  ( 4905): luacFramework_Addlua() [in]

D/LOGGER  ( 4905): luacFramework_Addlua() [out] 0

D/LOGGER  ( 4905): luacFramework_Addluac() [in]

D/LOGGER  ( 4905): luacFramework_Addluac() [out] 0

D/LOGGER  ( 4905): luacFramework_Addluac() [in]

D/LOGGER  ( 4905): luacFramework_Addluac() [out] 0

D/LOGGER  ( 4905): luacFramework_Addluac() [in]

D/LOGGER  ( 4905): luacFramework_Addluac() [out] 0

D/LOGGER  ( 4905): luacFramework_Addluac() [in]

D/LOGGER  ( 4905): luacFramework_Addluac() [out] 0

D/LOGGER  ( 4905): luacFramework_Addluac() [in]

D/LOGGER  ( 4905): luacFramework_Addluac() [out] 0

D/LOGGER  ( 4905): luacFramework_Addluac() [in]

D/LOGGER  ( 4905): luacFramework_Addluac() [out] 0

D/LOGGER  ( 4905): luacFramework_Addluac() [in]

D/LOGGER  ( 4905): luacFramework_Addluac() [out] 0

D/LOGGER  ( 4905): InterfaceInit() [in]

D/LOGGER  ( 4905): InterfaceInit() [out] ret=0

D/LOGGER  ( 4905): luacFramework_RegisterCallBack() [in]

D/LOGGER  ( 4905): luacFramework_RegisterCallBack() [out] 0

D/LOGGER  ( 4905): gethostbyname(dev.voicecloud.cn) start

E/PushFactory( 4905): getPushInstance not found push instance.

D/LOGGER  ( 4905): gethostbyname(dev.voicecloud.cn) ret=0, errno=0, h_errno=166

D/LOGGER  ( 4905): gethostbyname(dev.voicecloud.cn) start

I/ActivityManager(  741): Start proc 4939:com.iflytek.speechcloud:xpush/u0a30 for broadcast com.iflytek.speechcloud/com.iflytek.pushclient.manager.PushServiceReceiver

D/LOGGER  ( 4905): gethostbyname(dev.voicecloud.cn) ret=0, errno=0, h_errno=166

D/LOGGER  ( 4905): gethostbyname(dev.voicecloud.cn) start

D/LOGGER  ( 4905): gethostbyname(dev.voicecloud.cn) ret=0, errno=0, h_errno=166

W/ActivityManager(  741): getRunningAppProcesses: caller 10030 does not hold REAL_GET_TASKS; limiting output

W/PushClient_PushServiceReceiver( 4939): onReceive | action = android.intent.action.BOOT_COMPLETED

W/PushClient_PushService( 4939): onCreate

W/PushClient_ConfigManager( 4939): initConfig | strConfig: <?xml version="1.0" encoding="UTF-8"?><config>    <url_list>        <token_server>http://xpush.voicecloud.cn/login.do</token_server>        <client_server>http://xpush.voicecloud.cn/app.do</client_server>        <payload_server>http://xpush.voicecloud.cn/pushnode.do</payload_server>    </url_list>    <push_params>        <push_interval>300000</push_interval>    </push_params>    <client_params>        <version>1.0.1040</version>        <daemon>1</daemon>    </client_params></config>

W/ContextImpl( 4905): Implicit intents with startService are not safe: Intent { act=com.iflytek.business.plusbusinessservice } android.content.ContextWrapper.startService:516 com.iflytek.business.BusinessService.onStart:-1 android.app.Service.onStartCommand:458 

W/PushClient_PayloadManager( 4939): PayloadManager | url = http://xpush.voicecloud.cn/pushnode.do

W/PushClient_PushSDK( 4939): initPushSDK

W/PushClient_PushSDK( 4939): initPushSDK | Main PushService is com.iflytek.speechcloud

W/PushClient_Watchdog( 4939): startDaemonService

W/PushClient_Watchdog( 4939): startDaemonService | it doesnot support 5.0 or above

W/PushClient_PushSDK( 4939): connect

W/PushClient_PushSDK( 4939): startLocalServerSocket | run

W/ResourcesManager( 3389): Asset path '/system/framework/qcrilhook.jar' does not exist or contains no resources.

D/DormancyReceiver( 3389): Received Unexpected Intent Intent { act=android.intent.action.BOOT_COMPLETED flg=0x8000010 cmp=com.qualcomm.fastdormancy/.FastDormancyReceiver (has extras) }

I/PushClient_ConnectManager( 4939): ConnectTask.run()...

D/QcrilMsgTunnelAutoboot( 3486): ComponentInfo{com.qualcomm.qcrilmsgtunnel/com.qualcomm.qcrilmsgtunnel.QcrilMsgTunnelService} started successfully

D/WifiService(  741): New client listening to asynchronous messages

V/XDivert ( 3083): Action intent recieved:Intent { act=android.intent.action.BOOT_COMPLETED flg=0x8000010 cmp=com.qti.xdivert/.XDivert (has extras) }

I/PushClient_PushConnection( 4939): createSocket | connect: 42.62.116.75:2000

W/ContextImpl( 4905): Implicit intents with startService are not safe: Intent { act=com.iflytek.business.plusbusinessservice } android.content.ContextWrapper.startService:516 com.iflytek.business.BusinessService.onStart:-1 android.app.Service.onStartCommand:458 

W/PushClient_LogCollecter( 4939): logInit | did:d10608027368 sdkver:1.0.1040 appId:5146b468 mac:null

W/ActivityThread( 4905): ClassLoader.loadClass: The class loader returned by Thread.getContextClassLoader() may fail for processes that host multiple applications. You should explicitly specify a context class loader. For example: Thread.setContextClassLoader(getClass().getClassLoader());

I/ActivityManager(  741): Start proc 4966:com.iflytek.vflynote:xpush/u0a36 for broadcast com.iflytek.vflynote/com.iflytek.pushclient.manager.PushServiceReceiver

W/PushClient_PushSDK( 4939): cancelAlarm

W/PushClient_PushSDK( 4939): getInterval | interval = 300000, intervalIndex = 0

D/AdnRecordCache( 3083): Using Global Phonebook

D/AdnRecordCache( 3083): Using Local Phonebook

W/PushClient_PushSDK( 4939): setHeartbeatAlarm | next alarm time = 2019-01-04 10:05:34.449

W/PushClient_PushService( 4939): onStartCommand

W/PushClient_PushSDK( 4939): handleConnectChanged

W/PushClient_LogCollecter( 4939): onReceive | net_type!=wifi 

W/PushClient_ReconnectionManager( 4939): connectionSuccessful

W/PushClient_PushConnection( 4939): initConnect | connected success!

W/PushClient_PushConnection( 4939): login | did = d10608027368

I/MultiDex( 4966): VM with version 2.1.0 has multidex support

I/MultiDex( 4966): install

I/MultiDex( 4966): VM has multidex support, MultiDex support library is disabled.

W/ActivityManager(  741): getRunningAppProcesses: caller 10036 does not hold REAL_GET_TASKS; limiting output

W/PushClient_HttpResponseParser( 4939): readResponse

I/PushClient_ConnectManager( 4939): ConnectTask.run | push connected successfully

I/Logging ( 4966): setDebugLogging Enabled= false

W/PushClient_PacketWriter( 4939): writePackets | packet = POST / HTTP/1.1


W/PushClient_PacketWriter( 4939): X-Proto: CommonMsg


W/PushClient_PacketWriter( 4939): Content-Length: 16


W/PushClient_PacketWriter( 4939): 


W/PushClient_PacketWriter( 4939): d10608027368

W/PushClient_PushManager( 4905): startWork

I/main    ( 5000): type=1400 audit(0.0:22): avc: denied { getopt } for scontext=u:r:radio:s0 tcontext=u:r:zygote:s0 tclass=netlink_selinux_socket permissive=1

I/ServiceManager(  281): Waiting for service AtCmdFwd...

I/ActivityManager(  741): Start proc 5000:com.qualcomm.telephony/1001 for broadcast org.codeaurora.ims/com.qualcomm.ims.csvt.CsvtServiceAutoboot

W/PushClient_PushService( 4939): onStartCommand

W/PushClient_PushManager( 4905): startWork

W/PushClient_PushService( 4939): onStartCommand

I/CsvtService AutoBoot( 5000): Received boot complete.CsvtEnabled = false

V/XDivert ( 3083): Action intent recieved:Intent { act=android.intent.action.ACTION_SUBINFO_RECORD_UPDATED flg=0x10 cmp=com.qti.xdivert/.XDivert }

W/PushClient_PushSDK( 4939): startLocalServerSocket | localServerSocket.accept()

D/SimStateReceiver( 3389): received broadcast android.intent.action.SIM_STATE_CHANGED

D/SimStateReceiver( 3389): ACTION_SIM_STATE_CHANGED intent received on sub = 0SIM STATE IS READY

W/ContextImpl( 3389): Calling a method in the system process without a qualified user: android.app.ContextImpl.startService:1699 android.content.ContextWrapper.startService:516 android.content.ContextWrapper.startService:516 com.qualcomm.simcontacts.SimStateReceiver.sendSimState:78 com.qualcomm.simcontacts.SimStateReceiver.onReceive:54 

D/SimContactsService( 3389): service onStart!

D/DefaultReceiver( 3083): receive android.intent.action.SIM_STATE_CHANGED

D/SimContactsService( 3389): on sim state changed event, state:1

D/SimStateReceiver( 3389): received broadcast android.intent.action.SIM_STATE_CHANGED

D/SimStateReceiver( 3389): ACTION_SIM_STATE_CHANGED intent received on sub = 0SIM STATE IS LOADED

W/ContextImpl( 3389): Calling a method in the system process without a qualified user: android.app.ContextImpl.startService:1699 android.content.ContextWrapper.startService:516 android.content.ContextWrapper.startService:516 com.qualcomm.simcontacts.SimStateReceiver.sendSimState:78 com.qualcomm.simcontacts.SimStateReceiver.onReceive:54 

D/DefaultReceiver( 3083): receive android.intent.action.SIM_STATE_CHANGED

D/SimContactsService( 3389): service onStart!

D/SimContactsService( 3389): on sim state changed event, state:0

V/XDivert ( 3083): Action intent recieved:Intent { act=android.intent.action.ACTION_SUBINFO_RECORD_UPDATED flg=0x10 cmp=com.qti.xdivert/.XDivert }

D/SimContactsService( 3389): on sim refresh event

V/XDivert ( 3083): Action intent recieved:Intent { act=android.intent.action.ACTION_SUBINFO_RECORD_UPDATED flg=0x10 cmp=com.qti.xdivert/.XDivert }

V/XDivert ( 3083): Action intent recieved:Intent { act=android.intent.action.ACTION_SUBINFO_RECORD_UPDATED flg=0x10 cmp=com.qti.xdivert/.XDivert }

D/SimContactsService( 3389): handleSimOp() at sub 0

I/PowerManagerService(  741): Going to sleep due to screen timeout (uid 1000)...

I/SurfaceFlinger(  228): FPS: 12

I/Adreno-EGL(  741): <qeglDrvAPI_eglInitialize:379>: EGL 1.4 QUALCOMM build: AU_LINUX_ANDROID_LA.BR.1.2.3_RB1.05.01.00.036.053_msm8909_LA.BR.1.2.3_RB1__release_AU (Iac7c2e2837)

I/Adreno-EGL(  741): OpenGL ES Shader Compiler Version: E031.25.03.04

I/Adreno-EGL(  741): Build Date: 07/29/15 Wed

I/Adreno-EGL(  741): Local Branch: mybranch12468347

I/Adreno-EGL(  741): Remote Branch: quic/LA.BR.1.2.3_rb1.69

I/Adreno-EGL(  741): Local Patches: NONE

I/Adreno-EGL(  741): Reconstruct Branch: AU_LINUX_ANDROID_LA.BR.1.2.3_RB1.05.01.00.036.053 + 7c4888a + 22ca218 + 855d166 + 95575a0 + 4193eef + 64d916f + 88f4cbe + c272012 + 046ce63 + 9b2bddc +  NOTHING

D/PermissionCache(  228): checking android.permission.READ_FRAME_BUFFER for uid=1000 => granted (304 us)

D/SimContactsService( 3389): deleteDatabaseSimContacts

D/SimContactsService( 3389): querySimContacts: starting an async query:content://icc/adn

