E/QC-QMI  (  425): qmi_ctl_tx_msg: qmi_qmux_tx_msg failed

E/QC-QMI  (  425): qmi_ctl_handle_request: qmi_ctl_tx_msg call failed

E/QC-QMI  (  425): qmi_qmux_open_connection: connection is disabled for conn_id=48

E/QC-QMI  (  425): qmi_qmux_tx_msg: failed to open inactive connd_id=48

E/QC-QMI  (  425): qmi_qmux: TX failed, connection inactive or in reset, conn_id=48, status_flags=4

E/QC-QMI  (  425): qmi_ctl_tx_msg: qmi_qmux_tx_msg failed

E/QC-QMI  (  425): qmi_ctl_handle_request: qmi_ctl_tx_msg call failed

E/QC-QMI  (  425): qmi_qmux_open_connection: connection is disabled for conn_id=48

E/QC-QMI  (  425): qmi_qmux_tx_msg: failed to open inactive connd_id=48

E/QC-QMI  (  425): qmi_qmux: TX failed, connection inactive or in reset, conn_id=48, status_flags=4

E/QC-QMI  (  425): qmi_ctl_tx_msg: qmi_qmux_tx_msg failed

E/QC-QMI  (  425): qmi_ctl_handle_request: qmi_ctl_tx_msg call failed

E/QC-QMI  (  425): qmi_qmux_open_connection: connection is disabled for conn_id=57

E/QC-QMI  (  425): qmi_qmux_tx_msg: failed to open inactive connd_id=57

E/QC-QMI  (  425): qmi_qmux: TX failed, connection inactive or in reset, conn_id=57, status_flags=4

E/QC-QMI  (  425): qmi_ctl_tx_msg: qmi_qmux_tx_msg failed

E/QC-QMI  (  425): qmi_ctl_handle_request: qmi_ctl_tx_msg call failed

E/QC-QMI  (  425): qmi_qmux_open_connection: connection is disabled for conn_id=57

E/QC-QMI  (  425): qmi_qmux_tx_msg: failed to open inactive connd_id=57

E/QC-QMI  (  425): qmi_qmux: TX failed, connection inactive or in reset, conn_id=57, status_flags=4

E/QC-QMI  (  425): qmi_ctl_tx_msg: qmi_qmux_tx_msg failed

E/QC-QMI  (  425): qmi_ctl_handle_request: qmi_ctl_tx_msg call failed

I/ActivityManager(  741): Start proc 3892:com.qualcomm.qti.lunarinfo/u0a21 for content provider com.qualcomm.qti.lunarinfo/.LunarInfoProvider

D/Telephony( 3083): PstnPhoneCapabilitiesNotifier: Registering: Handler (com.android.internal.telephony.gsm.GSMPhone) {30c77487}

E/USB_UICC(  261): Timeout! No signal received. Retry num = 19

D/PhoneApp( 3083): getPhone phoneId:0

W/ResourcesManager( 3844): Asset path '/system/framework/android.test.runner.jar' does not exist or contains no resources.

D/TimeService( 3827): Receivedandroid.intent.action.TIME_SET intent. Current Time is 1546567220643

D/        ( 3827): TimeServiceNative: User Time to be set is 1546567220644

D/QC-time-services( 3827): Lib:time_genoff_operation: pargs->base = 2

D/QC-time-services( 3827): Lib:time_genoff_operation: pargs->operation = 0

D/QC-time-services( 3827): Lib:time_genoff_operation: pargs->ts_val = 1546567220644

D/QC-time-services(  288): Daemon: Connection accepted:time_genoff

D/QC-time-services( 3827): Lib:time_genoff_operation: Send to server  passed!!

D/QC-time-services(  288): Daemon:Received base = 2, unit = 1, operation = 0,value = 1546567220644

D/QC-time-services(  288): Daemon:genoff_opr: Base = 2, val = 1546567220644, operation = 0

D/QC-time-services(  288): Daemon:rtc_get: Time read from RTC -- MM/DD/YY HH:MM:SS0/1/70 16:9:29

D/QC-time-services(  288): Daemon:Value read from RTC seconds = 58169000

D/QC-time-services(  288): Daemon:new time 1546567220644 

D/QC-time-services(  288): Daemon: delta 1546509051644 genoff 1546509051644 

D/QC-time-services(  288): Daemon:genoff_persistent_update: Writing genoff = 1546509051644 to memory

D/QC-time-services(  288): Daemon:Opening File: /data/time/ats_2

D/QC-time-services(  288): Daemon:time_persistent_memory_opr:Genoff write operation 

D/StatusBar.NetworkController( 2668): refreshViews: Data not connected!! Set no data type icon / Roaming

D/KeyguardUpdateMonitor( 2668): ACTION_SERVICE_STATE_CHANGED on sub: 1 mServiceState: 0 0 home China Mobile CMCC 46000  LTE LTE CSS not supported -1 -1 RoamInd=-1 DefRoamInd=-1 EmergOnly=false

I/Telephony( 3083): PstnIncomingCallNotifier: Unregistering: Handler (com.android.internal.telephony.gsm.GSMPhone) {30c77487}

D/Telephony( 3083): PstnPhoneCapabilitiesNotifier: Unregistering: Handler (com.android.internal.telephony.gsm.GSMPhone) {30c77487}

D/Telephony( 3083): TelecomAccountRegistry: Found 1 phones.  Attempting to register.

D/Telephony( 3083): TelecomAccountRegistry: Phone with subscription id 1

I/LunarInfoProvider( 3892): Get the lunar info for URI: content://com.qualcomm.qti.lunarinfo/one_month?year=2019&month=0

I/CalendarProvider2( 3844): Created com.android.providers.calendar.CalendarAlarmManager@20287f56(com.android.providers.calendar.CalendarProvider2@1a8e9bd7)

D/QC-time-services(  288): Updating the TOD offset

D/QC-time-services(  288): Daemon:genoff_persistent_update: Writing genoff = 1546509051644 to memory

D/QC-time-services(  288): Daemon:Opening File: /data/time/ats_1

D/QC-time-services(  288): Daemon:time_persistent_memory_opr:Genoff write operation 

D/Telephony( 3083): AccountEntry: Registered phoneAccount: [PhoneAccount: ComponentInfo{com.android.phone/com.android.services.telephony.TelephonyConnectionService}, [356a192b7913b04c54574d18c28d46e6395428ab], UserHandle{0} Capabilities: 54 Schemes: tel voicemail ] with handle: ComponentInfo{com.android.phone/com.android.services.telephony.TelephonyConnectionService}, [356a192b7913b04c54574d18c28d46e6395428ab], UserHandle{0}

I/Telephony( 3083): PstnIncomingCallNotifier: Registering: Handler (com.android.internal.telephony.gsm.GSMPhone) {30c77487}

D/Telephony( 3083): PstnPhoneCapabilitiesNotifier: Registering: Handler (com.android.internal.telephony.gsm.GSMPhone) {30c77487}

D/MccTable( 3083): updateMccMncConfiguration mccmnc='46004' fromServiceState=false

D/MccTable( 3083): updateMccMncConfiguration defaultMccMnc=46004

D/MccTable( 3083): updateMccMncConfiguration: mcc=460, mnc=4

D/MccTable( 3083): defaultLanguageForMcc(460): country cn uses zh

D/MccTable( 3083): getLocaleFromMcc to zh_cn mcc=460

D/MccTable( 3083): getLocaleForLanguageCountry: not permitted to update locale

D/MccTable( 3083): updateMccMncConfiguration updateConfig config={1.0 460mcc4mnc ?locale ?layoutDir ?swdp ?wdp ?hdp ?density ?lsize ?long ?orien ?uimode ?night ?touch ?keyb/?/? ?nav/?}

W/EventLoader( 3806): get the event cursor is null or it's count is 0

E/QC-time-services(  288): Daemon:Update to modem bit set

E/QC-time-services( 3827): Receive Passed == base = 2, unit = 1, operation = 0, result = 0

D/QC-time-services(  288): Daemon:genoff_send_modem: Sending data to MODEM !

D/QC-time-services(  288): Daemon: Base = 2, Value being sent to MODEM = 1230544251644

E/QC-time-services(  288): Daemon:tod_update_ind_cb: Got Update from modem msg_id 40

E/QC-time-services(  288): Daemon: Time-services: Waiting to acceptconnection

I/art     (  741): Background sticky concurrent mark sweep GC freed 11482(753KB) AllocSpace objects, 9(144KB) LOS objects, 12% free, 7MB/8MB, paused 13.565ms total 50.532ms

I/ActivityManager(  741): Start proc 3920:com.iflytek.vflynote/u0a36 for broadcast com.iflytek.vflynote/.voicesearch.notification.DateChangeBroadCast

I/MultiDex( 3920): VM with version 2.1.0 has multidex support

I/MultiDex( 3920): install

I/MultiDex( 3920): VM has multidex support, MultiDex support library is disabled.

D/GpsLocationProvider(  741): received SIM realted action: 

D/CallNotifier( 3083): onReceive... 

D/GpsLocationProvider(  741): SIM MCC/MNC is available: 46004

D/GpsLocationProvider(  741): Reset GPS properties, previous size = 16

D/GpsLocationProvider(  741): GpsParamsResource: SUPL_HOST=supl.google.com

D/GpsLocationProvider(  741): GpsParamsResource: SUPL_PORT=7275

D/GpsLocationProvider(  741): GpsParamsResource: NTP_SERVER=north-america.pool.ntp.org

D/GpsLocationProvider(  741): GpsParamsResource: SUPL_VER=0x20000

D/GpsLocationProvider(  741): GpsParamsResource: SUPL_MODE=1

D/StatusBar.NetworkController( 2668): refreshViews: Data not connected!! Set no data type icon / Roaming

I/Telephony( 3083): PstnIncomingCallNotifier: Unregistering: Handler (com.android.internal.telephony.gsm.GSMPhone) {30c77487}

D/Telephony( 3083): PstnPhoneCapabilitiesNotifier: Unregistering: Handler (com.android.internal.telephony.gsm.GSMPhone) {30c77487}

D/StatusBar.NetworkController( 2668): refreshViews: Data not connected!! Set no data type icon / Roaming

D/PhoneStatusBarPolicy( 2668): updateSimState for subId :1

D/Telephony( 3083): TelecomAccountRegistry: Found 1 phones.  Attempting to register.

D/Telephony( 3083): TelecomAccountRegistry: Phone with subscription id 1

D/PhoneStatusBarPolicy( 2668): updateSimState for phoneId :0

D/GpsLocationProvider(  741): GPS properties reloaded, size = 16

D/PhoneStatusBarPolicy( 2668): updateSimState for Slot :0

D/GpsLocationProvider(  741): GPS configuration:

D/GpsLocationProvider(  741):  #Fri Jan 04 10:00:21 GMT+08:00 2019

D/GpsLocationProvider(  741): SUPL_HOST=supl.google.com

D/GpsLocationProvider(  741): SUPL_PORT=7275

D/GpsLocationProvider(  741): XTRA_VERSION_CHECK=0

D/GpsLocationProvider(  741): DEBUG_LEVEL=3

D/GpsLocationProvider(  741): SUPL_ES=1

D/GpsLocationProvider(  741): NMEA_PROVIDER=0

D/GpsLocationProvider(  741): CAPABILITIES=0x31

D/GpsLocationProvider(  741): SUPL_VER=0x10000

D/GpsLocationProvider(  741): ERR_ESTIMATE=0

D/GpsLocationProvider(  741): A_GLONASS_POS_PROTOCOL_SELECT=0

D/GpsLocationProvider(  741): INTERMEDIATE_POS=0

D/GpsLocationProvider(  741): SGLTE_TARGET=0

D/GpsLocationProvider(  741): LPP_PROFILE=3

D/GpsLocationProvider(  741): USE_EMERGENCY_PDN_FOR_EMERGENCY_SUPL=1

D/GpsLocationProvider(  741): NTP_SERVER=time.gpsonextra.net

D/GpsLocationProvider(  741): SUPL_MODE=1

D/GpsLocationProvider(  741): final config = #Fri Jan 04 10:00:21 GMT+08:00 2019

D/GpsLocationProvider(  741): SUPL_HOST=supl.google.com

D/GpsLocationProvider(  741): SUPL_PORT=7275

D/GpsLocationProvider(  741): XTRA_VERSION_CHECK=0

D/GpsLocationProvider(  741): DEBUG_LEVEL=3

D/GpsLocationProvider(  741): SUPL_ES=1

D/GpsLocationProvider(  741): NMEA_PROVIDER=0

D/GpsLocationProvider(  741): CAPABILITIES=0x31

D/GpsLocationProvider(  741): SUPL_VER=0x10000

D/GpsLocationProvider(  741): ERR_ESTIMATE=0

D/GpsLocationProvider(  741): A_GLONASS_POS_PROTOCOL_SELECT=0

D/GpsLocationProvider(  741): INTERMEDIATE_POS=0

D/GpsLocationProvider(  741): SGLTE_TARGET=0

D/GpsLocationProvider(  741): LPP_PROFILE=3

D/GpsLocationProvider(  741): USE_EMERGENCY_PDN_FOR_EMERGENCY_SUPL=1

D/GpsLocationProvider(  741): NTP_SERVER=time.gpsonextra.net

D/GpsLocationProvider(  741): SUPL_MODE=1

D/StatusBar.NetworkController( 2668): refreshViews: Data not connected!! Set no data type icon / Roaming

W/ActivityManager(  741): getRunningAppProcesses: caller 10036 does not hold REAL_GET_TASKS; limiting output

D/StatusBar.NetworkController( 2668): refreshViews: Data not connected!! Set no data type icon / Roaming

D/StatusBar.NetworkController( 2668): refreshViews: Data not connected!! Set no data type icon / Roaming

I/Logging ( 3920): setDebugLogging Enabled= false

D/StatusBar.NetworkController( 2668): refreshViews: Data not connected!! Set no data type icon / Roaming

D/Telephony( 3083): AccountEntry: Registered phoneAccount: [PhoneAccount: ComponentInfo{com.android.phone/com.android.services.telephony.TelephonyConnectionService}, [356a192b7913b04c54574d18c28d46e6395428ab], UserHandle{0} Capabilities: 54 Schemes: tel voicemail ] with handle: ComponentInfo{com.android.phone/com.android.services.telephony.TelephonyConnectionService}, [356a192b7913b04c54574d18c28d46e6395428ab], UserHandle{0}

I/Telephony( 3083): PstnIncomingCallNotifier: Registering: Handler (com.android.internal.telephony.gsm.GSMPhone) {30c77487}

D/Telephony( 3083): PstnPhoneCapabilitiesNotifier: Registering: Handler (com.android.internal.telephony.gsm.GSMPhone) {30c77487}

D/CallNotifier( 3083): onReceive... 

D/Telephony( 3083): PstnPhoneCapabilitiesNotifier: handleVideoCapabilitesChanged. Video capability - false

D/GpsLocationProvider(  741): received SIM realted action: 

D/GpsLocationProvider(  741): SIM MCC/MNC is available: 46004

D/GpsLocationProvider(  741): Reset GPS properties, previous size = 16

D/GpsLocationProvider(  741): GpsParamsResource: SUPL_HOST=supl.google.com

D/GpsLocationProvider(  741): GpsParamsResource: SUPL_PORT=7275

D/GpsLocationProvider(  741): GpsParamsResource: NTP_SERVER=north-america.pool.ntp.org

D/GpsLocationProvider(  741): GpsParamsResource: SUPL_VER=0x20000

D/GpsLocationProvider(  741): GpsParamsResource: SUPL_MODE=1

D/StatusBar.NetworkController( 2668): refreshViews: Data not connected!! Set no data type icon / Roaming

D/GpsLocationProvider(  741): GPS properties reloaded, size = 16

D/GpsLocationProvider(  741): GPS configuration:

D/GpsLocationProvider(  741):  #Fri Jan 04 10:00:21 GMT+08:00 2019

D/GpsLocationProvider(  741): SUPL_HOST=supl.google.com

D/GpsLocationProvider(  741): SUPL_PORT=7275

D/GpsLocationProvider(  741): XTRA_VERSION_CHECK=0

D/GpsLocationProvider(  741): DEBUG_LEVEL=3

D/GpsLocationProvider(  741): SUPL_ES=1

D/GpsLocationProvider(  741): NMEA_PROVIDER=0

D/GpsLocationProvider(  741): CAPABILITIES=0x31

D/GpsLocationProvider(  741): SUPL_VER=0x10000

D/GpsLocationProvider(  741): ERR_ESTIMATE=0

D/GpsLocationProvider(  741): A_GLONASS_POS_PROTOCOL_SELECT=0

D/GpsLocationProvider(  741): INTERMEDIATE_POS=0

D/GpsLocationProvider(  741): SGLTE_TARGET=0

D/GpsLocationProvider(  741): LPP_PROFILE=3

D/GpsLocationProvider(  741): USE_EMERGENCY_PDN_FOR_EMERGENCY_SUPL=1

D/GpsLocationProvider(  741): NTP_SERVER=time.gpsonextra.net

D/GpsLocationProvider(  741): SUPL_MODE=1

D/GpsLocationProvider(  741): final config = #Fri Jan 04 10:00:21 GMT+08:00 2019

D/GpsLocationProvider(  741): SUPL_HOST=supl.google.com

D/GpsLocationProvider(  741): SUPL_PORT=7275

D/GpsLocationProvider(  741): XTRA_VERSION_CHECK=0

D/GpsLocationProvider(  741): DEBUG_LEVEL=3

D/GpsLocationProvider(  741): SUPL_ES=1

D/GpsLocationProvider(  741): NMEA_PROVIDER=0

D/GpsLocationProvider(  741): CAPABILITIES=0x31

D/GpsLocationProvider(  741): SUPL_VER=0x10000

D/GpsLocationProvider(  741): ERR_ESTIMATE=0

D/GpsLocationProvider(  741): A_GLONASS_POS_PROTOCOL_SELECT=0

D/GpsLocationProvider(  741): INTERMEDIATE_POS=0

D/GpsLocationProvider(  741): SGLTE_TARGET=0

D/GpsLocationProvider(  741): LPP_PROFILE=3

D/GpsLocationProvider(  741): USE_EMERGENCY_PDN_FOR_EMERGENCY_SUPL=1

D/GpsLocationProvider(  741): NTP_SERVER=time.gpsonextra.net

D/GpsLocationProvider(  741): SUPL_MODE=1

D/StatusBar.NetworkController( 2668): refreshViews: Data not connected!! Set no data type icon / Roaming

D/PhoneStatusBarPolicy( 2668): updateSimState for subId :1

D/PhoneStatusBarPolicy( 2668): updateSimState for phoneId :0

D/PhoneStatusBarPolicy( 2668): updateSimState for Slot :0

D/StatusBar.NetworkController( 2668): refreshViews: Data not connected!! Set no data type icon / Roaming

D/StatusBar.NetworkController( 2668): refreshViews: Data not connected!! Set no data type icon / Roaming

D/StatusBar.NetworkController( 2668): refreshViews: Data not connected!! Set no data type icon / Roaming

D/StatusBar.NetworkController( 2668): refreshViews: Data not connected!! Set no data type icon / Roaming

D/PhoneApp( 3083): getPhone phoneId:0

D/ColumnUtils.getColumnGetMethod(L:-1)( 3920): getQ not exist

D/ColumnUtils.getColumnSetMethod(L:-1)( 3920): setQ not exist

D/ColumnUtils.getColumnGetMethod(L:-1)( 3920): getA not exist

D/ColumnUtils.getColumnSetMethod(L:-1)( 3920): setA not exist

D/ColumnUtils.getColumnGetMethod(L:-1)( 3920): getB not exist

D/ColumnUtils.getColumnSetMethod(L:-1)( 3920): setB not exist

D/ColumnUtils.getColumnGetMethod(L:-1)( 3920): getC not exist

D/ColumnUtils.getColumnSetMethod(L:-1)( 3920): setC not exist

D/ColumnUtils.getColumnGetMethod(L:-1)( 3920): getD not exist

D/ColumnUtils.getColumnSetMethod(L:-1)( 3920): setD not exist

D/ColumnUtils.getColumnGetMethod(L:-1)( 3920): getE not exist

D/ColumnUtils.getColumnSetMethod(L:-1)( 3920): setE not exist

D/ColumnUtils.getColumnGetMethod(L:-1)( 3920): getF not exist

D/ColumnUtils.getColumnSetMethod(L:-1)( 3920): setF not exist

D/ColumnUtils.getColumnGetMethod(L:-1)( 3920): getB not exist

D/ColumnUtils.getColumnSetMethod(L:-1)( 3920): setB not exist

D/ColumnUtils.getColumnGetMethod(L:-1)( 3920): getC not exist

D/ColumnUtils.getColumnSetMethod(L:-1)( 3920): setC not exist

D/ColumnUtils.getColumnGetMethod(L:-1)( 3920): getD not exist

D/ColumnUtils.getColumnSetMethod(L:-1)( 3920): setD not exist

D/ColumnUtils.getColumnGetMethod(L:-1)( 3920): getE not exist

D/ColumnUtils.getColumnSetMethod(L:-1)( 3920): setE not exist

D/ColumnUtils.getColumnGetMethod(L:-1)( 3920): getF not exist

D/ColumnUtils.getColumnSetMethod(L:-1)( 3920): setF not exist

D/ColumnUtils.getColumnGetMethod(L:-1)( 3920): getG not exist

D/ColumnUtils.getColumnSetMethod(L:-1)( 3920): setG not exist

D/ColumnUtils.getColumnGetMethod(L:-1)( 3920): getH not exist

D/ColumnUtils.getColumnSetMethod(L:-1)( 3920): setH not exist

D/ColumnUtils.getColumnGetMethod(L:-1)( 3920): getI not exist

D/ColumnUtils.getColumnSetMethod(L:-1)( 3920): setI not exist

D/ColumnUtils.getColumnGetMethod(L:-1)( 3920): getJ not exist

D/ColumnUtils.getColumnSetMethod(L:-1)( 3920): setJ not exist

D/ColumnUtils.getColumnGetMethod(L:-1)( 3920): getK not exist

D/ColumnUtils.getColumnSetMethod(L:-1)( 3920): setK not exist

D/ColumnUtils.getColumnGetMethod(L:-1)( 3920): getL not exist

D/ColumnUtils.getColumnSetMethod(L:-1)( 3920): setL not exist

D/ColumnUtils.getColumnGetMethod(L:-1)( 3920): getM not exist

D/ColumnUtils.getColumnSetMethod(L:-1)( 3920): setM not exist

D/ColumnUtils.getColumnGetMethod(L:-1)( 3920): getN not exist

D/ColumnUtils.getColumnSetMethod(L:-1)( 3920): setN not exist

D/ColumnUtils.getColumnGetMethod(L:-1)( 3920): getO not exist

D/ColumnUtils.getColumnSetMethod(L:-1)( 3920): setO not exist

D/ColumnUtils.getColumnGetMethod(L:-1)( 3920): getP not exist

D/ColumnUtils.getColumnSetMethod(L:-1)( 3920): setP not exist

D/ColumnUtils.getColumnGetMethod(L:-1)( 3920): getR not exist

D/ColumnUtils.getColumnSetMethod(L:-1)( 3920): setR not exist

D/ColumnUtils.getColumnGetMethod(L:-1)( 3920): getS not exist

D/ColumnUtils.getColumnSetMethod(L:-1)( 3920): setS not exist

D/ColumnUtils.getColumnGetMethod(L:-1)( 3920): getT not exist

D/ColumnUtils.getColumnSetMethod(L:-1)( 3920): setT not exist

D/ColumnUtils.getColumnGetMethod(L:-1)( 3920): getU not exist

D/ColumnUtils.getColumnSetMethod(L:-1)( 3920): setU not exist

D/ColumnUtils.getColumnGetMethod(L:-1)( 3920): getV not exist

D/ColumnUtils.getColumnSetMethod(L:-1)( 3920): setV not exist

D/ColumnUtils.getColumnGetMethod(L:-1)( 3920): getW not exist

D/ColumnUtils.getColumnSetMethod(L:-1)( 3920): setW not exist

D/ColumnUtils.getColumnGetMethod(L:-1)( 3920): getX not exist

D/ColumnUtils.getColumnSetMethod(L:-1)( 3920): setX not exist

D/ColumnUtils.getColumnGetMethod(L:-1)( 3920): getY not exist

D/ColumnUtils.getColumnSetMethod(L:-1)( 3920): setY not exist

D/ColumnUtils.getColumnGetMethod(L:-1)( 3920): getZ not exist

D/ColumnUtils.getColumnSetMethod(L:-1)( 3920): setZ not exist

D/TelephonyProvider( 3083): subIdString = 1 subId = 1

D/StatusBar.NetworkController( 2668): refreshViews: Data not connected!! Set no data type icon / Roaming

E/Parcel  (  367): Reading a NULL string not supported here.

E/Parcel  (  367): Reading a NULL string not supported here.

E/Parcel  (  367): Reading a NULL string not supported here.

E/Parcel  (  367): Reading a NULL string not supported here.

D/StatusBar.NetworkController( 2668): refreshViews: Data not connected!! Set no data type icon / Roaming

E/Parcel  (  367): Reading a NULL string not supported here.

E/Parcel  (  367): Reading a NULL string not supported here.

E/Parcel  (  367): Reading a NULL string not supported here.

E/Parcel  (  367): Reading a NULL string not supported here.

E/SplashActivity( 3148): AppConstants.screenWidth 128                         ----在这个类-----☞  (SplashActivity.java:70)

I/Timeline( 3148): Timeline: Activity_launch_request id:cn.qssmart.gchat time:28283

I/ActivityManager(  741): START u0 {cmp=cn.qssmart.gchat/.ui.minidevice.ptt.SmallPttActivity (has extras)} from uid 10038 on display 0

V/WindowManager(  741): addAppToken: AppWindowToken{f2c16df token=Token{b02617e ActivityRecord{1bf4c739 u0 cn.qssmart.gchat/.ui.minidevice.ptt.SmallPttActivity t13}}} to stack=0 task=13 at 2

E/Parcel  (  367): Reading a NULL string not supported here.

E/Parcel  (  367): Reading a NULL string not supported here.

E/Parcel  (  367): Reading a NULL string not supported here.

E/Parcel  (  367): Reading a NULL string not supported here.

E/isLead  ( 3148): intent.hasExtra().......存在........... true           ----在这个类-----☞  (BaseActivity.java:389)

D/MyApp   ( 3148): onActivityPaused                                     ----在这个类-----☞  (MyApp.java:117)

I/ServiceManager(  281): Waiting for service AtCmdFwd...

I/SurfaceFlinger(  228): FPS: 18

D/WifiService(  741): New client listening to asynchronous messages

E/Parcel  (  367): Reading a NULL string not supported here.

E/Parcel  (  367): Reading a NULL string not supported here.

E/Parcel  (  367): Reading a NULL string not supported here.

E/Parcel  (  367): Reading a NULL string not supported here.

W/ActivityManager(  741): getRunningAppProcesses: caller 10036 does not hold REAL_GET_TASKS; limiting output

E/USB_UICC(  261): Timeout! No signal received. Retry num = 20

E/Parcel  (  367): Reading a NULL string not supported here.

E/Parcel  (  367): Reading a NULL string not supported here.

E/Parcel  (  367): Reading a NULL string not supported here.

E/Parcel  (  367): Reading a NULL string not supported here.

D/MSC_LOG ( 3920): JNI_OnLoad is called !

D/MyApp   ( 3148): onActivityCreated                                    ----在这个类-----☞  (MyApp.java:101)

E/xx      ( 3148): LanguageActivity attachBaseContext1                  ----在这个类-----☞  (MyApplication.java:41)

D/Telephony( 3083): PstnPhoneCapabilitiesNotifier: handleVideoCapabilitesChanged. Video capability - false

E/isVVk   ( 3148): Build.BOARD msm8909                                  ----在这个类-----☞  (BaseActivity.java:172)

I/Telephony( 3083): PstnIncomingCallNotifier: Unregistering: Handler (com.android.internal.telephony.gsm.GSMPhone) {30c77487}

D/Telephony( 3083): PstnPhoneCapabilitiesNotifier: Unregistering: Handler (com.android.internal.telephony.gsm.GSMPhone) {30c77487}

D/Telephony( 3083): TelecomAccountRegistry: Found 1 phones.  Attempting to register.

D/Telephony( 3083): TelecomAccountRegistry: Phone with subscription id 1

E/QC-QMI  (  425): qmi_qmux_open_connection: connection is disabled for conn_id=29

E/QC-QMI  (  425): qmi_qmux_tx_msg: failed to open inactive connd_id=29

E/QC-QMI  (  425): qmi_qmux: TX failed, connection inactive or in reset, conn_id=29, status_flags=4

E/QC-QMI  (  425): qmi_ctl_tx_msg: qmi_qmux_tx_msg failed

E/QC-QMI  (  425): qmi_ctl_handle_request: qmi_ctl_tx_msg call failed

I/CalendarProvider2( 3844): Sending notification intent: Intent { act=android.intent.action.PROVIDER_CHANGED dat=content://com.android.calendar }

E/QC-QMI  (  425): qmi_qmux_open_connection: connection is disabled for conn_id=29

E/QC-QMI  (  425): qmi_qmux_tx_msg: failed to open inactive connd_id=29

E/QC-QMI  (  425): qmi_qmux: TX failed, connection inactive or in reset, conn_id=29, status_flags=4

E/QC-QMI  (  425): qmi_ctl_tx_msg: qmi_qmux_tx_msg failed

E/QC-QMI  (  425): qmi_ctl_handle_request: qmi_ctl_tx_msg call failed

W/ContentResolver( 3844): Failed to get type for: content://com.android.calendar (Unknown URL content://com.android.calendar)

E/QC-QMI  (  425): qmi_qmux_open_connection: connection is disabled for conn_id=48

E/QC-QMI  (  425): qmi_qmux_tx_msg: failed to open inactive connd_id=48

E/QC-QMI  (  425): qmi_qmux: TX failed, connection inactive or in reset, conn_id=48, status_flags=4

E/QC-QMI  (  425): qmi_ctl_tx_msg: qmi_qmux_tx_msg failed

E/QC-QMI  (  425): qmi_ctl_handle_request: qmi_ctl_tx_msg call failed

E/QC-QMI  (  425): qmi_qmux_open_connection: connection is disabled for conn_id=48

E/QC-QMI  (  425): qmi_qmux_tx_msg: failed to open inactive connd_id=48

E/QC-QMI  (  425): qmi_qmux: TX failed, connection inactive or in reset, conn_id=48, status_flags=4

E/QC-QMI  (  425): qmi_ctl_tx_msg: qmi_qmux_tx_msg failed

E/QC-QMI  (  425): qmi_ctl_handle_request: qmi_ctl_tx_msg call failed

E/QC-QMI  (  425): qmi_qmux_open_connection: connection is disabled for conn_id=57

E/QC-QMI  (  425): qmi_qmux_tx_msg: failed to open inactive connd_id=57

E/QC-QMI  (  425): qmi_qmux: TX failed, connection inactive or in reset, conn_id=57, status_flags=4

E/QC-QMI  (  425): qmi_ctl_tx_msg: qmi_qmux_tx_msg failed

E/QC-QMI  (  425): qmi_ctl_handle_request: qmi_ctl_tx_msg call failed

E/QC-QMI  (  425): qmi_qmux_open_connection: connection is disabled for conn_id=57

E/QC-QMI  (  425): qmi_qmux_tx_msg: failed to open inactive connd_id=57

E/QC-QMI  (  425): qmi_qmux: TX failed, connection inactive or in reset, conn_id=57, status_flags=4

E/QC-QMI  (  425): qmi_ctl_tx_msg: qmi_qmux_tx_msg failed

E/QC-QMI  (  425): qmi_ctl_handle_request: qmi_ctl_tx_msg call failed

E/QC-QMI  (  425): qmi_qmux_open_connection: connection is disabled for conn_id=29

E/QC-QMI  (  425): qmi_qmux_tx_msg: failed to open inactive connd_id=29

E/QC-QMI  (  425): qmi_qmux: TX failed, connection inactive or in reset, conn_id=29, status_flags=4

E/QC-QMI  (  425): qmi_ctl_tx_msg: qmi_qmux_tx_msg failed

E/QC-QMI  (  425): qmi_ctl_handle_request: qmi_ctl_tx_msg call failed

E/QC-QMI  (  425): qmi_qmux_open_connection: connection is disabled for conn_id=29

E/QC-QMI  (  425): qmi_qmux_tx_msg: failed to open inactive connd_id=29

E/QC-QMI  (  425): qmi_qmux: TX failed, connection inactive or in reset, conn_id=29, status_flags=4

E/QC-QMI  (  425): qmi_ctl_tx_msg: qmi_qmux_tx_msg failed

E/QC-QMI  (  425): qmi_ctl_handle_request: qmi_ctl_tx_msg call failed

E/QC-QMI  (  425): qmi_qmux_open_connection: connection is disabled for conn_id=48

E/QC-QMI  (  425): qmi_qmux_tx_msg: failed to open inactive connd_id=48

E/QC-QMI  (  425): qmi_qmux: TX failed, connection inactive or in reset, conn_id=48, status_flags=4

E/QC-QMI  (  425): qmi_ctl_tx_msg: qmi_qmux_tx_msg failed

E/QC-QMI  (  425): qmi_ctl_handle_request: qmi_ctl_tx_msg call failed

E/QC-QMI  (  425): qmi_qmux_open_connection: connection is disabled for conn_id=48

E/QC-QMI  (  425): qmi_qmux_tx_msg: failed to open inactive connd_id=48

E/QC-QMI  (  425): qmi_qmux: TX failed, connection inactive or in reset, conn_id=48, status_flags=4

E/QC-QMI  (  425): qmi_ctl_tx_msg: qmi_qmux_tx_msg failed

E/QC-QMI  (  425): qmi_ctl_handle_request: qmi_ctl_tx_msg call failed

E/QC-QMI  (  425): qmi_qmux_open_connection: connection is disabled for conn_id=57

E/QC-QMI  (  425): qmi_qmux_tx_msg: failed to open inactive connd_id=57

E/QC-QMI  (  425): qmi_qmux: TX failed, connection inactive or in reset, conn_id=57, status_flags=4

E/QC-QMI  (  425): qmi_ctl_tx_msg: qmi_qmux_tx_msg failed

E/QC-QMI  (  425): qmi_ctl_handle_request: qmi_ctl_tx_msg call failed

E/QC-QMI  (  425): qmi_qmux_open_connection: connection is disabled for conn_id=57

E/QC-QMI  (  425): qmi_qmux_tx_msg: failed to open inactive connd_id=57

E/QC-QMI  (  425): qmi_qmux: TX failed, connection inactive or in reset, conn_id=57, status_flags=4

E/QC-QMI  (  425): qmi_ctl_tx_msg: qmi_qmux_tx_msg failed

E/QC-QMI  (  425): qmi_ctl_handle_request: qmi_ctl_tx_msg call failed

E/QC-QMI  (  425): qmi_qmux_open_connection: connection is disabled for conn_id=29

E/QC-QMI  (  425): qmi_qmux_tx_msg: failed to open inactive connd_id=29

E/QC-QMI  (  425): qmi_qmux: TX failed, connection inactive or in reset, conn_id=29, status_flags=4

E/QC-QMI  (  425): qmi_ctl_tx_msg: qmi_qmux_tx_msg failed

E/QC-QMI  (  425): qmi_ctl_handle_request: qmi_ctl_tx_msg call failed

E/QC-QMI  (  425): qmi_qmux_open_connection: connection is disabled for conn_id=29

E/QC-QMI  (  425): qmi_qmux_tx_msg: failed to open inactive connd_id=29

E/QC-QMI  (  425): qmi_qmux: TX failed, connection inactive or in reset, conn_id=29, status_flags=4

E/QC-QMI  (  425): qmi_ctl_tx_msg: qmi_qmux_tx_msg failed

E/QC-QMI  (  425): qmi_ctl_handle_request: qmi_ctl_tx_msg call failed

E/QC-QMI  (  425): qmi_qmux_open_connection: connection is disabled for conn_id=48

E/QC-QMI  (  425): qmi_qmux_tx_msg: failed to open inactive connd_id=48

E/QC-QMI  (  425): qmi_qmux: TX failed, connection inactive or in reset, conn_id=48, status_flags=4

E/QC-QMI  (  425): qmi_ctl_tx_msg: qmi_qmux_tx_msg failed

E/QC-QMI  (  425): qmi_ctl_handle_request: qmi_ctl_tx_msg call failed

E/QC-QMI  (  425): qmi_qmux_open_connection: connection is disabled for conn_id=48

E/QC-QMI  (  425): qmi_qmux_tx_msg: failed to open inactive connd_id=48

E/QC-QMI  (  425): qmi_qmux: TX failed, connection inactive or in reset, conn_id=48, status_flags=4

E/QC-QMI  (  425): qmi_ctl_tx_msg: qmi_qmux_tx_msg failed

E/QC-QMI  (  425): qmi_ctl_handle_request: qmi_ctl_tx_msg call failed

E/QC-QMI  (  425): qmi_qmux_open_connection: connection is disabled for conn_id=57

E/QC-QMI  (  425): qmi_qmux_tx_msg: failed to open inactive connd_id=57

E/QC-QMI  (  425): qmi_qmux: TX failed, connection inactive or in reset, conn_id=57, status_flags=4

E/QC-QMI  (  425): qmi_ctl_tx_msg: qmi_qmux_tx_msg failed

E/QC-QMI  (  425): qmi_ctl_handle_request: qmi_ctl_tx_msg call failed

E/QC-QMI  (  425): qmi_qmux_open_connection: connection is disabled for conn_id=57

E/QC-QMI  (  425): qmi_qmux_tx_msg: failed to open inactive connd_id=57

E/QC-QMI  (  425): qmi_qmux: TX failed, connection inactive or in reset, conn_id=57, status_flags=4

E/QC-QMI  (  425): qmi_ctl_tx_msg: qmi_qmux_tx_msg failed

E/QC-QMI  (  425): qmi_ctl_handle_request: qmi_ctl_tx_msg call failed

D/Telephony( 3083): AccountEntry: Registered phoneAccount: [PhoneAccount: ComponentInfo{com.android.phone/com.android.services.telephony.TelephonyConnectionService}, [356a192b7913b04c54574d18c28d46e6395428ab], UserHandle{0} Capabilities: 54 Schemes: tel voicemail ] with handle: ComponentInfo{com.android.phone/com.android.services.telephony.TelephonyConnectionService}, [356a192b7913b04c54574d18c28d46e6395428ab], UserHandle{0}

I/Telephony( 3083): PstnIncomingCallNotifier: Registering: Handler (com.android.internal.telephony.gsm.GSMPhone) {30c77487}

D/Telephony( 3083): PstnPhoneCapabilitiesNotifier: Registering: Handler (com.android.internal.telephony.gsm.GSMPhone) {30c77487}

D/GpsLocationProvider(  741): received SIM realted action: 

D/CallNotifier( 3083): onReceive... 

D/GpsLocationProvider(  741): SIM MCC/MNC is available: 46004

D/GpsLocationProvider(  741): Reset GPS properties, previous size = 16

D/GpsLocationProvider(  741): GpsParamsResource: SUPL_HOST=supl.google.com

D/GpsLocationProvider(  741): GpsParamsResource: SUPL_PORT=7275

D/GpsLocationProvider(  741): GpsParamsResource: NTP_SERVER=north-america.pool.ntp.org

D/GpsLocationProvider(  741): GpsParamsResource: SUPL_VER=0x20000

D/GpsLocationProvider(  741): GpsParamsResource: SUPL_MODE=1

D/StatusBar.NetworkController( 2668): refreshViews: Data not connected!! Set no data type icon / Roaming

D/Telephony( 3083): PstnPhoneCapabilitiesNotifier: handleVideoCapabilitesChanged. Video capability - false

I/MobileAgent( 3920): finish init SUCCESS false

D/StatusBar.NetworkController( 2668): refreshViews: Data not connected!! Set no data type icon / Roaming

D/PhoneStatusBarPolicy( 2668): updateSimState for subId :1

D/PhoneStatusBarPolicy( 2668): updateSimState for phoneId :0

D/PhoneStatusBarPolicy( 2668): updateSimState for Slot :0

D/StatusBar.NetworkController( 2668): refreshViews: Data not connected!! Set no data type icon / Roaming

I/MainActivity( 3920): /system/app/xunfeiyuji/xunfeiyuji.apk

D/StatusBar.NetworkController( 2668): refreshViews: Data not connected!! Set no data type icon / Roaming

D/StatusBar.NetworkController( 2668): refreshViews: Data not connected!! Set no data type icon / Roaming

D/StatusBar.NetworkController( 2668): refreshViews: Data not connected!! Set no data type icon / Roaming

D/GpsLocationProvider(  741): GPS properties reloaded, size = 16

D/GpsLocationProvider(  741): GPS configuration:

D/GpsLocationProvider(  741):  #Fri Jan 04 10:00:21 GMT+08:00 2019

D/GpsLocationProvider(  741): SUPL_HOST=supl.google.com

D/GpsLocationProvider(  741): SUPL_PORT=7275

D/GpsLocationProvider(  741): XTRA_VERSION_CHECK=0

D/GpsLocationProvider(  741): DEBUG_LEVEL=3

D/GpsLocationProvider(  741): SUPL_ES=1

D/GpsLocationProvider(  741): NMEA_PROVIDER=0

D/GpsLocationProvider(  741): CAPABILITIES=0x31

D/GpsLocationProvider(  741): SUPL_VER=0x10000

D/GpsLocationProvider(  741): ERR_ESTIMATE=0

D/GpsLocationProvider(  741): A_GLONASS_POS_PROTOCOL_SELECT=0

D/GpsLocationProvider(  741): INTERMEDIATE_POS=0

D/GpsLocationProvider(  741): SGLTE_TARGET=0

D/GpsLocationProvider(  741): LPP_PROFILE=3

D/GpsLocationProvider(  741): USE_EMERGENCY_PDN_FOR_EMERGENCY_SUPL=1

D/GpsLocationProvider(  741): NTP_SERVER=time.gpsonextra.net

D/GpsLocationProvider(  741): SUPL_MODE=1

D/GpsLocationProvider(  741): final config = #Fri Jan 04 10:00:21 GMT+08:00 2019

D/GpsLocationProvider(  741): SUPL_HOST=supl.google.com

D/GpsLocationProvider(  741): SUPL_PORT=7275

D/GpsLocationProvider(  741): XTRA_VERSION_CHECK=0

D/GpsLocationProvider(  741): DEBUG_LEVEL=3

D/GpsLocationProvider(  741): SUPL_ES=1

D/GpsLocationProvider(  741): NMEA_PROVIDER=0

D/GpsLocationProvider(  741): CAPABILITIES=0x31

D/GpsLocationProvider(  741): SUPL_VER=0x10000

D/GpsLocationProvider(  741): ERR_ESTIMATE=0

D/GpsLocationProvider(  741): A_GLONASS_POS_PROTOCOL_SELECT=0

D/GpsLocationProvider(  741): INTERMEDIATE_POS=0

D/GpsLocationProvider(  741): SGLTE_TARGET=0

D/GpsLocationProvider(  741): LPP_PROFILE=3

D/GpsLocationProvider(  741): USE_EMERGENCY_PDN_FOR_EMERGENCY_SUPL=1

D/GpsLocationProvider(  741): NTP_SERVER=time.gpsonextra.net

D/GpsLocationProvider(  741): SUPL_MODE=1

I/aup     ( 3920): isDark=false

W/ActivityManager(  741): getTasks: caller 10036 does not hold REAL_GET_TASKS; limiting output

W/ActivityThread( 3920): ClassLoader.loadClass: The class loader returned by Thread.getContextClassLoader() may fail for processes that host multiple applications. You should explicitly specify a context class loader. For example: Thread.setContextClassLoader(getClass().getClassLoader());

E/Parcel  (  367): Reading a NULL string not supported here.

E/Parcel  (  367): Reading a NULL string not supported here.

E/Parcel  (  367): Reading a NULL string not supported here.

E/Parcel  (  367): Reading a NULL string not supported here.

I/ViewRootImpl( 3148): CPU Rendering VSync enable = false

V/WindowManager(  741): Adding window Window{33cde148 u0 cn.qssmart.gchat/cn.qssmart.gchat.ui.minidevice.ptt.SmallPttActivity} at 2 of 5 (after Window{925b6e u0 cn.qssmart.gchat/cn.qssmart.gchat.SplashActivity})

E/xx      ( 3148):  获取当前目录下所有的mp4文件。。。。。。                               ----在这个类-----☞  (FileUtils.java:269)

E/xx      ( 3148):  filename  pttrecord_新版本16_1_1546519335117.wav       ----在这个类-----☞  (FileUtils.java:301)

D/ColumnUtils.getColumnGetMethod(L:-1)( 3920): getA not exist

D/ColumnUtils.getColumnSetMethod(L:-1)( 3920): setA not exist

D/ColumnUtils.getColumnGetMethod(L:-1)( 3920): getB not exist

D/ColumnUtils.getColumnSetMethod(L:-1)( 3920): setB not exist

D/ColumnUtils.getColumnGetMethod(L:-1)( 3920): getC not exist

D/ColumnUtils.getColumnSetMethod(L:-1)( 3920): setC not exist

D/ColumnUtils.getColumnGetMethod(L:-1)( 3920): getD not exist

D/ColumnUtils.getColumnSetMethod(L:-1)( 3920): setD not exist

D/ColumnUtils.getColumnGetMethod(L:-1)( 3920): getE not exist

D/ColumnUtils.getColumnSetMethod(L:-1)( 3920): setE not exist

D/ColumnUtils.getColumnGetMethod(L:-1)( 3920): getF not exist

D/ColumnUtils.getColumnSetMethod(L:-1)( 3920): setF not exist

D/ColumnUtils.getColumnGetMethod(L:-1)( 3920): getG not exist

D/ColumnUtils.getColumnSetMethod(L:-1)( 3920): setG not exist

D/ColumnUtils.getColumnGetMethod(L:-1)( 3920): getH not exist

D/ColumnUtils.getColumnSetMethod(L:-1)( 3920): setH not exist

D/ColumnUtils.getColumnGetMethod(L:-1)( 3920): getI not exist

D/ColumnUtils.getColumnSetMethod(L:-1)( 3920): setI not exist

D/ColumnUtils.getColumnGetMethod(L:-1)( 3920): getJ not exist

D/ColumnUtils.getColumnSetMethod(L:-1)( 3920): setJ not exist

D/ColumnUtils.getColumnGetMethod(L:-1)( 3920): getK not exist

D/ColumnUtils.getColumnSetMethod(L:-1)( 3920): setK not exist

D/ColumnUtils.getColumnGetMethod(L:-1)( 3920): getL not exist

D/ColumnUtils.getColumnSetMethod(L:-1)( 3920): setL not exist

D/ColumnUtils.getColumnGetMethod(L:-1)( 3920): getM not exist

D/ColumnUtils.getColumnSetMethod(L:-1)( 3920): setM not exist

D/ColumnUtils.getColumnGetMethod(L:-1)( 3920): getN not exist

D/ColumnUtils.getColumnSetMethod(L:-1)( 3920): setN not exist

D/ColumnUtils.getColumnGetMethod(L:-1)( 3920): getO not exist

D/ColumnUtils.getColumnSetMethod(L:-1)( 3920): setO not exist

D/ColumnUtils.getColumnGetMethod(L:-1)( 3920): getP not exist

D/ColumnUtils.getColumnSetMethod(L:-1)( 3920): setP not exist

D/ColumnUtils.getColumnGetMethod(L:-1)( 3920): getQ not exist

D/ColumnUtils.getColumnSetMethod(L:-1)( 3920): setQ not exist

D/ColumnUtils.getColumnGetMethod(L:-1)( 3920): getR not exist

D/ColumnUtils.getColumnSetMethod(L:-1)( 3920): setR not exist

D/ColumnUtils.getColumnGetMethod(L:-1)( 3920): getS not exist

D/ColumnUtils.getColumnSetMethod(L:-1)( 3920): setS not exist

D/ColumnUtils.getColumnGetMethod(L:-1)( 3920): getT not exist

D/ColumnUtils.getColumnSetMethod(L:-1)( 3920): setT not exist

D/ColumnUtils.getColumnGetMethod(L:-1)( 3920): getU not exist

D/ColumnUtils.getColumnSetMethod(L:-1)( 3920): setU not exist

D/ColumnUtils.getColumnGetMethod(L:-1)( 3920): getV not exist

D/ColumnUtils.getColumnSetMethod(L:-1)( 3920): setV not exist

D/ColumnUtils.getColumnGetMethod(L:-1)( 3920): getW not exist

D/ColumnUtils.getColumnSetMethod(L:-1)( 3920): setW not exist

D/ColumnUtils.getColumnGetMethod(L:-1)( 3920): getX not exist

D/ColumnUtils.getColumnSetMethod(L:-1)( 3920): setX not exist

E/QComExtractorFactory(  251):  SniffWAV success<=== 

D/ExtendedUtils(  251): Try creating ExtendedExtractor

D/ExtendedUtils(  251): default extractor is NULL, return extended extractor

E/MM_OSAL (  251): FileSource::FileSource

E/MM_OSAL (  251): FileSource::FileSource m_bEveryThingOK 1

E/MM_OSAL (  251): MM_File_Create failed .Efs Error No -1 , File Name /data/mmosal_logmask.cfg , Mode 0

E/MM_OSAL (  251): Open or read fail on /data/mmosal_logmask.cfg. Possible permission denied issue. Looking for /data/misc/media/mmosal_logmask.cfg

E/MM_OSAL (  251): MM_File_Create failed .Efs Error No -1 , File Name /data/misc/media/mmosal_logmask.cfg , Mode 0

E/xx      ( 3148):  filename  pttrecord_新版本5_0_新版本16_1546519283787.wav

E/QComExtractorFactory(  251):  SniffWAV success<=== 

D/ExtendedUtils(  251): Try creating ExtendedExtractor

D/ExtendedUtils(  251): default extractor is NULL, return extended extractor

E/xx      ( 3148):  filename  pttrecord_新版本5_0_新版本16_1546519328916.wav

E/QComExtractorFactory(  251):  SniffWAV success<=== 

D/ExtendedUtils(  251): Try creating ExtendedExtractor

D/ExtendedUtils(  251): default extractor is NULL, return extended extractor

E/xx      ( 3148):  filename  pttrecord_新版本16_1_1546519338008.wav    

E/QComExtractorFactory(  251):  SniffWAV success<=== 

D/ExtendedUtils(  251): Try creating ExtendedExtractor

D/ExtendedUtils(  251): default extractor is NULL, return extended extractor

E/xx      ( 3148):  filename  pttrecord_新版本5_0_新版本16_1546519172131.wav

D/ColumnUtils.getColumnGetMethod(L:-1)( 3920): getA not exist

D/ColumnUtils.getColumnSetMethod(L:-1)( 3920): setA not exist

D/ColumnUtils.getColumnGetMethod(L:-1)( 3920): getB not exist

D/ColumnUtils.getColumnSetMethod(L:-1)( 3920): setB not exist

D/ColumnUtils.getColumnGetMethod(L:-1)( 3920): getC not exist

D/ColumnUtils.getColumnSetMethod(L:-1)( 3920): setC not exist

D/ColumnUtils.getColumnGetMethod(L:-1)( 3920): getD not exist

D/ColumnUtils.getColumnSetMethod(L:-1)( 3920): setD not exist

D/ColumnUtils.getColumnGetMethod(L:-1)( 3920): getE not exist

D/ColumnUtils.getColumnSetMethod(L:-1)( 3920): setE not exist

D/ColumnUtils.getColumnGetMethod(L:-1)( 3920): getF not exist

D/ColumnUtils.getColumnSetMethod(L:-1)( 3920): setF not exist

D/ColumnUtils.getColumnGetMethod(L:-1)( 3920): getG not exist

D/ColumnUtils.getColumnSetMethod(L:-1)( 3920): setG not exist

E/QComExtractorFactory(  251):  SniffWAV success<=== 

D/ExtendedUtils(  251): Try creating ExtendedExtractor

D/ExtendedUtils(  251): default extractor is NULL, return extended extractor

D/ColumnUtils.getColumnGetMethod(L:-1)( 3920): getH not exist

D/ColumnUtils.getColumnSetMethod(L:-1)( 3920): setH not exist

D/ColumnUtils.getColumnGetMethod(L:-1)( 3920): getI not exist

D/ColumnUtils.getColumnSetMethod(L:-1)( 3920): setI not exist

D/ColumnUtils.getColumnGetMethod(L:-1)( 3920): getJ not exist

D/ColumnUtils.getColumnSetMethod(L:-1)( 3920): setJ not exist

D/ColumnUtils.getColumnGetMethod(L:-1)( 3920): getK not exist

E/xx      ( 3148):  filename  pttrecord_新版本5_0_新版本16_1546519281711.wav

D/ColumnUtils.getColumnSetMethod(L:-1)( 3920): setK not exist

D/ColumnUtils.getColumnGetMethod(L:-1)( 3920): getL not exist

D/ColumnUtils.getColumnSetMethod(L:-1)( 3920): setL not exist

E/QComExtractorFactory(  251):  SniffWAV success<=== 

D/ExtendedUtils(  251): Try creating ExtendedExtractor

D/ExtendedUtils(  251): default extractor is NULL, return extended extractor

E/xx      ( 3148):  filename  pttrecord_新版本16_1_1546519183474.wav    

D/TelephonyProvider( 3083): subIdString = 1 subId = 1

D/PhoneApp( 3083): mReceiver: ACTION_ANY_DATA_CONNECTION_STATE_CHANGED

D/PhoneApp( 3083): - state: DISCONNECTED

D/PhoneApp( 3083): - reason: nwTypeChanged

D/PhoneApp( 3083): mReceiver: ACTION_ANY_DATA_CONNECTION_STATE_CHANGED

D/PhoneApp( 3083): - state: DISCONNECTED

D/PhoneApp( 3083): - reason: nwTypeChanged

D/PhoneApp( 3083): mReceiver: ACTION_ANY_DATA_CONNECTION_STATE_CHANGED

D/PhoneApp( 3083): - state: DISCONNECTED

D/PhoneApp( 3083): - reason: nwTypeChanged

D/PhoneApp( 3083): mReceiver: ACTION_ANY_DATA_CONNECTION_STATE_CHANGED

D/PhoneApp( 3083): - state: DISCONNECTED

D/PhoneApp( 3083): - reason: nwTypeChanged

D/PhoneApp( 3083): mReceiver: ACTION_ANY_DATA_CONNECTION_STATE_CHANGED

D/PhoneApp( 3083): - state: DISCONNECTED

D/PhoneApp( 3083): - reason: nwTypeChanged

D/PhoneApp( 3083): mReceiver: ACTION_ANY_DATA_CONNECTION_STATE_CHANGED

D/PhoneApp( 3083): - state: DISCONNECTED

D/PhoneApp( 3083): - reason: nwTypeChanged

D/PhoneApp( 3083): mReceiver: ACTION_ANY_DATA_CONNECTION_STATE_CHANGED

D/PhoneApp( 3083): - state: DISCONNECTED

D/PhoneApp( 3083): - reason: nwTypeChanged

D/PhoneApp( 3083): mReceiver: ACTION_ANY_DATA_CONNECTION_STATE_CHANGED

D/PhoneApp( 3083): - state: DISCONNECTED

D/PhoneApp( 3083): - reason: nwTypeChanged

D/PhoneApp( 3083): mReceiver: ACTION_ANY_DATA_CONNECTION_STATE_CHANGED

D/PhoneApp( 3083): - state: DISCONNECTED

D/PhoneApp( 3083): - reason: dataAttached

D/PhoneApp( 3083): mReceiver: ACTION_ANY_DATA_CONNECTION_STATE_CHANGED

D/PhoneApp( 3083): - state: DISCONNECTED

D/PhoneApp( 3083): - reason: dataAttached

E/QComExtractorFactory(  251):  SniffWAV success<=== 

D/ExtendedUtils(  251): Try creating ExtendedExtractor

D/ExtendedUtils(  251): default extractor is NULL, return extended extractor

D/PhoneApp( 3083): mReceiver: ACTION_ANY_DATA_CONNECTION_STATE_CHANGED

D/PhoneApp( 3083): - state: DISCONNECTED

D/PhoneApp( 3083): - reason: dataAttached

D/PhoneApp( 3083): mReceiver: ACTION_ANY_DATA_CONNECTION_STATE_CHANGED

D/PhoneApp( 3083): - state: DISCONNECTED

D/PhoneApp( 3083): - reason: dataAttached

D/PhoneApp( 3083): mReceiver: ACTION_ANY_DATA_CONNECTION_STATE_CHANGED

D/PhoneApp( 3083): - state: DISCONNECTED

D/PhoneApp( 3083): - reason: dataAttached

D/PhoneApp( 3083): mReceiver: ACTION_ANY_DATA_CONNECTION_STATE_CHANGED

D/PhoneApp( 3083): - state: DISCONNECTED

D/PhoneApp( 3083): - reason: dataAttached

E/xx      ( 3148):  filename  pttrecord_新版本5_0_新版本16_1546519186860.wav

D/PhoneApp( 3083): mReceiver: ACTION_ANY_DATA_CONNECTION_STATE_CHANGED

D/PhoneApp( 3083): - state: DISCONNECTED

D/PhoneApp( 3083): - reason: dataAttached

D/PhoneApp( 3083): mReceiver: ACTION_ANY_DATA_CONNECTION_STATE_CHANGED

D/PhoneApp( 3083): - state: DISCONNECTED

D/PhoneApp( 3083): - reason: dataAttached

E/QComExtractorFactory(  251):  SniffWAV success<=== 

D/ExtendedUtils(  251): Try creating ExtendedExtractor

D/ExtendedUtils(  251): default extractor is NULL, return extended extractor

E/xx      ( 3148):  filename  pttrecord_新版本5_0_新版本16_1546519286047.wav

E/QComExtractorFactory(  251):  SniffWAV success<=== 

D/ExtendedUtils(  251): Try creating ExtendedExtractor

D/ExtendedUtils(  251): default extractor is NULL, return extended extractor

E/xx      ( 3148):  filename  pttrecord_新版本5_0_新版本16_1546519331315.wav

E/Parcel  (  367): Reading a NULL string not supported here.

E/Parcel  (  367): Reading a NULL string not supported here.

E/Parcel  (  367): Reading a NULL string not supported here.

E/Parcel  (  367): Reading a NULL string not supported here.

E/QComExtractorFactory(  251):  SniffWAV success<=== 

D/ExtendedUtils(  251): Try creating ExtendedExtractor

D/ExtendedUtils(  251): default extractor is NULL, return extended extractor

E/QC-QMI  (  249): qmi_wds_get_profile_list: profile technology sent 0

E/QC-QMI  (  249): qmi_wds_read_umts_common_profile_tlvs: ignoring unknown TLV type=df

E/QC-QMI  (  249): qmi_wds_read_umts_common_profile_tlvs: ignoring unknown TLV type=40

E/QC-QMI  (  249): qmi_wds_read_umts_common_profile_tlvs: ignoring unknown TLV type=3f

E/QC-QMI  (  249): qmi_wds_read_umts_common_profile_tlvs: ignoring unknown TLV type=3e

E/QC-QMI  (  249): qmi_wds_read_umts_common_profile_tlvs: ignoring unknown TLV type=3d

E/QC-QMI  (  249): qmi_wds_read_umts_common_profile_tlvs: ignoring unknown TLV type=df

E/QC-QMI  (  249): qmi_wds_read_umts_common_profile_tlvs: ignoring unknown TLV type=40

E/QC-QMI  (  249): qmi_wds_read_umts_common_profile_tlvs: ignoring unknown TLV type=3f

E/QC-QMI  (  249): qmi_wds_read_umts_common_profile_tlvs: ignoring unknown TLV type=3e

E/QC-QMI  (  249): qmi_wds_read_umts_common_profile_tlvs: ignoring unknown TLV type=3d

E/QC-QMI  (  249): qmi_wds_get_profile_list: profile technology sent 1

D/PhoneApp( 3083): mReceiver: ACTION_ANY_DATA_CONNECTION_STATE_CHANGED

D/PhoneApp( 3083): - state: DISCONNECTED

D/PhoneApp( 3083): - reason: dataAttached

D/PhoneApp( 3083): mReceiver: ACTION_ANY_DATA_CONNECTION_STATE_CHANGED

D/PhoneApp( 3083): - state: DISCONNECTED

D/PhoneApp( 3083): - reason: dataAttached

D/PhoneApp( 3083): mReceiver: ACTION_ANY_DATA_CONNECTION_STATE_CHANGED

D/PhoneApp( 3083): - state: DISCONNECTED

D/PhoneApp( 3083): - reason: dataAttached

D/PhoneApp( 3083): mReceiver: ACTION_ANY_DATA_CONNECTION_STATE_CHANGED

D/PhoneApp( 3083): - state: DISCONNECTED

D/PhoneApp( 3083): - reason: dataAttached

I/ServiceManager(  281): Waiting for service AtCmdFwd...

D/PhoneApp( 3083): mReceiver: ACTION_ANY_DATA_CONNECTION_STATE_CHANGED

D/PhoneApp( 3083): - state: DISCONNECTED

D/PhoneApp( 3083): - reason: dataAttached

E/QC-QMI  (  249): qmi_wds_read_cdma_common_profile_tlvs: ignoring unknown TLV type=df

E/QC-QMI  (  249): qmi_wds_read_cdma_common_profile_tlvs: ignoring unknown TLV type=c4

E/QC-QMI  (  249): qmi_wds_read_cdma_common_profile_tlvs: ignoring unknown TLV type=c3

E/QC-QMI  (  249): qmi_wds_read_cdma_common_profile_tlvs: ignoring unknown TLV type=c2

E/QC-QMI  (  249): qmi_wds_read_cdma_common_profile_tlvs: ignoring unknown TLV type=c1

E/QC-QMI  (  249): qmi_wds_read_cdma_common_profile_tlvs: ignoring unknown TLV type=c0

D/PhoneApp( 3083): mReceiver: ACTION_ANY_DATA_CONNECTION_STATE_CHANGED

D/PhoneApp( 3083): - state: DISCONNECTED

D/PhoneApp( 3083): - reason: dataAttached

D/PhoneApp( 3083): mReceiver: ACTION_ANY_DATA_CONNECTION_STATE_CHANGED

D/PhoneApp( 3083): - state: DISCONNECTED

D/PhoneApp( 3083): - reason: dataAttached

D/PhoneApp( 3083): mReceiver: ACTION_ANY_DATA_CONNECTION_STATE_CHANGED

D/PhoneApp( 3083): - state: DISCONNECTED

D/PhoneApp( 3083): - reason: dataAttached

D/PhoneApp( 3083): mReceiver: ACTION_ANY_DATA_CONNECTION_STATE_CHANGED

D/PhoneApp( 3083): - state: DISCONNECTED

D/PhoneApp( 3083): - reason: dataAttached

D/PhoneApp( 3083): mReceiver: ACTION_ANY_DATA_CONNECTION_STATE_CHANGED

D/PhoneApp( 3083): - state: DISCONNECTED

D/PhoneApp( 3083): - reason: dataAttached

D/PhoneApp( 3083): mReceiver: ACTION_ANY_DATA_CONNECTION_STATE_CHANGED

D/PhoneApp( 3083): - state: DISCONNECTED

D/PhoneApp( 3083): - reason: dataAttached

D/PhoneApp( 3083): mReceiver: ACTION_ANY_DATA_CONNECTION_STATE_CHANGED

D/PhoneApp( 3083): - state: DISCONNECTED

D/PhoneApp( 3083): - reason: dataAttached

D/PhoneApp( 3083): mReceiver: ACTION_ANY_DATA_CONNECTION_STATE_CHANGED

D/PhoneApp( 3083): - state: DISCONNECTED

D/PhoneApp( 3083): - reason: dataAttached

D/PhoneApp( 3083): mReceiver: ACTION_ANY_DATA_CONNECTION_STATE_CHANGED

D/PhoneApp( 3083): - state: DISCONNECTED

D/PhoneApp( 3083): - reason: dataAttached

D/PhoneApp( 3083): mReceiver: ACTION_ANY_DATA_CONNECTION_STATE_CHANGED

D/PhoneApp( 3083): - state: DISCONNECTED

D/PhoneApp( 3083): - reason: dataAttached

E/QC-QMI  (  249): qmi_wds_route_look_up: unknown response TLV type = 11

D/PhoneApp( 3083): mReceiver: ACTION_ANY_DATA_CONNECTION_STATE_CHANGED

D/PhoneApp( 3083): - state: DISCONNECTED

D/PhoneApp( 3083): - reason: dataAttached

D/PhoneApp( 3083): mReceiver: ACTION_ANY_DATA_CONNECTION_STATE_CHANGED

D/PhoneApp( 3083): - state: DISCONNECTED

D/PhoneApp( 3083): - reason: dataAttached

D/PhoneApp( 3083): mReceiver: ACTION_ANY_DATA_CONNECTION_STATE_CHANGED

D/PhoneApp( 3083): - state: DISCONNECTED

