D/ConnectivityService(  741): listenForNetwork for NetworkRequest [ id=2, legacyType=-1, [] ]

V/WiredAccessoryManager(  741): notifyWiredAccessoryChanged: when=0 bits= mask=54

V/WiredAccessoryManager(  741): newName=h2w newState=0 headsetState=0 prev headsetState=0

V/WiredAccessoryManager(  741): init()

D/WifiService(  741): New client listening to asynchronous messages

W/AppWidgetServiceImpl(  741): Failed to read state: java.io.FileNotFoundException: /data/system/users/0/appwidgets.xml: open failed: ENOENT (No such file or directory)

V/AppWidgetServiceImpl(  741): Upgrading widget database from 0 to 1

V/ActivityManager(  741): Display changed displayId=0

V/BackupManagerService(  741): Connected to transport ComponentInfo{android/com.android.internal.backup.LocalTransportService}

V/BackupManagerService(  741): Registering transport android/com.android.internal.backup.LocalTransportService::android/com.android.internal.backup.LocalTransport = android.app.backup.BackupTransport$TransportImpl@3d0a1988

V/Telecom (  741): BluetoothPhoneService: Constructor

D/Telecom (  741): BluetoothPhoneService: onCreate

I/ActivityManager(  741): Start proc 3319:com.android.smspush/u0a32 for service com.android.smspush/.WapPushManager

D/Telecom (  741): MissedCallNotifier: onQueryComplete()...

W/ActivityManager(  741): Unable to start service Intent { act=com.qualcomm.services.location.LocationAlarmService pkg=com.qualcomm.services.location } U=0: not found

E/ConnectivityService(  741): Failed to find Messenger in unregisterNetworkFactory

D/ConnectivityService(  741): Got NetworkFactory Messenger for Telephony

I/ActivityManager(  741): Start proc 3389:com.qualcomm.telephony/1000 for broadcast com.qualcomm.simcontacts/.SimStateReceiver

W/ContextImpl( 3389): Calling a method in the system process without a qualified user: android.app.ContextImpl.startService:1699 android.content.ContextWrapper.startService:516 android.content.ContextWrapper.startService:516 com.qualcomm.simcontacts.SimStateReceiver.sendSimState:78 com.qualcomm.simcontacts.SimStateReceiver.onReceive:54 

D/WifiService(  741): New client listening to asynchronous messages

V/WiredAccessoryManager(  741): notifyWiredAccessoryChanged: when=24226714000 bits= mask=40

V/WiredAccessoryManager(  741): newName=h2w newState=32 headsetState=32 prev headsetState=0

V/WiredAccessoryManager(  741): device h2w connected

V/Telecom (  741): WiredHeadsetManager: ACTION_HEADSET_PLUG event, plugged in: true

V/Telecom (  741): WiredHeadsetManager: mPreState = 0 ,mState = 1 ,mPreMic = 0 ,mMic = 0

V/Telecom (  741): WiredHeadsetManager: onHeadsetPluggedInChanged, mIsPluggedIn: false -> true

V/Telecom (  741): TtyManager: onWiredHeadsetPluggedInChanged

V/Telecom (  741): TtyManager: isTtySupported: true

V/Telecom (  741): TtyManager: updateCurrentTtyMode, 0 -> 0

V/Telecom (  741): TtyManager: showHeadSetPlugin()...

D/WifiService(  741): New client listening to asynchronous messages

D/StatusBar.NetworkController( 2668): chet  mServiceState =1 1 home null null null  Unknown Unknown CSS not supported 0 0 RoamInd=0 DefRoamInd=0 EmergOnly=false

W/ActivityManager(  741): getRunningAppProcesses: caller 10038 does not hold REAL_GET_TASKS; limiting output

I/ActivityManager(  741): Start proc 3486:com.qualcomm.qcrilmsgtunnel/1001 for service com.qualcomm.qcrilmsgtunnel/.QcrilMsgTunnelService

W/ActivityManager(  741): getRunningAppProcesses: caller 10038 does not hold REAL_GET_TASKS; limiting output

W/ContextImpl( 3389): Calling a method in the system process without a qualified user: android.app.ContextImpl.startService:1699 android.content.ContextWrapper.startService:516 android.content.ContextWrapper.startService:516 com.qualcomm.simcontacts.SimStateReceiver.sendSimState:78 com.qualcomm.simcontacts.SimStateReceiver.onReceive:54 

D/WifiService(  741): New client listening to asynchronous messages

D/MccTable( 3083): updateMccMncConfiguration mccmnc='46004' fromServiceState=false

D/MccTable( 3083): updateMccMncConfiguration defaultMccMnc=

D/MccTable( 3083): updateMccMncConfiguration: mcc=460, mnc=4

D/MccTable( 3083): defaultLanguageForMcc(460): country cn uses zh

D/MccTable( 3083): getLocaleFromMcc to zh_cn mcc=460

D/MccTable( 3083): getLocaleForLanguageCountry: not permitted to update locale

D/MccTable( 3083): updateMccMncConfiguration updateConfig config={1.0 460mcc4mnc ?locale ?layoutDir ?swdp ?wdp ?hdp ?density ?lsize ?long ?orien ?uimode ?night ?touch ?keyb/?/? ?nav/?}

I/ActivityManager(  741): Config changes=3 {1.0 460mcc4mnc zh_CN ?layoutDir sw199dp w199dp h224dp 141dpi smll port -touch -keyb/v/h -nav/h s.5}

W/ContextImpl( 3389): Calling a method in the system process without a qualified user: android.app.ContextImpl.startService:1699 android.content.ContextWrapper.startService:516 android.content.ContextWrapper.startService:516 com.qualcomm.simcontacts.SimStateReceiver.sendSimState:78 com.qualcomm.simcontacts.SimStateReceiver.onReceive:54 

W/ContextImpl( 3389): Calling a method in the system process without a qualified user: android.app.ContextImpl.startService:1699 android.content.ContextWrapper.startService:516 android.content.ContextWrapper.startService:516 com.qualcomm.simcontacts.SimStateReceiver.sendSimState:78 com.qualcomm.simcontacts.SimStateReceiver.onReceive:54 

W/ContextImpl( 3389): Calling a method in the system process without a qualified user: android.app.ContextImpl.startService:1699 android.content.ContextWrapper.startService:516 android.content.ContextWrapper.startService:516 com.qualcomm.simcontacts.SimStateReceiver.sendSimState:78 com.qualcomm.simcontacts.SimStateReceiver.onReceive:54 

D/MccTable( 3083): updateMccMncConfiguration mccmnc='' fromServiceState=false

I/ActivityManager(  741): START u0 {cmp=cn.qssmart.gchat/.SplashActivity} from uid 10038 on display 0

V/WindowManager(  741): addAppToken: AppWindowToken{2b323435 token=Token{1d7fe66c ActivityRecord{347eb31f u0 cn.qssmart.gchat/.SplashActivity t13}}} to stack=0 task=13 at 1

--------- beginning of main

D/MyApp   ( 3148): onActivityCreated                                    ----在这个类-----☞  (MyApp.java:101)

E/xx      ( 3148): LanguageActivity attachBaseContext1                  ----在这个类-----☞  (MyApplication.java:41)

E/xx      ( 3148): LanguageActivity attachBaseContext1                  ----在这个类-----☞  (SplashNullActivity.java:82)

D/CallNotifier( 3083): onReceive... 

E/xx      ( 3148): 设备用这个包的东西 drawable-141...                            ----在这个类-----☞  (DisplayUtil.java:109)

V/XDivert ( 3083): Action intent recieved:Intent { act=android.intent.action.ACTION_SUBINFO_RECORD_UPDATED flg=0x10 cmp=com.qti.xdivert/.XDivert }

I/main    ( 3148): 屏幕 宽： 176 高： 220 density: 0.88125 densityDPI: 141.0   ----在这个类-----☞  (SplashNullActivity.java:45)

D/GpsLocationProvider(  741): received SIM realted action: 

E/isVVk   ( 3148): Build.BOARD msm8909                                  ----在这个类-----☞  (BaseActivity.java:172)

I/Timeline( 3148): Timeline: Activity_launch_request id:cn.qssmart.gchat time:26132

I/ActivityManager(  741): START u0 {cmp=cn.qssmart.gchat/.SplashActivity} from uid 10038 on display 0

W/ActivityManager(  741): startActivity called from finishing ActivityRecord{15fd52bf u0 cn.qssmart.gchat/.SplashNullActivity t13 f}; forcing Intent.FLAG_ACTIVITY_NEW_TASK for: Intent { cmp=cn.qssmart.gchat/.SplashActivity }

E/QC-QMI  (  425): qmi_qmux_open_connection: connection is disabled for conn_id=29

E/QC-QMI  (  425): qmi_qmux_tx_msg: failed to open inactive connd_id=29

E/QC-QMI  (  425): qmi_qmux: TX failed, connection inactive or in reset, conn_id=29, status_flags=4

E/QC-QMI  (  425): qmi_ctl_tx_msg: qmi_qmux_tx_msg failed

E/QC-QMI  (  425): qmi_ctl_handle_request: qmi_ctl_tx_msg call failed

D/GpsLocationProvider(  741): SIM MCC/MNC is still not available

E/QC-QMI  (  425): qmi_qmux_open_connection: connection is disabled for conn_id=29

E/QC-QMI  (  425): qmi_qmux_tx_msg: failed to open inactive connd_id=29

E/QC-QMI  (  425): qmi_qmux: TX failed, connection inactive or in reset, conn_id=29, status_flags=4

E/QC-QMI  (  425): qmi_ctl_tx_msg: qmi_qmux_tx_msg failed

E/QC-QMI  (  425): qmi_ctl_handle_request: qmi_ctl_tx_msg call failed

E/QC-QMI  (  425): qmi_qmux_open_connection: connection is disabled for conn_id=48

E/QC-QMI  (  425): qmi_qmux_tx_msg: failed to open inactive connd_id=48

E/QC-QMI  (  425): qmi_qmux: TX failed, connection inactive or in reset, conn_id=48, status_flags=4

E/QC-QMI  (  425): qmi_ctl_tx_msg: qmi_qmux_tx_msg failed

E/QC-QMI  (  425): qmi_ctl_handle_request: qmi_ctl_tx_msg call failed

E/QC-QMI  (  425): qmi_qmux_open_connection: connection is disabled for conn_id=48

E/QC-QMI  (  425): qmi_qmux_tx_msg: failed to open inactive connd_id=48

E/QC-QMI  (  425): qmi_qmux: TX failed, connection inactive or in reset, conn_id=48, status_flags=4

E/QC-QMI  (  425): qmi_ctl_tx_msg: qmi_qmux_tx_msg failed

E/QC-QMI  (  425): qmi_ctl_handle_request: qmi_ctl_tx_msg call failed

E/QC-QMI  (  425): qmi_qmux_open_connection: connection is disabled for conn_id=57

E/QC-QMI  (  425): qmi_qmux_tx_msg: failed to open inactive connd_id=57

E/QC-QMI  (  425): qmi_qmux: TX failed, connection inactive or in reset, conn_id=57, status_flags=4

E/QC-QMI  (  425): qmi_ctl_tx_msg: qmi_qmux_tx_msg failed

E/QC-QMI  (  425): qmi_ctl_handle_request: qmi_ctl_tx_msg call failed

V/WindowManager(  741): addAppToken: AppWindowToken{28b86f22 token=Token{6d1b4ed ActivityRecord{38e9704 u0 cn.qssmart.gchat/.SplashActivity t13}}} to stack=0 task=13 at 2

E/QC-QMI  (  425): qmi_qmux_open_connection: connection is disabled for conn_id=57

E/QC-QMI  (  425): qmi_qmux_tx_msg: failed to open inactive connd_id=57

E/QC-QMI  (  425): qmi_qmux: TX failed, connection inactive or in reset, conn_id=57, status_flags=4

E/QC-QMI  (  425): qmi_ctl_tx_msg: qmi_qmux_tx_msg failed

E/QC-QMI  (  425): qmi_ctl_handle_request: qmi_ctl_tx_msg call failed

E/isLead  ( 3148): intent.hasExtra().......bu   存在...........           ----在这个类-----☞  (BaseActivity.java:382)

D/StatusBar.NetworkController( 2668): refreshViews: Data not connected!! Set no data type icon / Roaming

W/ActivityManager(  741): Duplicate finish request for ActivityRecord{15fd52bf u0 cn.qssmart.gchat/.SplashNullActivity t13 f}

D/TTSUtil ( 3148): InitListener init() code = 0

E/QC-QMI  (  425): qmi_qmux_open_connection: connection is disabled for conn_id=29

E/QC-QMI  (  425): qmi_qmux_tx_msg: failed to open inactive connd_id=29

E/QC-QMI  (  425): qmi_qmux: TX failed, connection inactive or in reset, conn_id=29, status_flags=4

E/QC-QMI  (  425): qmi_ctl_tx_msg: qmi_qmux_tx_msg failed

E/QC-QMI  (  425): qmi_ctl_handle_request: qmi_ctl_tx_msg call failed

E/QC-QMI  (  425): qmi_qmux_open_connection: connection is disabled for conn_id=29

E/QC-QMI  (  425): qmi_qmux_tx_msg: failed to open inactive connd_id=29

E/QC-QMI  (  425): qmi_qmux: TX failed, connection inactive or in reset, conn_id=29, status_flags=4

E/QC-QMI  (  425): qmi_ctl_tx_msg: qmi_qmux_tx_msg failed

E/QC-QMI  (  425): qmi_ctl_handle_request: qmi_ctl_tx_msg call failed

E/QC-QMI  (  425): qmi_qmux_open_connection: connection is disabled for conn_id=48

E/QC-QMI  (  425): qmi_qmux_tx_msg: failed to open inactive connd_id=48

E/QC-QMI  (  425): qmi_qmux: TX failed, connection inactive or in reset, conn_id=48, status_flags=4

E/QC-QMI  (  425): qmi_ctl_tx_msg: qmi_qmux_tx_msg failed

E/QC-QMI  (  425): qmi_ctl_handle_request: qmi_ctl_tx_msg call failed

D/StatusBar.NetworkController( 2668): refreshViews: Data not connected!! Set no data type icon / Roaming

D/PhoneStatusBarPolicy( 2668): updateSimState for subId :1

E/QC-QMI  (  425): qmi_qmux_open_connection: connection is disabled for conn_id=48

E/QC-QMI  (  425): qmi_qmux_tx_msg: failed to open inactive connd_id=48

E/QC-QMI  (  425): qmi_qmux: TX failed, connection inactive or in reset, conn_id=48, status_flags=4

E/QC-QMI  (  425): qmi_ctl_tx_msg: qmi_qmux_tx_msg failed

E/QC-QMI  (  425): qmi_ctl_handle_request: qmi_ctl_tx_msg call failed

E/QC-QMI  (  425): qmi_qmux_open_connection: connection is disabled for conn_id=57

E/QC-QMI  (  425): qmi_qmux_tx_msg: failed to open inactive connd_id=57

E/QC-QMI  (  425): qmi_qmux: TX failed, connection inactive or in reset, conn_id=57, status_flags=4

D/PhoneStatusBarPolicy( 2668): updateSimState for phoneId :0

E/QC-QMI  (  425): qmi_ctl_tx_msg: qmi_qmux_tx_msg failed

E/QC-QMI  (  425): qmi_ctl_handle_request: qmi_ctl_tx_msg call failed

E/QC-QMI  (  425): qmi_qmux_open_connection: connection is disabled for conn_id=57

E/QC-QMI  (  425): qmi_qmux_tx_msg: failed to open inactive connd_id=57

E/QC-QMI  (  425): qmi_qmux: TX failed, connection inactive or in reset, conn_id=57, status_flags=4

E/QC-QMI  (  425): qmi_ctl_tx_msg: qmi_qmux_tx_msg failed

E/QC-QMI  (  425): qmi_ctl_handle_request: qmi_ctl_tx_msg call failed

D/PhoneStatusBarPolicy( 2668): updateSimState for Slot :0

D/StatusBar.NetworkController( 2668): refreshViews: Data not connected!! Set no data type icon / Roaming

E/QC-QMI  (  425): qmi_qmux_open_connection: connection is disabled for conn_id=29

E/QC-QMI  (  425): qmi_qmux_tx_msg: failed to open inactive connd_id=29

E/QC-QMI  (  425): qmi_qmux: TX failed, connection inactive or in reset, conn_id=29, status_flags=4

E/QC-QMI  (  425): qmi_ctl_tx_msg: qmi_qmux_tx_msg failed

E/QC-QMI  (  425): qmi_ctl_handle_request: qmi_ctl_tx_msg call failed

E/Parcel  (  367): Reading a NULL string not supported here.

E/Parcel  (  367): Reading a NULL string not supported here.

E/Parcel  (  367): Reading a NULL string not supported here.

E/Parcel  (  367): Reading a NULL string not supported here.

D/StatusBar.NetworkController( 2668): refreshViews: Data not connected!! Set no data type icon / Roaming

D/StatusBar.NetworkController( 2668): refreshViews: Data not connected!! Set no data type icon / Roaming

E/QC-QMI  (  425): qmi_qmux_open_connection: connection is disabled for conn_id=29

E/QC-QMI  (  425): qmi_qmux_tx_msg: failed to open inactive connd_id=29

E/QC-QMI  (  425): qmi_qmux: TX failed, connection inactive or in reset, conn_id=29, status_flags=4

E/QC-QMI  (  425): qmi_ctl_tx_msg: qmi_qmux_tx_msg failed

E/QC-QMI  (  425): qmi_ctl_handle_request: qmi_ctl_tx_msg call failed

D/StatusBar.NetworkController( 2668): refreshViews: Data not connected!! Set no data type icon / Roaming

E/QC-QMI  (  425): qmi_qmux_open_connection: connection is disabled for conn_id=48

E/QC-QMI  (  425): qmi_qmux_tx_msg: failed to open inactive connd_id=48

E/QC-QMI  (  425): qmi_qmux: TX failed, connection inactive or in reset, conn_id=48, status_flags=4

E/QC-QMI  (  425): qmi_ctl_tx_msg: qmi_qmux_tx_msg failed

E/QC-QMI  (  425): qmi_ctl_handle_request: qmi_ctl_tx_msg call failed

D/StatusBar.NetworkController( 2668): refreshViews: Data not connected!! Set no data type icon / Roaming

E/QC-QMI  (  425): qmi_qmux_open_connection: connection is disabled for conn_id=48

E/QC-QMI  (  425): qmi_qmux_tx_msg: failed to open inactive connd_id=48

E/QC-QMI  (  425): qmi_qmux: TX failed, connection inactive or in reset, conn_id=48, status_flags=4

E/QC-QMI  (  425): qmi_ctl_tx_msg: qmi_qmux_tx_msg failed

E/QC-QMI  (  425): qmi_ctl_handle_request: qmi_ctl_tx_msg call failed

E/QC-QMI  (  425): qmi_qmux_open_connection: connection is disabled for conn_id=57

E/QC-QMI  (  425): qmi_qmux_tx_msg: failed to open inactive connd_id=57

E/QC-QMI  (  425): qmi_qmux: TX failed, connection inactive or in reset, conn_id=57, status_flags=4

E/QC-QMI  (  425): qmi_ctl_tx_msg: qmi_qmux_tx_msg failed

E/QC-QMI  (  425): qmi_ctl_handle_request: qmi_ctl_tx_msg call failed

E/QC-QMI  (  425): qmi_qmux_open_connection: connection is disabled for conn_id=57

E/QC-QMI  (  425): qmi_qmux_tx_msg: failed to open inactive connd_id=57

E/QC-QMI  (  425): qmi_qmux: TX failed, connection inactive or in reset, conn_id=57, status_flags=4

E/QC-QMI  (  425): qmi_ctl_tx_msg: qmi_qmux_tx_msg failed

E/QC-QMI  (  425): qmi_ctl_handle_request: qmi_ctl_tx_msg call failed

E/isVVk   ( 3148): Build.BOARD msm8909                                  ----在这个类-----☞  (BaseActivity.java:172)

D/MyApp   ( 3148): onActivityCreated                                    ----在这个类-----☞  (MyApp.java:101)

E/xx      ( 3148): LanguageActivity attachBaseContext1                  ----在这个类-----☞  (MyApplication.java:41)

E/Parcel  (  367): Reading a NULL string not supported here.

E/Parcel  (  367): Reading a NULL string not supported here.

E/Parcel  (  367): Reading a NULL string not supported here.

E/Parcel  (  367): Reading a NULL string not supported here.

D/MyApp   ( 3148): onActivityStarted                                    ----在这个类-----☞  (MyApp.java:106)

D/MyApp   ( 3148): onActivityResumed                                    ----在这个类-----☞  (MyApp.java:112)

D/PhoneApp( 3083): mReceiver: ACTION_ANY_DATA_CONNECTION_STATE_CHANGED

D/PhoneApp( 3083): - state: DISCONNECTED

D/PhoneApp( 3083): - reason: dataDetached

D/PhoneApp( 3083): mReceiver: ACTION_ANY_DATA_CONNECTION_STATE_CHANGED

I/ViewRootImpl( 3148): CPU Rendering VSync enable = false

D/PhoneApp( 3083): - state: DISCONNECTED

D/PhoneApp( 3083): - reason: dataDetached

D/PhoneApp( 3083): mReceiver: ACTION_ANY_DATA_CONNECTION_STATE_CHANGED

D/PhoneApp( 3083): - state: DISCONNECTED

D/PhoneApp( 3083): - reason: dataDetached

D/PhoneApp( 3083): mReceiver: ACTION_ANY_DATA_CONNECTION_STATE_CHANGED

D/PhoneApp( 3083): - state: DISCONNECTED

D/PhoneApp( 3083): - reason: dataDetached

D/PhoneApp( 3083): mReceiver: ACTION_ANY_DATA_CONNECTION_STATE_CHANGED

D/PhoneApp( 3083): - state: DISCONNECTED

D/PhoneApp( 3083): - reason: dataDetached

D/PhoneApp( 3083): mReceiver: ACTION_ANY_DATA_CONNECTION_STATE_CHANGED

D/PhoneApp( 3083): - state: DISCONNECTED

D/PhoneApp( 3083): - reason: dataDetached

D/PhoneApp( 3083): mReceiver: ACTION_ANY_DATA_CONNECTION_STATE_CHANGED

D/PhoneApp( 3083): - state: DISCONNECTED

D/PhoneApp( 3083): - reason: dataDetached

D/PhoneApp( 3083): mReceiver: ACTION_ANY_DATA_CONNECTION_STATE_CHANGED

D/PhoneApp( 3083): - state: DISCONNECTED

D/PhoneApp( 3083): - reason: dataDetached

D/PhoneApp( 3083): mReceiver: ACTION_ANY_DATA_CONNECTION_STATE_CHANGED

D/PhoneApp( 3083): - state: DISCONNECTED

D/PhoneApp( 3083): - reason: roamingOff

D/OpenGLRenderer( 3148): Use EGL_SWAP_BEHAVIOR_PRESERVED: true

D/PhoneApp( 3083): mReceiver: ACTION_ANY_DATA_CONNECTION_STATE_CHANGED

D/PhoneApp( 3083): - state: DISCONNECTED

D/PhoneApp( 3083): - reason: roamingOff

D/PhoneApp( 3083): mReceiver: ACTION_ANY_DATA_CONNECTION_STATE_CHANGED

D/PhoneApp( 3083): - state: DISCONNECTED

D/PhoneApp( 3083): - reason: roamingOff

D/PhoneApp( 3083): mReceiver: ACTION_ANY_DATA_CONNECTION_STATE_CHANGED

D/PhoneApp( 3083): - state: DISCONNECTED

D/PhoneApp( 3083): - reason: roamingOff

D/PhoneApp( 3083): mReceiver: ACTION_ANY_DATA_CONNECTION_STATE_CHANGED

D/PhoneApp( 3083): - state: DISCONNECTED

D/PhoneApp( 3083): - reason: roamingOff

D/PhoneApp( 3083): mReceiver: ACTION_ANY_DATA_CONNECTION_STATE_CHANGED

D/PhoneApp( 3083): - state: DISCONNECTED

D/PhoneApp( 3083): - reason: roamingOff

D/PhoneApp( 3083): mReceiver: ACTION_ANY_DATA_CONNECTION_STATE_CHANGED

D/PhoneApp( 3083): - state: DISCONNECTED

D/PhoneApp( 3083): - reason: roamingOff

D/PhoneApp( 3083): mReceiver: ACTION_ANY_DATA_CONNECTION_STATE_CHANGED

D/PhoneApp( 3083): - state: DISCONNECTED

D/PhoneApp( 3083): - reason: roamingOff

D/Atlas   ( 3148): Validating map...

V/WindowManager(  741): Based on layer: Adding window Window{925b6e u0 cn.qssmart.gchat/cn.qssmart.gchat.SplashActivity} at 1 of 5

D/MyApp   ( 3148): onActivityDestroyed 1                                ----在这个类-----☞  (MyApp.java:133)

D/audio_hw_primary(  251): out_standby: enter: stream (0xb878c420) usecase(0: deep-buffer-playback)

I/ServiceManager(  281): Waiting for service AtCmdFwd...

D/Telephony( 3083): PstnPhoneCapabilitiesNotifier: handleVideoCapabilitesChanged. Video capability - false

I/Adreno-EGL( 3148): <qeglDrvAPI_eglInitialize:379>: EGL 1.4 QUALCOMM build: AU_LINUX_ANDROID_LA.BR.1.2.3_RB1.05.01.00.036.053_msm8909_LA.BR.1.2.3_RB1__release_AU (Iac7c2e2837)

I/Adreno-EGL( 3148): OpenGL ES Shader Compiler Version: E031.25.03.04

I/Adreno-EGL( 3148): Build Date: 07/29/15 Wed

I/Adreno-EGL( 3148): Local Branch: mybranch12468347

I/Adreno-EGL( 3148): Remote Branch: quic/LA.BR.1.2.3_rb1.69

I/Adreno-EGL( 3148): Local Patches: NONE

I/Adreno-EGL( 3148): Reconstruct Branch: AU_LINUX_ANDROID_LA.BR.1.2.3_RB1.05.01.00.036.053 + 7c4888a + 22ca218 + 855d166 + 95575a0 + 4193eef + 64d916f + 88f4cbe + c272012 + 046ce63 + 9b2bddc +  NOTHING

I/OpenGLRenderer( 3148): Initialized EGL, version 1.4

D/PhoneApp( 3083): mReceiver: ACTION_ANY_DATA_CONNECTION_STATE_CHANGED

D/PhoneApp( 3083): - state: DISCONNECTED

D/PhoneApp( 3083): - reason: dataDetached

D/PhoneApp( 3083): mReceiver: ACTION_ANY_DATA_CONNECTION_STATE_CHANGED

D/PhoneApp( 3083): - state: DISCONNECTED

D/PhoneApp( 3083): - reason: dataDetached

D/PhoneApp( 3083): mReceiver: ACTION_ANY_DATA_CONNECTION_STATE_CHANGED

D/PhoneApp( 3083): - state: DISCONNECTED

D/PhoneApp( 3083): - reason: dataDetached

D/PhoneApp( 3083): mReceiver: ACTION_ANY_DATA_CONNECTION_STATE_CHANGED

D/PhoneApp( 3083): - state: DISCONNECTED

D/PhoneApp( 3083): - reason: dataDetached

D/PhoneApp( 3083): mReceiver: ACTION_ANY_DATA_CONNECTION_STATE_CHANGED

D/PhoneApp( 3083): - state: DISCONNECTED

D/PhoneApp( 3083): - reason: dataDetached

E/USB_UICC(  261): Timeout! No signal received. Retry num = 18

D/PhoneApp( 3083): mReceiver: ACTION_ANY_DATA_CONNECTION_STATE_CHANGED

D/PhoneApp( 3083): - state: DISCONNECTED

D/PhoneApp( 3083): - reason: dataDetached

D/PhoneApp( 3083): mReceiver: ACTION_ANY_DATA_CONNECTION_STATE_CHANGED

D/PhoneApp( 3083): - state: DISCONNECTED

D/PhoneApp( 3083): - reason: dataDetached

D/OpenGLRenderer( 3148): Enabling debug mode 0

D/PhoneApp( 3083): mReceiver: ACTION_ANY_DATA_CONNECTION_STATE_CHANGED

D/PhoneApp( 3083): - state: DISCONNECTED

D/PhoneApp( 3083): - reason: dataDetached

D/PhoneApp( 3083): mReceiver: ACTION_ANY_DATA_CONNECTION_STATE_CHANGED

D/PhoneApp( 3083): - state: DISCONNECTED

D/PhoneApp( 3083): - reason: roamingOff

D/PhoneApp( 3083): mReceiver: ACTION_ANY_DATA_CONNECTION_STATE_CHANGED

D/PhoneApp( 3083): - state: DISCONNECTED

D/PhoneApp( 3083): - reason: roamingOff

D/PhoneApp( 3083): mReceiver: ACTION_ANY_DATA_CONNECTION_STATE_CHANGED

D/PhoneApp( 3083): - state: DISCONNECTED

D/PhoneApp( 3083): - reason: roamingOff

D/PhoneApp( 3083): mReceiver: ACTION_ANY_DATA_CONNECTION_STATE_CHANGED

D/PhoneApp( 3083): - state: DISCONNECTED

D/PhoneApp( 3083): - reason: roamingOff

D/PhoneApp( 3083): mReceiver: ACTION_ANY_DATA_CONNECTION_STATE_CHANGED

D/PhoneApp( 3083): - state: DISCONNECTED

D/PhoneApp( 3083): - reason: roamingOff

D/PhoneApp( 3083): mReceiver: ACTION_ANY_DATA_CONNECTION_STATE_CHANGED

D/PhoneApp( 3083): - state: DISCONNECTED

D/PhoneApp( 3083): - reason: roamingOff

D/PhoneApp( 3083): mReceiver: ACTION_ANY_DATA_CONNECTION_STATE_CHANGED

D/PhoneApp( 3083): - state: DISCONNECTED

D/PhoneApp( 3083): - reason: roamingOff

D/PhoneApp( 3083): mReceiver: ACTION_ANY_DATA_CONNECTION_STATE_CHANGED

D/PhoneApp( 3083): - state: DISCONNECTED

D/PhoneApp( 3083): - reason: roamingOff

D/CardStateMonitor( 3083): on EVENT_ICCID_LOAD_DONE

D/CardStateMonitor( 3083): get iccid on card0, id=898602b7161700251644

D/StatusBar.NetworkController( 2668): refreshViews: Data not connected!! Set no data type icon / Roaming

E/Parcel  (  367): Reading a NULL string not supported here.

E/Parcel  (  367): Reading a NULL string not supported here.

E/Parcel  (  367): Reading a NULL string not supported here.

E/Parcel  (  367): Reading a NULL string not supported here.

I/SurfaceFlinger(  228): FPS: 22

I/Timeline( 3148): Timeline: Activity_idle id: android.os.BinderProxy@8ee308d time:26435

I/ActivityManager(  741): Displayed cn.qssmart.gchat/.SplashActivity: +287ms (total +3s891ms)

I/Timeline(  741): Timeline: Activity_windows_visible id: ActivityRecord{38e9704 u0 cn.qssmart.gchat/.SplashActivity t13} time:26439

I/SystemServiceManager(  741): Starting phase 1000

E/Parcel  (  367): Reading a NULL string not supported here.

E/Parcel  (  367): Reading a NULL string not supported here.

E/Parcel  (  367): Reading a NULL string not supported here.

E/Parcel  (  367): Reading a NULL string not supported here.

V/KeyguardServiceDelegate(  741): *** Keyguard started

W/KeyguardServiceDelegate(  741): onScreenTurnedOn(): no keyguard service!

V/KeyguardServiceDelegate(  741): *** Keyguard connected (yay!)

W/Settings( 2668): Setting airplane_mode_on has moved from android.provider.Settings.System to android.provider.Settings.Global, returning read-only value.

E/MyApp   ( 3148): onUserPresent                                        ----在这个类-----☞  (MyApp.java:93)

D/CallNotifier( 3083): onMwiChanged(): false phoneId = 0

D/CallNotifier( 3083): onCfiChanged(): false

D/SimDetector( 3083): on EVENT MSG_ALL_CARDS_AVAILABLE

D/SimDetector( 3083): sub0 icc id=898602b7161700251644, icc id in sp=898602b7161700251644

D/SimDetector( 3083): card state on sub0 not absent

D/SimDetector( 3083): primary sub feature was disabled? false

D/PhoneApp( 3083): mReceiver: ACTION_ANY_DATA_CONNECTION_STATE_CHANGED

D/PhoneApp( 3083): - state: DISCONNECTED

D/PhoneApp( 3083): - reason: dataDetached

D/PhoneApp( 3083): mReceiver: ACTION_ANY_DATA_CONNECTION_STATE_CHANGED

D/PhoneApp( 3083): - state: DISCONNECTED

D/PhoneApp( 3083): - reason: dataDetached

D/PhoneApp( 3083): mReceiver: ACTION_ANY_DATA_CONNECTION_STATE_CHANGED

D/PhoneApp( 3083): - state: DISCONNECTED

D/PhoneApp( 3083): - reason: dataDetached

D/PhoneApp( 3083): mReceiver: ACTION_ANY_DATA_CONNECTION_STATE_CHANGED

D/PhoneApp( 3083): - state: DISCONNECTED

D/PhoneApp( 3083): - reason: dataDetached

D/PhoneApp( 3083): mReceiver: ACTION_ANY_DATA_CONNECTION_STATE_CHANGED

D/PhoneApp( 3083): - state: DISCONNECTED

D/PhoneApp( 3083): - reason: dataDetached

D/PhoneApp( 3083): mReceiver: ACTION_ANY_DATA_CONNECTION_STATE_CHANGED

D/PhoneApp( 3083): - state: DISCONNECTED

D/PhoneApp( 3083): - reason: dataDetached

D/PhoneApp( 3083): mReceiver: ACTION_ANY_DATA_CONNECTION_STATE_CHANGED

D/PhoneApp( 3083): - state: DISCONNECTED

D/PhoneApp( 3083): - reason: dataDetached

D/PhoneApp( 3083): mReceiver: ACTION_ANY_DATA_CONNECTION_STATE_CHANGED

D/PhoneApp( 3083): - state: DISCONNECTED

D/PhoneApp( 3083): - reason: dataDetached

D/PhoneApp( 3083): mReceiver: ACTION_ANY_DATA_CONNECTION_STATE_CHANGED

D/PhoneApp( 3083): - state: DISCONNECTED

D/PhoneApp( 3083): - reason: roamingOff

D/PhoneApp( 3083): mReceiver: ACTION_ANY_DATA_CONNECTION_STATE_CHANGED

D/PhoneApp( 3083): - state: DISCONNECTED

D/PhoneApp( 3083): - reason: roamingOff

V/KeyguardServiceDelegate(  741): **** SHOWN CALLED ****

D/PhoneApp( 3083): mReceiver: ACTION_ANY_DATA_CONNECTION_STATE_CHANGED

D/PhoneApp( 3083): - state: DISCONNECTED

D/PhoneApp( 3083): - reason: roamingOff

D/PhoneApp( 3083): mReceiver: ACTION_ANY_DATA_CONNECTION_STATE_CHANGED

D/PhoneApp( 3083): - state: DISCONNECTED

D/PhoneApp( 3083): - reason: roamingOff

D/PhoneApp( 3083): mReceiver: ACTION_ANY_DATA_CONNECTION_STATE_CHANGED

D/PhoneApp( 3083): - state: DISCONNECTED

D/PhoneApp( 3083): - reason: roamingOff

D/PhoneApp( 3083): mReceiver: ACTION_ANY_DATA_CONNECTION_STATE_CHANGED

D/PhoneApp( 3083): - state: DISCONNECTED

D/PhoneApp( 3083): - reason: roamingOff

D/PhoneApp( 3083): mReceiver: ACTION_ANY_DATA_CONNECTION_STATE_CHANGED

D/PhoneApp( 3083): - state: DISCONNECTED

D/PhoneApp( 3083): - reason: roamingOff

D/PhoneApp( 3083): mReceiver: ACTION_ANY_DATA_CONNECTION_STATE_CHANGED

D/PhoneApp( 3083): - state: DISCONNECTED

D/PhoneApp( 3083): - reason: roamingOff

D/soundtrigger(  251): audio_extn_sound_trigger_update_stream_status: uc_id 0 of type 0 for Event 2, with Raise=1

V/sound_trigger_hw(  251): handle_audio_concurrency: Enter, event type = 2

D/sound_trigger_platform(  251): platform_stdev_check_and_update_concurrency: concurrency active 0, tx 0, rx 0, concurrency session_allowed 1

D/hardware_info(  251): hw_info_append_hw_type : device_name = speaker

I/soundtrigger(  251): audio_extn_sound_trigger_update_device_status: device 0x2 of type 0 for Event 0, with Raise=0

E/QC-time-services(  288): Daemon:tod_update_ind_cb: Got Update from modem msg_id 39

D/QC-time-services(  249): Lib:time_genoff_operation: pargs->base = 12

D/QC-time-services(  249): Lib:time_genoff_operation: pargs->operation = 0

D/QC-time-services(  249): Lib:time_genoff_operation: pargs->ts_val = 1546567220000

D/QC-time-services(  288): Daemon: Connection accepted:time_genoff

D/QC-time-services(  249): Lib:time_genoff_operation: Send to server  passed!!

I/Telephony( 3083): PstnIncomingCallNotifier: Unregistering: Handler (com.android.internal.telephony.gsm.GSMPhone) {30c77487}

D/Telephony( 3083): PstnPhoneCapabilitiesNotifier: Unregistering: Handler (com.android.internal.telephony.gsm.GSMPhone) {30c77487}

D/QC-time-services(  288): Daemon:Received base = 12, unit = 1, operation = 0,value = 1546567220000

D/QC-time-services(  288): Daemon:genoff_opr: Base = 12, val = 1546567220000, operation = 0

D/QC-time-services(  288): Daemon:rtc_get: Time read from RTC -- MM/DD/YY HH:MM:SS0/1/70 16:9:28

D/QC-time-services(  288): Daemon:Value read from RTC seconds = 58168000

D/QC-time-services(  288): Daemon:new time 1546567220000 

D/QC-time-services(  288): Daemon: delta 1546509052000 genoff 1546509052000 

D/QC-time-services(  288): Daemon:genoff_persistent_update: Writing genoff = 1546509052000 to memory

D/QC-time-services(  288): Daemon:Opening File: /data/time/ats_12

D/QC-time-services(  288): Daemon:time_persistent_memory_opr:Genoff write operation 

D/Telephony( 3083): TelecomAccountRegistry: Found 1 phones.  Attempting to register.

D/Telephony( 3083): TelecomAccountRegistry: Phone with subscription id 1

E/QC-time-services(  249): Receive Passed == base = 12, unit = 1, operation = 0, result = 0

D/QC-time-services(  249): Lib:time_genoff_operation: pargs->base = 13

D/QC-time-services(  249): Lib:time_genoff_operation: pargs->operation = 0

D/QC-time-services(  249): Lib:time_genoff_operation: pargs->ts_val = 1546567220000

D/QC-time-services(  249): Lib:time_genoff_operation: Send to server  passed!!

E/QC-time-services(  288): Daemon: Time-services: Waiting to acceptconnection

D/QC-time-services(  288): Daemon: Connection accepted:time_genoff

D/QC-time-services(  288): Daemon:Received base = 13, unit = 1, operation = 0,value = 1546567220000

D/QC-time-services(  288): Daemon:genoff_opr: Base = 13, val = 1546567220000, operation = 0

D/QC-time-services(  288): Daemon:rtc_get: Time read from RTC -- MM/DD/YY HH:MM:SS0/1/70 16:9:28

D/QC-time-services(  288): Daemon:Value read from RTC seconds = 58168000

D/QC-time-services(  288): Daemon:new time 1546567220000 

D/QC-time-services(  288): Daemon: delta 1546509052000 genoff 1546509052000 

D/QC-time-services(  288): Daemon:genoff_persistent_update: Writing genoff = 1546509052000 to memory

D/QC-time-services(  288): Daemon:Opening File: /data/time/ats_13

D/QC-time-services(  288): Daemon:time_persistent_memory_opr:Genoff write operation 

D/Telephony( 3083): AccountEntry: Registered phoneAccount: [PhoneAccount: ComponentInfo{com.android.phone/com.android.services.telephony.TelephonyConnectionService}, [356a192b7913b04c54574d18c28d46e6395428ab], UserHandle{0} Capabilities: 54 Schemes: tel voicemail ] with handle: ComponentInfo{com.android.phone/com.android.services.telephony.TelephonyConnectionService}, [356a192b7913b04c54574d18c28d46e6395428ab], UserHandle{0}

I/Telephony( 3083): PstnIncomingCallNotifier: Registering: Handler (com.android.internal.telephony.gsm.GSMPhone) {30c77487}

D/Telephony( 3083): PstnPhoneCapabilitiesNotifier: Registering: Handler (com.android.internal.telephony.gsm.GSMPhone) {30c77487}

D/GpsLocationProvider(  741): received SIM realted action: 

D/CallNotifier( 3083): onReceive... 

D/StatusBar.NetworkController( 2668): refreshViews: Data not connected!! Set no data type icon / Roaming

D/StatusBar.NetworkController( 2668): refreshViews: Data not connected!! Set no data type icon / Roaming

D/GpsLocationProvider(  741): SIM MCC/MNC is available: 46004

D/PhoneStatusBarPolicy( 2668): updateSimState for subId :1

D/GpsLocationProvider(  741): Reset GPS properties, previous size = 16

D/GpsLocationProvider(  741): GpsParamsResource: SUPL_HOST=supl.google.com

D/GpsLocationProvider(  741): GpsParamsResource: SUPL_PORT=7275

D/GpsLocationProvider(  741): GpsParamsResource: NTP_SERVER=north-america.pool.ntp.org

D/GpsLocationProvider(  741): GpsParamsResource: SUPL_VER=0x20000

D/GpsLocationProvider(  741): GpsParamsResource: SUPL_MODE=1

D/PhoneStatusBarPolicy( 2668): updateSimState for phoneId :0

D/PhoneStatusBarPolicy( 2668): updateSimState for Slot :0

D/StatusBar.NetworkController( 2668): refreshViews: Data not connected!! Set no data type icon / Roaming

D/GpsLocationProvider(  741): GPS properties reloaded, size = 16

D/StatusBar.NetworkController( 2668): refreshViews: Data not connected!! Set no data type icon / Roaming

D/StatusBar.NetworkController( 2668): refreshViews: Data not connected!! Set no data type icon / Roaming

D/GpsLocationProvider(  741): GPS configuration:

D/GpsLocationProvider(  741):  #Fri Jan 04 10:00:20 GMT+08:00 2019

D/GpsLocationProvider(  741): SUPL_HOST=supl.google.com

D/GpsLocationProvider(  741): SUPL_PORT=7275

D/GpsLocationProvider(  741): XTRA_VERSION_CHECK=0

D/GpsLocationProvider(  741): DEBUG_LEVEL=3

D/GpsLocationProvider(  741): SUPL_ES=1

D/GpsLocationProvider(  741): NMEA_PROVIDER=0

D/GpsLocationProvider(  741): CAPABILITIES=0x31

D/GpsLocationProvider(  741): SUPL_VER=0x10000

D/GpsLocationProvider(  741): ERR_ESTIMATE=0

D/GpsLocationProvider(  741): A_GLONASS_POS_PROTOCOL_SELECT=0

D/GpsLocationProvider(  741): INTERMEDIATE_POS=0

D/GpsLocationProvider(  741): SGLTE_TARGET=0

D/GpsLocationProvider(  741): LPP_PROFILE=3

D/GpsLocationProvider(  741): USE_EMERGENCY_PDN_FOR_EMERGENCY_SUPL=1

D/GpsLocationProvider(  741): NTP_SERVER=time.gpsonextra.net

D/GpsLocationProvider(  741): SUPL_MODE=1

D/GpsLocationProvider(  741): final config = #Fri Jan 04 10:00:20 GMT+08:00 2019

D/GpsLocationProvider(  741): SUPL_HOST=supl.google.com

D/GpsLocationProvider(  741): SUPL_PORT=7275

D/GpsLocationProvider(  741): XTRA_VERSION_CHECK=0

D/GpsLocationProvider(  741): DEBUG_LEVEL=3

D/GpsLocationProvider(  741): SUPL_ES=1

D/GpsLocationProvider(  741): NMEA_PROVIDER=0

D/GpsLocationProvider(  741): CAPABILITIES=0x31

D/GpsLocationProvider(  741): SUPL_VER=0x10000

D/GpsLocationProvider(  741): ERR_ESTIMATE=0

D/GpsLocationProvider(  741): A_GLONASS_POS_PROTOCOL_SELECT=0

D/GpsLocationProvider(  741): INTERMEDIATE_POS=0

D/GpsLocationProvider(  741): SGLTE_TARGET=0

D/GpsLocationProvider(  741): LPP_PROFILE=3

D/GpsLocationProvider(  741): USE_EMERGENCY_PDN_FOR_EMERGENCY_SUPL=1

D/GpsLocationProvider(  741): NTP_SERVER=time.gpsonextra.net

D/GpsLocationProvider(  741): SUPL_MODE=1

W/AlarmManagerService(  741): Unable to set rtc to 1546567220: Invalid argument

E/QC-QMI  (  249): qmi_wds_read_umts_common_profile_tlvs: ignoring unknown TLV type=df

D/StatusBar.NetworkController( 2668): refreshViews: Data not connected!! Set no data type icon / Roaming

E/QC-QMI  (  249): qmi_wds_read_umts_common_profile_tlvs: ignoring unknown TLV type=40

E/QC-QMI  (  249): qmi_wds_read_umts_common_profile_tlvs: ignoring unknown TLV type=3f

E/QC-QMI  (  249): qmi_wds_read_umts_common_profile_tlvs: ignoring unknown TLV type=3e

E/QC-QMI  (  249): qmi_wds_read_umts_common_profile_tlvs: ignoring unknown TLV type=3d

E/QC-time-services(  249): Receive Passed == base = 13, unit = 1, operation = 0, result = 0

E/QC-time-services(  288): Daemon: Time-services: Waiting to acceptconnection

I/QCNEJ   ( 3012): |CORE:COM:RCVR| CNE creating socket

I/main    ( 3779): type=1400 audit(0.0:18): avc: denied { getopt } for scontext=u:r:system_app:s0 tcontext=u:r:zygote:s0 tclass=netlink_selinux_socket permissive=1

I/ActivityManager(  741): Start proc 3779:com.android.timerswitch/1000 for broadcast com.android.timerswitch/.TimerSwitchInitReceiver

D/MccTable( 3083): updateMccMncConfiguration mccmnc='46000' fromServiceState=true

D/MccTable( 3083): updateMccMncConfiguration defaultMccMnc=46004

D/MccTable( 3083): updateMccMncConfiguration: mcc=460, mnc=0

D/MccTable( 3083): defaultLanguageForMcc(460): country cn uses zh

D/MccTable( 3083): getLocaleFromMcc to zh_cn mcc=460

D/MccTable( 3083): getLocaleForLanguageCountry: not permitted to update locale

D/MccTable( 3083): WIFI_COUNTRY_CODE set to cn

D/QcrilMsgTunnelSocket( 3486): readRilMessage: Buffer = [B@32104afb HexData = [010000000404000011000000514f454d484f4f4bfa0308000100000000]

D/QcrilMsgTunnelSocket( 3486): Rcvd UNSOL response with 28 bytes data for SUB0

D/QcrilMsgTunnelSocket( 3486): Response ID 525306 is not served in this process.

D/QcrilMsgTunnelSocket( 3486): To broadcast an Intent via the notifier to external apps

D/QcrilMsgTunnelIfaceManager( 3486): handleMessage what = 0

I/WifiService(  741): WifiService trying to set country code to cn with persist set to true

D/AlarmManagerService(  741): Kernel timezone updated to -480 minutes west of GMT

D/StatusBar.NetworkController( 2668): refreshViews: Data not connected!! Set no data type icon / Roaming

V/TimerSwitch( 3779): AlarmInitReceiver android.intent.action.TIME_SET

D/TimerSwitch( 3779): initReceiver:android.intent.action.TIME_SET

D/StatusBar.NetworkController( 2668): refreshViews: Data not connected!! Set no data type icon / Roaming

D/QC_RIL_OEM_HOOK( 3083): Received Broadcast Intent ACTION_UNSOL_RESPONSE_OEM_HOOK_RAW

D/QC_RIL_OEM_HOOK( 3083): Oem ID in QCRILHOOK UNSOL RESP is QOEMHOOK

V/TimerSwitch( 3779): AlarmInitReceiver finished

D/KeyguardUpdateMonitor( 2668): ACTION_SERVICE_STATE_CHANGED on sub: 1 mServiceState: 0 1 home China Mobile CMCC 46000  LTE Unknown CSS not supported -1 -1 RoamInd=-1 DefRoamInd=-1 EmergOnly=false

D/CallNotifier( 3083): onMwiChanged(): false phoneId = 0

W/linker  ( 3793): libmmcamera_imglib.so: unused DT entry: type 0x6ffffffe arg 0x21d8

W/linker  ( 3793): libmmcamera_imglib.so: unused DT entry: type 0x6fffffff arg 0x1

D/GpsLocationProvider(  741): received SIM realted action: 

D/StatusBar.NetworkController( 2668): refreshViews: Data not connected!! Set no data type icon / Roaming

D/Telephony( 3083): PstnPhoneCapabilitiesNotifier: handleVideoCapabilitesChanged. Video capability - false

D/PPDaemon( 3795): CABL version 2.0.20140905

D/PPDaemon( 3795): isHDMIPrimary: HDMI is not primary display

E/PPDaemon( 3795): Unable to open fb type file  err:  No such file or directory

E/PPDaemon( 3795): Unable to open fb type file  err:  No such file or directory

E/PPDaemon( 3795): void openPrimaryFrameBuffer(DaemonContext&): Cannot locate the primary framebuffer

D/GpsLocationProvider(  741): SIM MCC/MNC is available: 46004

D/GpsLocationProvider(  741): Reset GPS properties, previous size = 16

D/GpsLocationProvider(  741): GpsParamsResource: SUPL_HOST=supl.google.com

D/GpsLocationProvider(  741): GpsParamsResource: SUPL_PORT=7275

D/GpsLocationProvider(  741): GpsParamsResource: NTP_SERVER=north-america.pool.ntp.org

D/GpsLocationProvider(  741): GpsParamsResource: SUPL_VER=0x20000

D/GpsLocationProvider(  741): GpsParamsResource: SUPL_MODE=1

D/StatusBar.NetworkController( 2668): refreshViews: Data not connected!! Set no data type icon / Roaming

D/StatusBar.NetworkController( 2668): refreshViews: Data not connected!! Set no data type icon / Roaming

D/GpsLocationProvider(  741): GPS properties reloaded, size = 16

D/PhoneStatusBarPolicy( 2668): updateSimState for subId :1

I/main    ( 3806): type=1400 audit(0.0:19): avc: denied { getopt } for scontext=u:r:untrusted_app:s0 tcontext=u:r:zygote:s0 tclass=netlink_selinux_socket permissive=1

D/GpsLocationProvider(  741): GPS configuration:

D/GpsLocationProvider(  741):  #Fri Jan 04 10:00:20 GMT+08:00 2019

D/GpsLocationProvider(  741): SUPL_HOST=supl.google.com

D/GpsLocationProvider(  741): SUPL_PORT=7275

D/GpsLocationProvider(  741): XTRA_VERSION_CHECK=0

D/GpsLocationProvider(  741): DEBUG_LEVEL=3

D/GpsLocationProvider(  741): SUPL_ES=1

D/GpsLocationProvider(  741): NMEA_PROVIDER=0

D/GpsLocationProvider(  741): CAPABILITIES=0x31

D/GpsLocationProvider(  741): SUPL_VER=0x10000

D/GpsLocationProvider(  741): ERR_ESTIMATE=0

D/GpsLocationProvider(  741): A_GLONASS_POS_PROTOCOL_SELECT=0

D/GpsLocationProvider(  741): INTERMEDIATE_POS=0

D/GpsLocationProvider(  741): SGLTE_TARGET=0

D/GpsLocationProvider(  741): LPP_PROFILE=3

D/GpsLocationProvider(  741): USE_EMERGENCY_PDN_FOR_EMERGENCY_SUPL=1

D/GpsLocationProvider(  741): NTP_SERVER=time.gpsonextra.net

D/GpsLocationProvider(  741): SUPL_MODE=1

D/GpsLocationProvider(  741): final config = #Fri Jan 04 10:00:20 GMT+08:00 2019

D/GpsLocationProvider(  741): SUPL_HOST=supl.google.com

D/GpsLocationProvider(  741): SUPL_PORT=7275

D/GpsLocationProvider(  741): XTRA_VERSION_CHECK=0

D/GpsLocationProvider(  741): DEBUG_LEVEL=3

D/GpsLocationProvider(  741): SUPL_ES=1

D/GpsLocationProvider(  741): NMEA_PROVIDER=0

D/GpsLocationProvider(  741): CAPABILITIES=0x31

D/GpsLocationProvider(  741): SUPL_VER=0x10000

D/GpsLocationProvider(  741): ERR_ESTIMATE=0

D/GpsLocationProvider(  741): A_GLONASS_POS_PROTOCOL_SELECT=0

D/GpsLocationProvider(  741): INTERMEDIATE_POS=0

D/GpsLocationProvider(  741): SGLTE_TARGET=0

D/GpsLocationProvider(  741): LPP_PROFILE=3

D/GpsLocationProvider(  741): USE_EMERGENCY_PDN_FOR_EMERGENCY_SUPL=1

D/GpsLocationProvider(  741): NTP_SERVER=time.gpsonextra.net

D/GpsLocationProvider(  741): SUPL_MODE=1

D/PhoneStatusBarPolicy( 2668): updateSimState for phoneId :0

D/PhoneStatusBarPolicy( 2668): updateSimState for Slot :0

D/StatusBar.NetworkController( 2668): refreshViews: Data not connected!! Set no data type icon / Roaming

I/ActivityManager(  741): Start proc 3806:com.qualcomm.qti.calendarwidget/u0a14 for broadcast com.qualcomm.qti.calendarwidget/.CalendarWidget

D/StatusBar.NetworkController( 2668): refreshViews: Data not connected!! Set no data type icon / Roaming

D/StatusBar.NetworkController( 2668): refreshViews: Data not connected!! Set no data type icon / Roaming

D/StatusBar.NetworkController( 2668): refreshViews: Data not connected!! Set no data type icon / Roaming

D/AlarmManagerService(  741): Setting time of day to sec=1546567220

D/CallNotifier( 3083): onMwiChanged(): false phoneId = 0

D/CallNotifier( 3083): onCfiChanged(): false

D/StatusBar.NetworkController( 2668): refreshViews: Data not connected!! Set no data type icon / Roaming

I/Telephony( 3083): PstnIncomingCallNotifier: Unregistering: Handler (com.android.internal.telephony.gsm.GSMPhone) {30c77487}

D/Telephony( 3083): PstnPhoneCapabilitiesNotifier: Unregistering: Handler (com.android.internal.telephony.gsm.GSMPhone) {30c77487}

D/Telephony( 3083): TelecomAccountRegistry: Found 1 phones.  Attempting to register.

D/Telephony( 3083): TelecomAccountRegistry: Phone with subscription id 1

I/ActivityManager(  741): Start proc 3827:com.qualcomm.timeservice/1000 for broadcast com.qualcomm.timeservice/.TimeServiceBroadcastReceiver

D/Telephony( 3083): AccountEntry: Registered phoneAccount: [PhoneAccount: ComponentInfo{com.android.phone/com.android.services.telephony.TelephonyConnectionService}, [356a192b7913b04c54574d18c28d46e6395428ab], UserHandle{0} Capabilities: 54 Schemes: tel voicemail ] with handle: ComponentInfo{com.android.phone/com.android.services.telephony.TelephonyConnectionService}, [356a192b7913b04c54574d18c28d46e6395428ab], UserHandle{0}

I/Telephony( 3083): PstnIncomingCallNotifier: Registering: Handler (com.android.internal.telephony.gsm.GSMPhone) {30c77487}

I/ActivityManager(  741): Start proc 3844:com.android.providers.calendar/u0a1 for content provider com.android.providers.calendar/.CalendarProvider2

I/art     (  274): Explicit concurrent mark sweep GC freed 706(30KB) AllocSpace objects, 0(0B) LOS objects, 91% free, 96KB/1120KB, paused 212us total 22.519ms

I/ServiceManager(  281): Waiting for service AtCmdFwd...

I/art     (  274): Explicit concurrent mark sweep GC freed 5(160B) AllocSpace objects, 0(0B) LOS objects, 91% free, 96KB/1120KB, paused 200us total 16.421ms

I/art     (  274): Explicit concurrent mark sweep GC freed 5(160B) AllocSpace objects, 0(0B) LOS objects, 91% free, 96KB/1120KB, paused 202us total 15.805ms

E/QC-QMI  (  425): qmi_qmux_open_connection: connection is disabled for conn_id=29

E/QC-QMI  (  425): qmi_qmux_tx_msg: failed to open inactive connd_id=29

E/QC-QMI  (  425): qmi_qmux: TX failed, connection inactive or in reset, conn_id=29, status_flags=4

E/QC-QMI  (  425): qmi_ctl_tx_msg: qmi_qmux_tx_msg failed

E/QC-QMI  (  425): qmi_ctl_handle_request: qmi_ctl_tx_msg call failed

E/QC-QMI  (  425): qmi_qmux_open_connection: connection is disabled for conn_id=29

E/QC-QMI  (  425): qmi_qmux_tx_msg: failed to open inactive connd_id=29

E/QC-QMI  (  425): qmi_qmux: TX failed, connection inactive or in reset, conn_id=29, status_flags=4

E/QC-QMI  (  425): qmi_ctl_tx_msg: qmi_qmux_tx_msg failed

E/QC-QMI  (  425): qmi_ctl_handle_request: qmi_ctl_tx_msg call failed

E/QC-QMI  (  425): qmi_qmux_open_connection: connection is disabled for conn_id=48

E/QC-QMI  (  425): qmi_qmux_tx_msg: failed to open inactive connd_id=48

E/QC-QMI  (  425): qmi_qmux: TX failed, connection inactive or in reset, conn_id=48, status_flags=4

E/QC-QMI  (  425): qmi_ctl_tx_msg: qmi_qmux_tx_msg failed

E/QC-QMI  (  425): qmi_ctl_handle_request: qmi_ctl_tx_msg call failed

E/QC-QMI  (  425): qmi_qmux_open_connection: connection is disabled for conn_id=48

E/QC-QMI  (  425): qmi_qmux_tx_msg: failed to open inactive connd_id=48

E/QC-QMI  (  425): qmi_qmux: TX failed, connection inactive or in reset, conn_id=48, status_flags=4

E/QC-QMI  (  425): qmi_ctl_tx_msg: qmi_qmux_tx_msg failed

E/QC-QMI  (  425): qmi_ctl_handle_request: qmi_ctl_tx_msg call failed

E/QC-QMI  (  425): qmi_qmux_open_connection: connection is disabled for conn_id=57

E/QC-QMI  (  425): qmi_qmux_tx_msg: failed to open inactive connd_id=57

E/QC-QMI  (  425): qmi_qmux: TX failed, connection inactive or in reset, conn_id=57, status_flags=4

E/QC-QMI  (  425): qmi_ctl_tx_msg: qmi_qmux_tx_msg failed

E/QC-QMI  (  425): qmi_ctl_handle_request: qmi_ctl_tx_msg call failed

E/QC-QMI  (  425): qmi_qmux_open_connection: connection is disabled for conn_id=57

E/QC-QMI  (  425): qmi_qmux_tx_msg: failed to open inactive connd_id=57

E/QC-QMI  (  425): qmi_qmux: TX failed, connection inactive or in reset, conn_id=57, status_flags=4

E/QC-QMI  (  425): qmi_ctl_tx_msg: qmi_qmux_tx_msg failed

E/QC-QMI  (  425): qmi_ctl_handle_request: qmi_ctl_tx_msg call failed

E/QC-QMI  (  425): qmi_qmux_open_connection: connection is disabled for conn_id=29

E/QC-QMI  (  425): qmi_qmux_tx_msg: failed to open inactive connd_id=29

E/QC-QMI  (  425): qmi_qmux: TX failed, connection inactive or in reset, conn_id=29, status_flags=4

E/QC-QMI  (  425): qmi_ctl_tx_msg: qmi_qmux_tx_msg failed

E/QC-QMI  (  425): qmi_ctl_handle_request: qmi_ctl_tx_msg call failed

E/QC-QMI  (  425): qmi_qmux_open_connection: connection is disabled for conn_id=29

E/QC-QMI  (  425): qmi_qmux_tx_msg: failed to open inactive connd_id=29

E/QC-QMI  (  425): qmi_qmux: TX failed, connection inactive or in reset, conn_id=29, status_flags=4

E/QC-QMI  (  425): qmi_ctl_tx_msg: qmi_qmux_tx_msg failed

E/QC-QMI  (  425): qmi_ctl_handle_request: qmi_ctl_tx_msg call failed

E/QC-QMI  (  425): qmi_qmux_open_connection: connection is disabled for conn_id=48

E/QC-QMI  (  425): qmi_qmux_tx_msg: failed to open inactive connd_id=48

E/QC-QMI  (  425): qmi_qmux: TX failed, connection inactive or in reset, conn_id=48, status_flags=4

E/QC-QMI  (  425): qmi_ctl_tx_msg: qmi_qmux_tx_msg failed

E/QC-QMI  (  425): qmi_ctl_handle_request: qmi_ctl_tx_msg call failed

E/QC-QMI  (  425): qmi_qmux_open_connection: connection is disabled for conn_id=48

E/QC-QMI  (  425): qmi_qmux_tx_msg: failed to open inactive connd_id=48

E/QC-QMI  (  425): qmi_qmux: TX failed, connection inactive or in reset, conn_id=48, status_flags=4

E/QC-QMI  (  425): qmi_ctl_tx_msg: qmi_qmux_tx_msg failed

E/QC-QMI  (  425): qmi_ctl_handle_request: qmi_ctl_tx_msg call failed

E/QC-QMI  (  425): qmi_qmux_open_connection: connection is disabled for conn_id=57

E/QC-QMI  (  425): qmi_qmux_tx_msg: failed to open inactive connd_id=57

E/QC-QMI  (  425): qmi_qmux: TX failed, connection inactive or in reset, conn_id=57, status_flags=4

E/QC-QMI  (  425): qmi_ctl_tx_msg: qmi_qmux_tx_msg failed

E/QC-QMI  (  425): qmi_ctl_handle_request: qmi_ctl_tx_msg call failed

E/QC-QMI  (  425): qmi_qmux_open_connection: connection is disabled for conn_id=57

E/QC-QMI  (  425): qmi_qmux_tx_msg: failed to open inactive connd_id=57

E/QC-QMI  (  425): qmi_qmux: TX failed, connection inactive or in reset, conn_id=57, status_flags=4

E/QC-QMI  (  425): qmi_ctl_tx_msg: qmi_qmux_tx_msg failed

E/QC-QMI  (  425): qmi_ctl_handle_request: qmi_ctl_tx_msg call failed

E/QC-QMI  (  425): qmi_qmux_open_connection: connection is disabled for conn_id=29

E/QC-QMI  (  425): qmi_qmux_tx_msg: failed to open inactive connd_id=29

E/QC-QMI  (  425): qmi_qmux: TX failed, connection inactive or in reset, conn_id=29, status_flags=4

E/QC-QMI  (  425): qmi_ctl_tx_msg: qmi_qmux_tx_msg failed

E/QC-QMI  (  425): qmi_ctl_handle_request: qmi_ctl_tx_msg call failed

E/QC-QMI  (  425): qmi_qmux_open_connection: connection is disabled for conn_id=29

E/QC-QMI  (  425): qmi_qmux_tx_msg: failed to open inactive connd_id=29

E/QC-QMI  (  425): qmi_qmux: TX failed, connection inactive or in reset, conn_id=29, status_flags=4

